{"id":707184,"date":"2025-08-27T16:02:59","date_gmt":"2025-08-27T13:02:59","guid":{"rendered":"https:\/\/roveyayinevi.com.tr\/index.php\/urun\/dogumdan-alti-yasina-kadar-cocukta-gorulen-davranislar-ve-egitimi\/"},"modified":"2026-04-16T02:15:45","modified_gmt":"2026-04-15T23:15:45","slug":"dogumdan-alti-yasina-kadar-cocukta-gorulen-davranislar-ve-egitimi","status":"publish","type":"product","link":"https:\/\/roveyayinevi.com.tr\/index.php\/urun\/dogumdan-alti-yasina-kadar-cocukta-gorulen-davranislar-ve-egitimi\/","title":{"rendered":"Do\u011fumdan Alt\u0131 Ya\u015f\u0131na Kadar \u00c7ocukta G\u00f6r\u00fclen Davran\u0131\u015flar ve E\u011fitimi"},"content":{"rendered":"<p>\u201c\u0130lim be\u015fikte ba\u015flar \u00f6l\u00fcnceye kadar devam eder\u2026\u201d Bu s\u00f6z e\u011fitimin \u00f6nemini anlatan g\u00fczel bir uyarand\u0131r. Toplumda yanl\u0131\u015f, olumsuz ve istenmeyen davran\u0131\u015flar g\u00f6r\u00fcnce, e\u011fitim k\u00f6t\u00fclenmeye ba\u015flan\u0131r. Bu atas\u00f6z\u00fcm\u00fcz\u00fc irdelersek, insan e\u011fitiminin do\u011fumla ba\u015flamas\u0131 gerekti\u011fini anlar\u0131z. Bilgili ve k\u00fclt\u00fcrl\u00fc olma ad\u0131na da \u00f6l\u00fcnceye kadar e\u011fitimin faturas\u0131 \u00f6\u011fretmene ve okula \u00e7\u0131kar\u0131l\u0131r. Anne-baba olarak sorumlu de\u011filmi\u015fiz gibi kendimizi g\u00f6zard\u0131 ederek davran\u0131r ve konu\u015furuz. \u00c7ocu\u011fun e\u011fitiminde aile, okul ve \u00e7evre i\u015fbirli\u011fiyle ba\u015far\u0131ya ula\u015fabilece\u011fini ve gere\u011fini yapmak i\u00e7in de sorumlu oldu\u011fumuzu unutmamal\u0131y\u0131z.\ufffc<\/p>\n","protected":false},"excerpt":{"rendered":"<p>\u201c\u0130lim be\u015fikte ba\u015flar \u00f6l\u00fcnceye kadar devam eder\u2026\u201d Bu s\u00f6z e\u011fitimin \u00f6nemini anlatan g\u00fczel bir uyarand\u0131r. Toplumda yanl\u0131\u015f, olumsuz ve istenmeyen davran\u0131\u015flar g\u00f6r\u00fcnce, e\u011fitim k\u00f6t\u00fclenmeye ba\u015flan\u0131r. Bu<span class=\"excerpt-hellip\"> [\u2026]<\/span><\/p>\n","protected":false},"featured_media":0,"template":"","meta":{"_monsterinsights_skip_tracking":false,"_monsterinsights_sitenote_active":false,"_monsterinsights_sitenote_note":"","_monsterinsights_sitenote_category":0},"product_brand":[],"product_cat":[12679,12357],"product_tag":[],"class_list":{"0":"post-707184","1":"product","2":"type-product","3":"status-publish","5":"product_cat-cocuk-psikolojisi","6":"product_cat-psikoloji","7":"pa_cilt-ciltsiz","8":"pa_tur-kitap","9":"pa_yayinevi-karinca-yayinlari","10":"pa_yazar-nurettin-tatar","12":"first","13":"instock","14":"sale","15":"shipping-taxable","16":"purchasable","17":"product-type-simple"},"_links":{"self":[{"href":"https:\/\/roveyayinevi.com.tr\/index.php\/wp-json\/wp\/v2\/product\/707184","targetHints":{"allow":["GET"]}}],"collection":[{"href":"https:\/\/roveyayinevi.com.tr\/index.php\/wp-json\/wp\/v2\/product"}],"about":[{"href":"https:\/\/roveyayinevi.com.tr\/index.php\/wp-json\/wp\/v2\/types\/product"}],"wp:attachment":[{"href":"https:\/\/roveyayinevi.com.tr\/index.php\/wp-json\/wp\/v2\/media?parent=707184"}],"wp:term":[{"taxonomy":"product_brand","embeddable":true,"href":"https:\/\/roveyayinevi.com.tr\/index.php\/wp-json\/wp\/v2\/product_brand?post=707184"},{"taxonomy":"product_cat","embeddable":true,"href":"https:\/\/roveyayinevi.com.tr\/index.php\/wp-json\/wp\/v2\/product_cat?post=707184"},{"taxonomy":"product_tag","embeddable":true,"href":"https:\/\/roveyayinevi.com.tr\/index.php\/wp-json\/wp\/v2\/product_tag?post=707184"}],"curies":[{"name":"wp","href":"https:\/\/api.w.org\/{rel}","templated":true}]}}