{"id":707177,"date":"2025-08-27T16:02:56","date_gmt":"2025-08-27T13:02:56","guid":{"rendered":"https:\/\/roveyayinevi.com.tr\/index.php\/urun\/ataturk-modernizm-ve-din\/"},"modified":"2026-04-16T02:15:45","modified_gmt":"2026-04-15T23:15:45","slug":"ataturk-modernizm-ve-din","status":"publish","type":"product","link":"https:\/\/roveyayinevi.com.tr\/index.php\/urun\/ataturk-modernizm-ve-din\/","title":{"rendered":"Atat\u00fcrk Modernizm ve Din"},"content":{"rendered":"<p>Atat\u00fcrk, Modernizm ve Din, bir taraftan Atat\u00fcrk ve din konusundaki temel ger\u00e7ekleri, di\u011fer taraftan Osmanl\u0131\u2019dan Cumhuriyet\u2019e T\u00fcrk modernle\u015fmesini ve bu s\u00fcre\u00e7te din ve devlet ili\u015fkilerini g\u00f6zler \u00f6n\u00fcne seren bilimsel bir \u00e7al\u0131\u015fmad\u0131r.Atat\u00fcrk ailesinden ve \u00e7evresinden nas\u0131l bir din k\u00fclt\u00fcr\u00fc alm\u0131\u015ft\u0131r? Atat\u00fcrk\u2019\u00fcn dini bilgilerinin bilinmeyen kaynaklar\u0131 nelerdir? Atat\u00fcrk din konusunda Yeni Osmanl\u0131lar, J\u00f6n T\u00fcrkler ve \u0130ttihat\u00e7\u0131lardan nas\u0131l etkilenmi\u015ftir? Atat\u00fcrk\u2019\u00fcn Alevilik, Mevlevilik ve Bekta\u015filikle nas\u0131l bir ili\u015fkisi vard\u0131r? Atat\u00fcrk\u2019\u00fcn materyalizm, pozitivizm, sosyalizm ve Darvinizm\u2019le ili\u015fkisi nedir? Atat\u00fcrk\u2019\u00fcn \u2013baz\u0131lar\u0131 ilk kez yay\u0131mlanan\u2013 din ve \u0130slam ele\u015ftirileri nelerdir? Atat\u00fcrk\u2019\u00fcn Kurtulu\u015f Sava\u015f\u0131 y\u0131llar\u0131ndaki \u201c\u0130slami Me\u015fruiyet Politikas\u0131\u201dn\u0131n bilinmeyenleri nelerdir? Atat\u00fcrk modernle\u015fmesi ile Osmanl\u0131 Bat\u0131l\u0131la\u015fmas\u0131 aras\u0131nda nas\u0131l bir ili\u015fki vard\u0131r? Atat\u00fcrk\u2019\u00fcn dinde T\u00fcrk\u00e7ele\u015ftirme hareketinin nedenleri nelerdir? Atat\u00fcrk\u2019\u00fcn dinlere bak\u0131\u015f\u0131 nas\u0131ld\u0131r? Atat\u00fcrk\u2019\u00fcn Kur\u2019an\u2019a bak\u0131\u015f\u0131 nas\u0131ld\u0131r? Atat\u00fcrk\u2019\u00fcn d\u00f6rt halifeye, Muaviye\u2019ye, Hz. Muhammed\u2019e ve halifeli\u011fe bak\u0131\u015f\u0131 nas\u0131ld\u0131r? Atat\u00fcrk\u2019\u00fcn \u201cilk din\u201d, \u201cnamaz\u201d, \u201ccami\u201d konular\u0131ndaki bilinmeyen ara\u015ft\u0131rmalar\u0131 nelerdir? Atat\u00fcrk\u2019\u00fcn laiklik anlay\u0131\u015f\u0131n\u0131n temel \u00f6zellikleri nelerdir? Atat\u00fcrk\u2019\u00fcn tarih ve dil \u00e7al\u0131\u015fmalar\u0131n\u0131n temel \u00f6zellikleri nelerdir? Atat\u00fcrk\u2019\u00fcn Osmanl\u0131\u2019ya bak\u0131\u015f\u0131 nas\u0131ld\u0131r?Atat\u00fcrk\u2019e y\u00f6nelik \u201cdin d\u00fc\u015fman\u0131\u201d su\u00e7lamalar\u0131n\u0131n temel kaynaklar\u0131 durumundaki R\u0131za Nur, Said-i Nursi ve K\u00e2z\u0131m Karabekir\u2019in iddialar\u0131 ve ger\u00e7ekler nelerdir?<\/p>\n","protected":false},"excerpt":{"rendered":"<p>Atat\u00fcrk, Modernizm ve Din, bir taraftan Atat\u00fcrk ve din konusundaki temel ger\u00e7ekleri, di\u011fer taraftan Osmanl\u0131\u2019dan Cumhuriyet\u2019e T\u00fcrk modernle\u015fmesini ve bu s\u00fcre\u00e7te din ve devlet ili\u015fkilerini g\u00f6zler<span class=\"excerpt-hellip\"> [\u2026]<\/span><\/p>\n","protected":false},"featured_media":0,"template":"","meta":{"_monsterinsights_skip_tracking":false,"_monsterinsights_sitenote_active":false,"_monsterinsights_sitenote_note":"","_monsterinsights_sitenote_category":0},"product_brand":[],"product_cat":[12530,12304],"product_tag":[],"class_list":{"0":"post-707177","1":"product","2":"type-product","3":"status-publish","5":"product_cat-mustafa-kemal-ataturk","6":"product_cat-tarih","7":"pa_cilt-ciltsiz","8":"pa_tur-kitap","9":"pa_yayinevi-inkilap-kitabevi","10":"pa_yazar-sinan-meydan","12":"first","13":"instock","14":"sale","15":"shipping-taxable","16":"purchasable","17":"product-type-simple"},"_links":{"self":[{"href":"https:\/\/roveyayinevi.com.tr\/index.php\/wp-json\/wp\/v2\/product\/707177","targetHints":{"allow":["GET"]}}],"collection":[{"href":"https:\/\/roveyayinevi.com.tr\/index.php\/wp-json\/wp\/v2\/product"}],"about":[{"href":"https:\/\/roveyayinevi.com.tr\/index.php\/wp-json\/wp\/v2\/types\/product"}],"wp:attachment":[{"href":"https:\/\/roveyayinevi.com.tr\/index.php\/wp-json\/wp\/v2\/media?parent=707177"}],"wp:term":[{"taxonomy":"product_brand","embeddable":true,"href":"https:\/\/roveyayinevi.com.tr\/index.php\/wp-json\/wp\/v2\/product_brand?post=707177"},{"taxonomy":"product_cat","embeddable":true,"href":"https:\/\/roveyayinevi.com.tr\/index.php\/wp-json\/wp\/v2\/product_cat?post=707177"},{"taxonomy":"product_tag","embeddable":true,"href":"https:\/\/roveyayinevi.com.tr\/index.php\/wp-json\/wp\/v2\/product_tag?post=707177"}],"curies":[{"name":"wp","href":"https:\/\/api.w.org\/{rel}","templated":true}]}}