{"id":707148,"date":"2025-08-27T16:02:43","date_gmt":"2025-08-27T13:02:43","guid":{"rendered":"https:\/\/roveyayinevi.com.tr\/index.php\/urun\/her-seye-ragmen\/"},"modified":"2026-04-16T02:15:44","modified_gmt":"2026-04-15T23:15:44","slug":"her-seye-ragmen","status":"publish","type":"product","link":"https:\/\/roveyayinevi.com.tr\/index.php\/urun\/her-seye-ragmen\/","title":{"rendered":"Her \u015eeye Ra\u011fmen"},"content":{"rendered":"<p>\u201cA\u015fk sadece, a\u015fka inanan \u00e2\u015f\u0131klara yak\u0131\u015f\u0131r\u2026\u201d\u201cBak! Bu g\u00f6zlerde benimNe ihanetler g\u00f6rd\u00fc y\u0131llarcaUykuya hasret gecelerdeUmut dolu sabahlara uyand\u0131Yine o kalem ile\u2026\u201d\u201cYaln\u0131zl\u0131\u011f\u0131n \u00fczerime kilitledi\u011fi zincirleri k\u0131ramamaktan korkuyorum\u2026\u201d\u201cY\u0131llarca ba\u015fkalar\u0131 i\u00e7in ya\u015famaktan kendime ge\u00e7 kald\u0131m\u2026\u201d\u201cG\u00f6r\u00fcyorum da sana bensizlik yaramam\u0131\u015fOysa ne yak\u0131\u015f\u0131rd\u0131Sana beni sevmek\u2026\u201d<\/p>\n","protected":false},"excerpt":{"rendered":"<p>\u201cA\u015fk sadece, a\u015fka inanan \u00e2\u015f\u0131klara yak\u0131\u015f\u0131r\u2026\u201d\u201cBak! Bu g\u00f6zlerde benimNe ihanetler g\u00f6rd\u00fc y\u0131llarcaUykuya hasret gecelerdeUmut dolu sabahlara uyand\u0131Yine o kalem ile\u2026\u201d\u201cYaln\u0131zl\u0131\u011f\u0131n \u00fczerime kilitledi\u011fi zincirleri k\u0131ramamaktan korkuyorum\u2026\u201d\u201cY\u0131llarca ba\u015fkalar\u0131<span class=\"excerpt-hellip\"> [\u2026]<\/span><\/p>\n","protected":false},"featured_media":0,"template":"","meta":{"_monsterinsights_skip_tracking":false,"_monsterinsights_sitenote_active":false,"_monsterinsights_sitenote_note":"","_monsterinsights_sitenote_category":0},"product_brand":[],"product_cat":[12291,12509],"product_tag":[],"class_list":{"0":"post-707148","1":"product","2":"type-product","3":"status-publish","5":"product_cat-edebiyat","6":"product_cat-siir","7":"pa_cilt-ciltsiz","8":"pa_tur-kitap","9":"pa_yayinevi-herdem-kitap","10":"pa_yazar-erhan-caglar","12":"first","13":"instock","14":"sale","15":"shipping-taxable","16":"purchasable","17":"product-type-simple"},"_links":{"self":[{"href":"https:\/\/roveyayinevi.com.tr\/index.php\/wp-json\/wp\/v2\/product\/707148","targetHints":{"allow":["GET"]}}],"collection":[{"href":"https:\/\/roveyayinevi.com.tr\/index.php\/wp-json\/wp\/v2\/product"}],"about":[{"href":"https:\/\/roveyayinevi.com.tr\/index.php\/wp-json\/wp\/v2\/types\/product"}],"wp:attachment":[{"href":"https:\/\/roveyayinevi.com.tr\/index.php\/wp-json\/wp\/v2\/media?parent=707148"}],"wp:term":[{"taxonomy":"product_brand","embeddable":true,"href":"https:\/\/roveyayinevi.com.tr\/index.php\/wp-json\/wp\/v2\/product_brand?post=707148"},{"taxonomy":"product_cat","embeddable":true,"href":"https:\/\/roveyayinevi.com.tr\/index.php\/wp-json\/wp\/v2\/product_cat?post=707148"},{"taxonomy":"product_tag","embeddable":true,"href":"https:\/\/roveyayinevi.com.tr\/index.php\/wp-json\/wp\/v2\/product_tag?post=707148"}],"curies":[{"name":"wp","href":"https:\/\/api.w.org\/{rel}","templated":true}]}}