{"id":707132,"date":"2025-08-27T16:02:36","date_gmt":"2025-08-27T13:02:36","guid":{"rendered":"https:\/\/roveyayinevi.com.tr\/index.php\/urun\/bitlerimi-geri-verin\/"},"modified":"2026-04-03T02:21:09","modified_gmt":"2026-04-02T23:21:09","slug":"bitlerimi-geri-verin","status":"publish","type":"product","link":"https:\/\/roveyayinevi.com.tr\/index.php\/urun\/bitlerimi-geri-verin\/","title":{"rendered":"Bitlerimi Geri Verin!"},"content":{"rendered":"<p>\u00c7ocuklar\u0131n e\u011flencesi bit-mez.Uluslararas\u0131 \u00fcne sahip Frans\u0131z sanat\u00e7\u0131 Pierre Elie Ferrier, k\u00fc\u00e7\u00fckler i\u00e7in yaz\u0131p resimledi\u011fi kitab\u0131yla ilk kez T\u00fck\u00e7e\u2019de! Yaln\u0131zl\u0131ktan can\u0131 s\u0131k\u0131lan bir \u00e7ocu\u011fun bitlerle kurdu\u011fu fantastik arkada\u015fl\u0131\u011f\u0131 anlatan yazar, steril kent ya\u015fam\u0131na mizah dolu bir yakla\u015f\u0131mla e\u011filiyor. \u00c7ocuklar\u0131n bak\u0131\u015f a\u00e7\u0131s\u0131ndan her \u015feyin e\u011flenceli bir macera olabilece\u011fini \u00f6zg\u00fcn bir dille \u00f6yk\u00fcle\u015ftiren kitap, renkli resimleri ve s\u00f6zc\u00fck oyunlar\u0131yla da okumay\u0131 keyfe d\u00f6n\u00fc\u015ft\u00fcr\u00fcyor.\u201cYeni Efendiler\u201d sitesinin se\u00e7kin ailelerinden birinin o\u011fluydu. Oturduklar\u0131 l\u00fcks dairenin bol penceresi, acayip modern bir g\u00fcvenlik sistemi, iki televizyonu, uzaktan kumandal\u0131 bir s\u00fcr\u00fc ara\u00e7 gereci vard\u0131. Ama ailesi ge\u00e7 saatlere kadar \u00e7al\u0131\u015ft\u0131\u011f\u0131 i\u00e7in, Anton evde tek ba\u015f\u0131na \u00e7ok s\u0131k\u0131l\u0131yordu. G\u00fcn\u00fcn birinde kafas\u0131nda bir ka\u015f\u0131nt\u0131 hissetti. Bitlendi\u011fini ke\u015ffetti\u011fi an, ilgin\u00e7 bir maceran\u0131n i\u00e7inde buluverdi kendini\u2026<\/p>\n","protected":false},"excerpt":{"rendered":"<p>\u00c7ocuklar\u0131n e\u011flencesi bit-mez.Uluslararas\u0131 \u00fcne sahip Frans\u0131z sanat\u00e7\u0131 Pierre Elie Ferrier, k\u00fc\u00e7\u00fckler i\u00e7in yaz\u0131p resimledi\u011fi kitab\u0131yla ilk kez T\u00fck\u00e7e\u2019de! Yaln\u0131zl\u0131ktan can\u0131 s\u0131k\u0131lan bir \u00e7ocu\u011fun bitlerle kurdu\u011fu fantastik<span class=\"excerpt-hellip\"> [\u2026]<\/span><\/p>\n","protected":false},"featured_media":0,"template":"","meta":{"_monsterinsights_skip_tracking":false,"_monsterinsights_sitenote_active":false,"_monsterinsights_sitenote_note":"","_monsterinsights_sitenote_category":0},"product_brand":[],"product_cat":[12274,12284],"product_tag":[],"class_list":{"0":"post-707132","1":"product","2":"type-product","3":"status-publish","5":"product_cat-cocuk-ve-genclik-kitaplari","6":"product_cat-hikayeler","7":"pa_cilt-ciltsiz","8":"pa_tur-kitap","9":"pa_yayinevi-gunisigi-kitapligi","10":"pa_yazar-pierre-elie-ferrier","12":"first","13":"instock","14":"sale","15":"shipping-taxable","16":"purchasable","17":"product-type-simple"},"_links":{"self":[{"href":"https:\/\/roveyayinevi.com.tr\/index.php\/wp-json\/wp\/v2\/product\/707132","targetHints":{"allow":["GET"]}}],"collection":[{"href":"https:\/\/roveyayinevi.com.tr\/index.php\/wp-json\/wp\/v2\/product"}],"about":[{"href":"https:\/\/roveyayinevi.com.tr\/index.php\/wp-json\/wp\/v2\/types\/product"}],"wp:attachment":[{"href":"https:\/\/roveyayinevi.com.tr\/index.php\/wp-json\/wp\/v2\/media?parent=707132"}],"wp:term":[{"taxonomy":"product_brand","embeddable":true,"href":"https:\/\/roveyayinevi.com.tr\/index.php\/wp-json\/wp\/v2\/product_brand?post=707132"},{"taxonomy":"product_cat","embeddable":true,"href":"https:\/\/roveyayinevi.com.tr\/index.php\/wp-json\/wp\/v2\/product_cat?post=707132"},{"taxonomy":"product_tag","embeddable":true,"href":"https:\/\/roveyayinevi.com.tr\/index.php\/wp-json\/wp\/v2\/product_tag?post=707132"}],"curies":[{"name":"wp","href":"https:\/\/api.w.org\/{rel}","templated":true}]}}