{"id":707130,"date":"2025-08-27T16:02:35","date_gmt":"2025-08-27T13:02:35","guid":{"rendered":"https:\/\/roveyayinevi.com.tr\/index.php\/urun\/kuresel-vergi-rekabeti-ve-yansimalari\/"},"modified":"2026-04-16T02:15:44","modified_gmt":"2026-04-15T23:15:44","slug":"kuresel-vergi-rekabeti-ve-yansimalari","status":"publish","type":"product","link":"https:\/\/roveyayinevi.com.tr\/index.php\/urun\/kuresel-vergi-rekabeti-ve-yansimalari\/","title":{"rendered":"K\u00fcresel Vergi Rekabeti ve Yans\u0131malar\u0131"},"content":{"rendered":"<p>\u0130\u00e7indekilerK\u00fcreselle\u015fme S\u00fcrecinde \u0130zlenen Vergi Politikalar\u0131 ve Vergi RekabetiK\u00fcresel Vergi Rekabeti S\u00fcrecinde Do\u011frudan Yabanc\u0131 Sermaye Yat\u0131r\u0131mlar\u0131 ve EtkileriAvrupa Birli\u011fi ve T\u00fcrkiye\u2019de Vergi Rekabeti ve Do\u011frudan Yabanc\u0131 Sermaye Yat\u0131r\u0131mlar\u0131 Aras\u0131ndaki \u0130li\u015fkiDo\u011frudan Yabanc\u0131 Sermaye Yat\u0131r\u0131mlar\u0131 ve Vergi Rekabeti : Se\u00e7ilmi\u015f AB \u00dcyesi \u00dclkeler ve T\u00fcrkiye \u00dczerine Panel Veri Analizi <\/p>\n","protected":false},"excerpt":{"rendered":"<p>\u0130\u00e7indekilerK\u00fcreselle\u015fme S\u00fcrecinde \u0130zlenen Vergi Politikalar\u0131 ve Vergi RekabetiK\u00fcresel Vergi Rekabeti S\u00fcrecinde Do\u011frudan Yabanc\u0131 Sermaye Yat\u0131r\u0131mlar\u0131 ve EtkileriAvrupa Birli\u011fi ve T\u00fcrkiye\u2019de Vergi Rekabeti ve Do\u011frudan Yabanc\u0131 Sermaye<span class=\"excerpt-hellip\"> [\u2026]<\/span><\/p>\n","protected":false},"featured_media":0,"template":"","meta":{"_monsterinsights_skip_tracking":false,"_monsterinsights_sitenote_active":false,"_monsterinsights_sitenote_note":"","_monsterinsights_sitenote_category":0},"product_brand":[],"product_cat":[12573,12566],"product_tag":[],"class_list":{"0":"post-707130","1":"product","2":"type-product","3":"status-publish","5":"product_cat-akademik-kitaplar","6":"product_cat-egitim","7":"pa_cilt-ciltsiz","8":"pa_tur-kitap","9":"pa_yayinevi-gazi-kitabevi","10":"pa_yazar-sinan-cukurcayir","12":"first","13":"instock","14":"sale","15":"shipping-taxable","16":"purchasable","17":"product-type-simple"},"_links":{"self":[{"href":"https:\/\/roveyayinevi.com.tr\/index.php\/wp-json\/wp\/v2\/product\/707130","targetHints":{"allow":["GET"]}}],"collection":[{"href":"https:\/\/roveyayinevi.com.tr\/index.php\/wp-json\/wp\/v2\/product"}],"about":[{"href":"https:\/\/roveyayinevi.com.tr\/index.php\/wp-json\/wp\/v2\/types\/product"}],"wp:attachment":[{"href":"https:\/\/roveyayinevi.com.tr\/index.php\/wp-json\/wp\/v2\/media?parent=707130"}],"wp:term":[{"taxonomy":"product_brand","embeddable":true,"href":"https:\/\/roveyayinevi.com.tr\/index.php\/wp-json\/wp\/v2\/product_brand?post=707130"},{"taxonomy":"product_cat","embeddable":true,"href":"https:\/\/roveyayinevi.com.tr\/index.php\/wp-json\/wp\/v2\/product_cat?post=707130"},{"taxonomy":"product_tag","embeddable":true,"href":"https:\/\/roveyayinevi.com.tr\/index.php\/wp-json\/wp\/v2\/product_tag?post=707130"}],"curies":[{"name":"wp","href":"https:\/\/api.w.org\/{rel}","templated":true}]}}