{"id":707118,"date":"2025-08-27T16:02:29","date_gmt":"2025-08-27T13:02:29","guid":{"rendered":"https:\/\/roveyayinevi.com.tr\/index.php\/urun\/seruven-pesinde-20-deniz-kurdu\/"},"modified":"2026-04-16T02:15:44","modified_gmt":"2026-04-15T23:15:44","slug":"seruven-pesinde-20-deniz-kurdu","status":"publish","type":"product","link":"https:\/\/roveyayinevi.com.tr\/index.php\/urun\/seruven-pesinde-20-deniz-kurdu\/","title":{"rendered":"Ser\u00fcven Pe\u015finde 20 &#8211; Deniz Kurdu"},"content":{"rendered":"<p>Ser\u00fcven d\u00fc\u015fk\u00fcn\u00fc iki arkada\u015f, zaman i\u00e7inde savrulurlar. Kendilerini bir anda 16. y\u00fczy\u0131lda, a\u00e7\u0131k denizde s\u00fcr\u00fcklenip giden bir \u00f6l\u00fcm gemisinde bulurlar. Ka\u00e7abilenler, \u00e7oktan gemiyi terk edip gitmi\u015ftir. Kalanlarsa, tif\u00fcs salg\u0131n\u0131yla \u00f6l\u00fcp yitmi\u015ftir. \u015eimdi bu geminin t\u00fcm k\u00fcrek\u00e7ileri, iskeletlerdir. Pruva dire\u011fine as\u0131l\u0131p \u00f6l\u00fcme terk edilen kaptan\u0131ysa, \u015fu anda yaln\u0131zca bir korkuluk i\u015flevi g\u00f6rmektedir.Hi\u00e7bir liman onlar\u0131 almamakta, hi\u00e7bir gemi onlara yakla\u015fmamaktad\u0131r. Oysa \u00e7ok \u00f6nemli bir g\u00f6revle Fransa\u2019dan yola \u00e7\u0131kan bu geminin, mutlaka \u0130stanbul\u2019a varmas\u0131 gerekmektedir. \u0130stanbul\u2019a varmas\u0131, Muhte\u015fem S\u00fcleyman\u2019a yaz\u0131lan mektubun padi\u015faha ula\u015ft\u0131r\u0131lmas\u0131\u2026Kazan\u0131lacak muhte\u015fem bir zafer buna ba\u011fl\u0131d\u0131r. Aksi halde Osmanl\u0131lar i\u00e7in \u00fcst \u00fcste gelecek felaketler ka\u00e7\u0131n\u0131lmazd\u0131r.Ufakl\u0131k\u2019la Gizem bu g\u00f6revi \u00fcstlenirler. Bin bir tehlikenin i\u00e7inden s\u0131yr\u0131l\u0131p, bin bir g\u00fc\u00e7l\u00fc\u011f\u00fcn \u00fcstesinden gelirler. Osmanl\u0131n\u0131n muhte\u015fem y\u00fczy\u0131l\u0131nda, kazan\u0131lan muhte\u015fem bir zaferde pay sahibi olup, unutulmayacak an\u0131larla geri d\u00f6nerler.Siz de, bu soluk kesici ser\u00fcveni onlarla birlikte ya\u015famak istemez misiniz? O zaman daha ne bekliyorsunuz?Haydi \u00c7ocuklar, Ser\u00fcven Pe\u015fine!<\/p>\n","protected":false},"excerpt":{"rendered":"<p>Ser\u00fcven d\u00fc\u015fk\u00fcn\u00fc iki arkada\u015f, zaman i\u00e7inde savrulurlar. Kendilerini bir anda 16. y\u00fczy\u0131lda, a\u00e7\u0131k denizde s\u00fcr\u00fcklenip giden bir \u00f6l\u00fcm gemisinde bulurlar. Ka\u00e7abilenler, \u00e7oktan gemiyi terk edip gitmi\u015ftir.<span class=\"excerpt-hellip\"> [\u2026]<\/span><\/p>\n","protected":false},"featured_media":0,"template":"","meta":{"_monsterinsights_skip_tracking":false,"_monsterinsights_sitenote_active":false,"_monsterinsights_sitenote_note":"","_monsterinsights_sitenote_category":0},"product_brand":[],"product_cat":[12275,12274],"product_tag":[],"class_list":{"0":"post-707118","1":"product","2":"type-product","3":"status-publish","5":"product_cat-6-12-yas-kitaplari","6":"product_cat-cocuk-ve-genclik-kitaplari","7":"pa_cilt-ciltsiz","8":"pa_tur-kitap","9":"pa_yayinevi-genc-hayat","10":"pa_yazar-tuncel-altinkopru","12":"first","13":"instock","14":"sale","15":"shipping-taxable","16":"purchasable","17":"product-type-simple"},"_links":{"self":[{"href":"https:\/\/roveyayinevi.com.tr\/index.php\/wp-json\/wp\/v2\/product\/707118","targetHints":{"allow":["GET"]}}],"collection":[{"href":"https:\/\/roveyayinevi.com.tr\/index.php\/wp-json\/wp\/v2\/product"}],"about":[{"href":"https:\/\/roveyayinevi.com.tr\/index.php\/wp-json\/wp\/v2\/types\/product"}],"wp:attachment":[{"href":"https:\/\/roveyayinevi.com.tr\/index.php\/wp-json\/wp\/v2\/media?parent=707118"}],"wp:term":[{"taxonomy":"product_brand","embeddable":true,"href":"https:\/\/roveyayinevi.com.tr\/index.php\/wp-json\/wp\/v2\/product_brand?post=707118"},{"taxonomy":"product_cat","embeddable":true,"href":"https:\/\/roveyayinevi.com.tr\/index.php\/wp-json\/wp\/v2\/product_cat?post=707118"},{"taxonomy":"product_tag","embeddable":true,"href":"https:\/\/roveyayinevi.com.tr\/index.php\/wp-json\/wp\/v2\/product_tag?post=707118"}],"curies":[{"name":"wp","href":"https:\/\/api.w.org\/{rel}","templated":true}]}}