{"id":707106,"date":"2025-08-27T16:02:24","date_gmt":"2025-08-27T13:02:24","guid":{"rendered":"https:\/\/roveyayinevi.com.tr\/index.php\/urun\/engellilerde-spor-ve-siniflandirma\/"},"modified":"2026-04-16T02:15:43","modified_gmt":"2026-04-15T23:15:43","slug":"engellilerde-spor-ve-siniflandirma","status":"publish","type":"product","link":"https:\/\/roveyayinevi.com.tr\/index.php\/urun\/engellilerde-spor-ve-siniflandirma\/","title":{"rendered":"Engellilerde Spor ve S\u0131n\u0131fland\u0131rma"},"content":{"rendered":"<p>\u0130\u00e7indekiler1-Engellilerde Spor ve S\u0131n\u0131fland\u0131rma2-Bedensel Engellilerde Spor Bran\u015flar\u0131 ve S\u0131n\u0131fland\u0131rma3-G\u00f6rme Engellilerde Spor4-\u0130\u015fitme Engellilerde Spor5-Zihinsel Engellilerde Spor <\/p>\n","protected":false},"excerpt":{"rendered":"<p>\u0130\u00e7indekiler1-Engellilerde Spor ve S\u0131n\u0131fland\u0131rma2-Bedensel Engellilerde Spor Bran\u015flar\u0131 ve S\u0131n\u0131fland\u0131rma3-G\u00f6rme Engellilerde Spor4-\u0130\u015fitme Engellilerde Spor5-Zihinsel Engellilerde Spor<\/p>\n","protected":false},"featured_media":0,"template":"","meta":{"_monsterinsights_skip_tracking":false,"_monsterinsights_sitenote_active":false,"_monsterinsights_sitenote_note":"","_monsterinsights_sitenote_category":0},"product_brand":[],"product_cat":[12573,12566],"product_tag":[],"class_list":{"0":"post-707106","1":"product","2":"type-product","3":"status-publish","5":"product_cat-akademik-kitaplar","6":"product_cat-egitim","7":"pa_cilt-ciltsiz","8":"pa_tur-kitap","9":"pa_yayinevi-gazi-kitabevi","10":"pa_yazar-nevin-atalay-guzel","12":"first","13":"instock","14":"sale","15":"shipping-taxable","16":"purchasable","17":"product-type-simple"},"_links":{"self":[{"href":"https:\/\/roveyayinevi.com.tr\/index.php\/wp-json\/wp\/v2\/product\/707106","targetHints":{"allow":["GET"]}}],"collection":[{"href":"https:\/\/roveyayinevi.com.tr\/index.php\/wp-json\/wp\/v2\/product"}],"about":[{"href":"https:\/\/roveyayinevi.com.tr\/index.php\/wp-json\/wp\/v2\/types\/product"}],"wp:attachment":[{"href":"https:\/\/roveyayinevi.com.tr\/index.php\/wp-json\/wp\/v2\/media?parent=707106"}],"wp:term":[{"taxonomy":"product_brand","embeddable":true,"href":"https:\/\/roveyayinevi.com.tr\/index.php\/wp-json\/wp\/v2\/product_brand?post=707106"},{"taxonomy":"product_cat","embeddable":true,"href":"https:\/\/roveyayinevi.com.tr\/index.php\/wp-json\/wp\/v2\/product_cat?post=707106"},{"taxonomy":"product_tag","embeddable":true,"href":"https:\/\/roveyayinevi.com.tr\/index.php\/wp-json\/wp\/v2\/product_tag?post=707106"}],"curies":[{"name":"wp","href":"https:\/\/api.w.org\/{rel}","templated":true}]}}