{"id":707099,"date":"2025-08-27T16:02:21","date_gmt":"2025-08-27T13:02:21","guid":{"rendered":"https:\/\/roveyayinevi.com.tr\/index.php\/urun\/2012-2013-2014-ve-2015te-gayrimenkul-mevzuatinda-yapilan-onemli-duzenlemeler\/"},"modified":"2026-04-16T02:15:43","modified_gmt":"2026-04-15T23:15:43","slug":"2012-2013-2014-ve-2015te-gayrimenkul-mevzuatinda-yapilan-onemli-duzenlemeler","status":"publish","type":"product","link":"https:\/\/roveyayinevi.com.tr\/index.php\/urun\/2012-2013-2014-ve-2015te-gayrimenkul-mevzuatinda-yapilan-onemli-duzenlemeler\/","title":{"rendered":"2012-2013-2014 ve 2015\u2019te Gayrimenkul Mevzuat\u0131nda Yap\u0131lan \u00d6nemli D\u00fczenlemeler"},"content":{"rendered":"<p>1.2012-2013-2014 ve 2015\u2019te \u0130mar Kanunu ve \u0130lgili Mevzuatta Yap\u0131lan \u00d6nemli D\u00fczenlemeler2. 2012-2013-2014 ve 2015\u2019te \u0130skan Kanunu\u2019nda Yap\u0131lan \u00d6nemli D\u00fczenlemeler3. 2012-2013-2014 ve 2015\u2019te Kat M\u00fclkiyeti Kanunu\u2019nda Yap\u0131lan D\u00fczenleme4. 2012-2013-2014 ve 20115\u2019te Kamula\u015ft\u0131rma Kanunu\u2019nda Yap\u0131lan \u00d6nemli D\u00fczenlemeler5. 2012-2013-2014 ve 20151\u2019te Tapu Kanunu ve \u0130lgili Mevzuatta Yap\u0131lan \u00d6nemli D\u00fczenlemeler6. 2012-2013-2014 ve 2015\u2019te Kadastro Kanunu ve \u0130lgili Mevzuatta Yap\u0131lan \u00d6nemli D\u00fczenlemeler7.2012-2013-2014 ve 2015\u2019te Yap\u0131 Denetimi Hakk\u0131nda Kanun ve \u0130lgili Mevzuatta Yap\u0131lan \u00d6nemli D\u00fczenlemeler8.2012-2013-2014 ve 2015\u2019te Afet Riski Alt\u0131ndaki Alanlar\u0131n D\u00f6n\u00fc\u015ft\u00fcr\u00fclmesi Hakk\u0131nda Kanun ve \u0130lgili Mevzuatta Yap\u0131lan \u00d6nemli D\u00fczenlemeler9.2012-2013-2014 ve 2015\u2019te Emlak Vergisi Kanunu\u2019nda ve Konutlarda KDV Oran\u0131n\u0131n Tespitine \u0130li\u015fkin Yap\u0131lan D\u00fczenleme10.2012-2013-2014 ve 2015\u2019te Orman, Mera Kanunlar\u0131 ve \u0130lgili Mevzuatta Yap\u0131lan \u00d6nemli D\u00fczenlemler11.2012-2013-2014 ve 2015\u2019te Toprak Koruma ve Arazi Kullan\u0131m\u0131 Kanunu ve \u0130lgili Mevzuatta Yap\u0131lan \u00d6nemli D\u00fczenlemeler12.2012-2013-2014 ve 2015\u2019te Sermaye Piyasas\u0131 Kanunu ve \u0130lgili Mevzuatta Yap\u0131lan \u00d6nemli D\u00fczenlemeler13.2012-2013-2014 ve 2015\u2019te Gayrimenkul Mevzuat\u0131 ile \u0130lgili Yap\u0131lan Di\u011fer \u00d6nemli D\u00fczenlemeler <\/p>\n","protected":false},"excerpt":{"rendered":"<p>1.2012-2013-2014 ve 2015\u2019te \u0130mar Kanunu ve \u0130lgili Mevzuatta Yap\u0131lan \u00d6nemli D\u00fczenlemeler2. 2012-2013-2014 ve 2015\u2019te \u0130skan Kanunu\u2019nda Yap\u0131lan \u00d6nemli D\u00fczenlemeler3. 2012-2013-2014 ve 2015\u2019te Kat M\u00fclkiyeti Kanunu\u2019nda Yap\u0131lan<span class=\"excerpt-hellip\"> [\u2026]<\/span><\/p>\n","protected":false},"featured_media":0,"template":"","meta":{"_monsterinsights_skip_tracking":false,"_monsterinsights_sitenote_active":false,"_monsterinsights_sitenote_note":"","_monsterinsights_sitenote_category":0},"product_brand":[],"product_cat":[12573,12566],"product_tag":[],"class_list":{"0":"post-707099","1":"product","2":"type-product","3":"status-publish","5":"product_cat-akademik-kitaplar","6":"product_cat-egitim","7":"pa_cilt-ciltli","8":"pa_tur-kitap","9":"pa_yayinevi-gazi-kitabevi","10":"pa_yazar-osman-yuksel","12":"first","13":"instock","14":"sale","15":"shipping-taxable","16":"purchasable","17":"product-type-simple"},"_links":{"self":[{"href":"https:\/\/roveyayinevi.com.tr\/index.php\/wp-json\/wp\/v2\/product\/707099","targetHints":{"allow":["GET"]}}],"collection":[{"href":"https:\/\/roveyayinevi.com.tr\/index.php\/wp-json\/wp\/v2\/product"}],"about":[{"href":"https:\/\/roveyayinevi.com.tr\/index.php\/wp-json\/wp\/v2\/types\/product"}],"wp:attachment":[{"href":"https:\/\/roveyayinevi.com.tr\/index.php\/wp-json\/wp\/v2\/media?parent=707099"}],"wp:term":[{"taxonomy":"product_brand","embeddable":true,"href":"https:\/\/roveyayinevi.com.tr\/index.php\/wp-json\/wp\/v2\/product_brand?post=707099"},{"taxonomy":"product_cat","embeddable":true,"href":"https:\/\/roveyayinevi.com.tr\/index.php\/wp-json\/wp\/v2\/product_cat?post=707099"},{"taxonomy":"product_tag","embeddable":true,"href":"https:\/\/roveyayinevi.com.tr\/index.php\/wp-json\/wp\/v2\/product_tag?post=707099"}],"curies":[{"name":"wp","href":"https:\/\/api.w.org\/{rel}","templated":true}]}}