{"id":707072,"date":"2025-08-27T16:02:09","date_gmt":"2025-08-27T13:02:09","guid":{"rendered":"https:\/\/roveyayinevi.com.tr\/index.php\/urun\/asik-seref-tasliovanin-ezgi-repertuvari\/"},"modified":"2026-04-16T02:15:43","modified_gmt":"2026-04-15T23:15:43","slug":"asik-seref-tasliovanin-ezgi-repertuvari","status":"publish","type":"product","link":"https:\/\/roveyayinevi.com.tr\/index.php\/urun\/asik-seref-tasliovanin-ezgi-repertuvari\/","title":{"rendered":"A\u015f\u0131k \u015eeref Ta\u015fl\u0131ova&#8217;n\u0131n Ezgi Repertuvar\u0131"},"content":{"rendered":"<p>T\u00fcrk halk k\u00fclt\u00fcr\u00fc, halk bilimi alan\u0131nda baz\u0131 eserler vard\u0131r ki yaz\u0131lmas\u0131 \u00e7ok g\u00fc\u00e7t\u00fcr. A\u015f\u0131k fas\u0131llar\u0131, a\u015f\u0131k makamlar\u0131 \u00fczerindeki eserler gibi. \u00c7\u00fcnk\u00fc, bu eserleri yazmak i\u00e7in hem edebiyat hem de m\u00fczik y\u00f6nlerinden ara\u015ft\u0131rmac\u0131n\u0131n donan\u0131ml\u0131 olmas\u0131 gerekir. Halk edebiyat\u00e7\u0131s\u0131, hak m\u00fczik\u00e7isi i\u015fbirli\u011fiyle iki yazarl\u0131 olarak da b\u00f6yle bir \u00e7al\u0131\u015fmay\u0131 yapmak m\u00fcmk\u00fcnse de \u00e7o\u011fu zaman bu ortam sa\u011flanamaz. \u0130\u015fte, Do\u00e7. Dr. Arma\u011fan Co\u015fkun El\u00e7i hem edebiyat hem de halk m\u00fczi\u011fi altyap\u0131s\u0131yla T\u00fcrkiye&#8217;de A\u015f\u0131k Makamlar\u0131 konusunda ilk \u00f6nemli eseri ortaya koymay\u0131 ba\u015farm\u0131\u015ft\u0131r.- Nail Tan (E) KTB Hagem Genel M\u00fcd\u00fcr\u00fc&#8221;A\u015f\u0131k \u015eeref Ta\u015fl\u0131ova&#8217;n\u0131n Ezgi repertuar\u0131&#8221; adl\u0131 eser, Arma\u011fan Co\u015fkun El\u00e7i taraf\u0131ndan ger\u00e7ekle\u015ftirilmi\u015f \u00f6nemli bir \u00e7al\u0131\u015fmad\u0131r. \u00d6nemi, \u015fudur: \u00e7al\u0131\u015fman\u0131n, a\u015f\u0131k yarat\u0131c\u0131l\u0131\u011f\u0131n\u0131n son b\u00fcy\u00fck temsilcilerinden biri A\u015f\u0131k \u015eeref Ta\u015f\u0131ova&#8217;n\u0131n yarat\u0131lar\u0131nda kulland\u0131\u011f\u0131 ezgilerin olu\u015fturdu\u011fu repertuar \u00fczerine odaklanm\u0131\u015f olmas\u0131d\u0131r. \u0130lk kez, bu b\u00fct\u00fcnl\u00fck g\u00f6z \u00f6n\u00fcnde tutularak bilimsel ba\u011flamda ezgiler ele al\u0131n\u0131p incelenmi\u015ftir. Bunun bir ba\u015fka \u00f6nemi, s\u00f6z ile ezginin birlikteli\u011fi i\u00e7inde v\u00fccut buldu\u011funu d\u00fc\u015f\u00fcnd\u00fc\u011f\u00fcm a\u015f\u0131k yarat\u0131c\u0131l\u0131\u011f\u0131 \u015fiirin ortaya \u00e7\u0131kmas\u0131 ezgi t\u00fcrleri \u00fczerinde duruyor, a\u015f\u0131k \u015fiirinin gelene\u011fi (kurumsal yap\u0131) konusunda da okuyucuyu bilgilendiriyor. Belki, a\u015f\u0131k \u015fiiri yarat\u0131c\u0131lar\u0131 hala var ise, onlar \u00fczerine bu t\u00fcrden \u00e7al\u0131\u015fmalar ger\u00e7ekle\u015ftireceklere bir model i\u015flevi g\u00f6rece\u011fini d\u00fc\u015f\u00fcn\u00fcyorum. Arma\u011fan Co\u015fkun El\u00e7i&#8217;yi kutlar\u0131m.- Prof. Dr. Dursun Y\u0131ld\u0131r\u0131m<\/p>\n","protected":false},"excerpt":{"rendered":"<p>T\u00fcrk halk k\u00fclt\u00fcr\u00fc, halk bilimi alan\u0131nda baz\u0131 eserler vard\u0131r ki yaz\u0131lmas\u0131 \u00e7ok g\u00fc\u00e7t\u00fcr. A\u015f\u0131k fas\u0131llar\u0131, a\u015f\u0131k makamlar\u0131 \u00fczerindeki eserler gibi. \u00c7\u00fcnk\u00fc, bu eserleri yazmak i\u00e7in hem<span class=\"excerpt-hellip\"> [\u2026]<\/span><\/p>\n","protected":false},"featured_media":0,"template":"","meta":{"_monsterinsights_skip_tracking":false,"_monsterinsights_sitenote_active":false,"_monsterinsights_sitenote_note":"","_monsterinsights_sitenote_category":0},"product_brand":[],"product_cat":[13072,12291],"product_tag":[],"class_list":{"0":"post-707072","1":"product","2":"type-product","3":"status-publish","5":"product_cat-arastirma-inceleme-referans","6":"product_cat-edebiyat","7":"pa_cilt-ciltsiz","8":"pa_tur-kitap","9":"pa_yayinevi-gazi-kitabevi","10":"pa_yazar-armagan-coskun-elci","12":"first","13":"instock","14":"sale","15":"shipping-taxable","16":"purchasable","17":"product-type-simple"},"_links":{"self":[{"href":"https:\/\/roveyayinevi.com.tr\/index.php\/wp-json\/wp\/v2\/product\/707072","targetHints":{"allow":["GET"]}}],"collection":[{"href":"https:\/\/roveyayinevi.com.tr\/index.php\/wp-json\/wp\/v2\/product"}],"about":[{"href":"https:\/\/roveyayinevi.com.tr\/index.php\/wp-json\/wp\/v2\/types\/product"}],"wp:attachment":[{"href":"https:\/\/roveyayinevi.com.tr\/index.php\/wp-json\/wp\/v2\/media?parent=707072"}],"wp:term":[{"taxonomy":"product_brand","embeddable":true,"href":"https:\/\/roveyayinevi.com.tr\/index.php\/wp-json\/wp\/v2\/product_brand?post=707072"},{"taxonomy":"product_cat","embeddable":true,"href":"https:\/\/roveyayinevi.com.tr\/index.php\/wp-json\/wp\/v2\/product_cat?post=707072"},{"taxonomy":"product_tag","embeddable":true,"href":"https:\/\/roveyayinevi.com.tr\/index.php\/wp-json\/wp\/v2\/product_tag?post=707072"}],"curies":[{"name":"wp","href":"https:\/\/api.w.org\/{rel}","templated":true}]}}