{"id":707062,"date":"2025-08-27T16:02:04","date_gmt":"2025-08-27T13:02:04","guid":{"rendered":"https:\/\/roveyayinevi.com.tr\/index.php\/urun\/pollyanna-8\/"},"modified":"2026-04-16T02:15:42","modified_gmt":"2026-04-15T23:15:42","slug":"pollyanna-8","status":"publish","type":"product","link":"https:\/\/roveyayinevi.com.tr\/index.php\/urun\/pollyanna-8\/","title":{"rendered":"Pollyanna"},"content":{"rendered":"<p>Pollyanna&#8217;n\u0131n ya\u015fam felsefesi &#8216;Mutluluk Oyunu&#8217; ve babas\u0131ndan \u00f6\u011frendi\u011fi iyimser tutumdur. &#8216;Mutluluk Oyunu&#8217; ya\u015fl\u0131 bir kad\u0131n, babas\u0131yla ona koltuk de\u011fneklerini verirken: &#8216;Bu de\u011fneklere bak\u0131p onlara ihtiyac\u0131n olmad\u0131\u011f\u0131 i\u00e7in sevin.&#8217; dedi\u011finde ba\u015flam\u0131\u015ft\u0131r. Annesini \u00e7ok k\u00fc\u00e7\u00fck ya\u015fta kaybeden Pollyanna, babas\u0131n\u0131 da kaybedince teyzesi Polly ile ya\u015famak zorunda kal\u0131r. Pollyanna, mutluluk oyunu sayesinde teyzesinin kat\u0131 kalbini yumu\u015fat\u0131p mutlu olmas\u0131n\u0131 sa\u011flamaya \u00e7al\u0131\u015fmaktad\u0131r&#8230; <\/p>\n","protected":false},"excerpt":{"rendered":"<p>Pollyanna&#8217;n\u0131n ya\u015fam felsefesi &#8216;Mutluluk Oyunu&#8217; ve babas\u0131ndan \u00f6\u011frendi\u011fi iyimser tutumdur. &#8216;Mutluluk Oyunu&#8217; ya\u015fl\u0131 bir kad\u0131n, babas\u0131yla ona koltuk de\u011fneklerini verirken: &#8216;Bu de\u011fneklere bak\u0131p onlara ihtiyac\u0131n olmad\u0131\u011f\u0131<span class=\"excerpt-hellip\"> [\u2026]<\/span><\/p>\n","protected":false},"featured_media":0,"template":"","meta":{"_monsterinsights_skip_tracking":false,"_monsterinsights_sitenote_active":false,"_monsterinsights_sitenote_note":"","_monsterinsights_sitenote_category":0},"product_brand":[],"product_cat":[12275,12274],"product_tag":[],"class_list":{"0":"post-707062","1":"product","2":"type-product","3":"status-publish","5":"product_cat-6-12-yas-kitaplari","6":"product_cat-cocuk-ve-genclik-kitaplari","7":"pa_cilt-ciltsiz","8":"pa_tur-kitap","9":"pa_yayinevi-fark-yayinlari","10":"pa_yazar-eleanor-h-porter","12":"first","13":"instock","14":"sale","15":"shipping-taxable","16":"purchasable","17":"product-type-simple"},"_links":{"self":[{"href":"https:\/\/roveyayinevi.com.tr\/index.php\/wp-json\/wp\/v2\/product\/707062","targetHints":{"allow":["GET"]}}],"collection":[{"href":"https:\/\/roveyayinevi.com.tr\/index.php\/wp-json\/wp\/v2\/product"}],"about":[{"href":"https:\/\/roveyayinevi.com.tr\/index.php\/wp-json\/wp\/v2\/types\/product"}],"wp:attachment":[{"href":"https:\/\/roveyayinevi.com.tr\/index.php\/wp-json\/wp\/v2\/media?parent=707062"}],"wp:term":[{"taxonomy":"product_brand","embeddable":true,"href":"https:\/\/roveyayinevi.com.tr\/index.php\/wp-json\/wp\/v2\/product_brand?post=707062"},{"taxonomy":"product_cat","embeddable":true,"href":"https:\/\/roveyayinevi.com.tr\/index.php\/wp-json\/wp\/v2\/product_cat?post=707062"},{"taxonomy":"product_tag","embeddable":true,"href":"https:\/\/roveyayinevi.com.tr\/index.php\/wp-json\/wp\/v2\/product_tag?post=707062"}],"curies":[{"name":"wp","href":"https:\/\/api.w.org\/{rel}","templated":true}]}}