{"id":707058,"date":"2025-08-27T16:02:02","date_gmt":"2025-08-27T13:02:02","guid":{"rendered":"https:\/\/roveyayinevi.com.tr\/index.php\/urun\/siyah-inci-3\/"},"modified":"2026-04-16T02:15:42","modified_gmt":"2026-04-15T23:15:42","slug":"siyah-inci-3","status":"publish","type":"product","link":"https:\/\/roveyayinevi.com.tr\/index.php\/urun\/siyah-inci-3\/","title":{"rendered":"Siyah \u0130nci"},"content":{"rendered":"<p>Soylu bir anne ve babadan gelen bir at olan Siyah \u0130nci, bir \u00e7iftlikte a\u00e7m\u0131\u015ft\u0131r d\u00fcnyaya g\u00f6zlerini. Mutlu bir ya\u015fam s\u00fcrd\u00fc\u011f\u00fc bu \u00e7iftlikte ne yaz\u0131k ki i\u015fler istedi\u011fi gibi gitmeyecek ve ba\u015fka bir \u00e7iftli\u011fe sat\u0131lacakt\u0131r. Asl\u0131nda bir yar\u0131\u015f at\u0131 olabilecek kapasiteye sahipken bir araba at\u0131 olarak kullan\u0131lmas\u0131 bazen onu \u00fczse de, iyi huylu ve ak\u0131ll\u0131 bir at olmas\u0131 sayesinde her zaman sahiplerine itaat etmi\u015f ve hizmet etmi\u015ftir. Ama Siyah \u0130nci ne kadar iyi huylu bir at olsa da k\u00f6t\u00fc sahiplerin eline d\u00fc\u015fmekten ka\u00e7amad\u0131. Yeri geldi a\u00e7 kald\u0131, yeri geldi kam\u00e7\u0131land\u0131 ama o hi\u00e7bir zaman sahibine hizmet etmekten ka\u00e7mad\u0131.  \u0130nsanlarla atlar\u0131n ili\u015fkisine dair g\u00fczel bir \u00f6yk\u00fc anlatan Siyah \u0130nci, bize onlar\u0131n da duygular\u0131 oldu\u011funu ve hayvanlara ne kadar iyi davran\u0131rsak onlar\u0131n da bize kar\u015f\u0131 sevgi g\u00f6sterece\u011fini bir kez daha kan\u0131tlamaktad\u0131r. <\/p>\n","protected":false},"excerpt":{"rendered":"<p>Soylu bir anne ve babadan gelen bir at olan Siyah \u0130nci, bir \u00e7iftlikte a\u00e7m\u0131\u015ft\u0131r d\u00fcnyaya g\u00f6zlerini. Mutlu bir ya\u015fam s\u00fcrd\u00fc\u011f\u00fc bu \u00e7iftlikte ne yaz\u0131k ki i\u015fler<span class=\"excerpt-hellip\"> [\u2026]<\/span><\/p>\n","protected":false},"featured_media":0,"template":"","meta":{"_monsterinsights_skip_tracking":false,"_monsterinsights_sitenote_active":false,"_monsterinsights_sitenote_note":"","_monsterinsights_sitenote_category":0},"product_brand":[],"product_cat":[12275,12274],"product_tag":[],"class_list":{"0":"post-707058","1":"product","2":"type-product","3":"status-publish","5":"product_cat-6-12-yas-kitaplari","6":"product_cat-cocuk-ve-genclik-kitaplari","7":"pa_cilt-ciltsiz","8":"pa_tur-kitap","9":"pa_yayinevi-fark-yayinlari","10":"pa_yazar-anna-sewell","12":"first","13":"instock","14":"sale","15":"shipping-taxable","16":"purchasable","17":"product-type-simple"},"_links":{"self":[{"href":"https:\/\/roveyayinevi.com.tr\/index.php\/wp-json\/wp\/v2\/product\/707058","targetHints":{"allow":["GET"]}}],"collection":[{"href":"https:\/\/roveyayinevi.com.tr\/index.php\/wp-json\/wp\/v2\/product"}],"about":[{"href":"https:\/\/roveyayinevi.com.tr\/index.php\/wp-json\/wp\/v2\/types\/product"}],"wp:attachment":[{"href":"https:\/\/roveyayinevi.com.tr\/index.php\/wp-json\/wp\/v2\/media?parent=707058"}],"wp:term":[{"taxonomy":"product_brand","embeddable":true,"href":"https:\/\/roveyayinevi.com.tr\/index.php\/wp-json\/wp\/v2\/product_brand?post=707058"},{"taxonomy":"product_cat","embeddable":true,"href":"https:\/\/roveyayinevi.com.tr\/index.php\/wp-json\/wp\/v2\/product_cat?post=707058"},{"taxonomy":"product_tag","embeddable":true,"href":"https:\/\/roveyayinevi.com.tr\/index.php\/wp-json\/wp\/v2\/product_tag?post=707058"}],"curies":[{"name":"wp","href":"https:\/\/api.w.org\/{rel}","templated":true}]}}