{"id":707015,"date":"2025-08-27T16:01:38","date_gmt":"2025-08-27T13:01:38","guid":{"rendered":"https:\/\/roveyayinevi.com.tr\/index.php\/urun\/donusum-11\/"},"modified":"2026-04-12T02:18:49","modified_gmt":"2026-04-11T23:18:49","slug":"donusum-11","status":"publish","type":"product","link":"https:\/\/roveyayinevi.com.tr\/index.php\/urun\/donusum-11\/","title":{"rendered":"D\u00f6n\u00fc\u015f\u00fcm"},"content":{"rendered":"<p>\u0130lk kez 1915 y\u0131l\u0131nda yay\u0131nlanan ve sonras\u0131nda 20. y\u00fczy\u0131l\u0131n en \u00f6nemli eserleri aras\u0131na giren D\u00f6n\u00fc\u015f\u00fcm, gezici bir kuma\u015f pazarlamac\u0131s\u0131 olan Gregor Samsa\u2019n\u0131n bir sabah tedirgin d\u00fc\u015flerinden uyand\u0131\u011f\u0131nda kendini devasa bir b\u00f6ce\u011fe d\u00f6n\u00fc\u015fm\u00fc\u015f olarak bulmas\u0131yla ba\u015flar. Bu d\u00f6n\u00fc\u015f\u00fcm\u00fcn hikmetini asla \u00f6\u011frenemeyiz. Neden art\u0131k kubbeli bir karn\u0131, panzer sertli\u011finde bir s\u0131rt\u0131 vard\u0131r, neden \u00e7aresizce k\u0131m\u0131ldanan bir s\u00fcr\u00fc c\u0131l\u0131z bacakla uyanm\u0131\u015ft\u0131r, bilemeyiz. Kafka bunu bize hi\u00e7bir zaman a\u00e7\u0131klamaz. Ancak ha\u015fereye d\u00f6n\u00fc\u015fmesinin ailesine ya\u015fatt\u0131\u011f\u0131 s\u0131k\u0131nt\u0131larla, bu yeni haline al\u0131\u015fmas\u0131n\u0131n zorluklar\u0131yla cebelle\u015fen eski insan, yeni b\u00f6cek Bay Gregor Samsa, d\u00fcnyan\u0131n t\u00fcm \u00fcniversitelerinde h\u00e2l\u00e2 \u00fczerinde \u00e7al\u0131\u015f\u0131lan, \u00f6zellikle Bat\u0131 sinemas\u0131, edebiyat\u0131 \u00fczerinde derin etkiler b\u0131rakan, b\u00f6cekli\u011fi bir metafor olarak pop\u00fcler k\u00fclt\u00fcre mal eden bir hik\u00e2yenin kahraman\u0131 olur ve bize insanl\u0131k haline, yabanc\u0131la\u015fmaya, di\u011ferlerinden farkl\u0131 olmaya dair hi\u00e7 eskimeyecek gibi g\u00f6r\u00fcnen i\u00e7g\u00f6r\u00fcler sunar.D\u00f6n\u00fc\u015f\u00fcm, abs\u00fcrtl\u00fc\u011f\u00fc ve insan\u0131n tekinsiz ihtimaller kar\u015f\u0131s\u0131ndaki korkular\u0131n\u0131 en u\u00e7 noktalara ta\u015f\u0131yarak i\u00e7imize b\u00fcy\u00fcte\u00e7li bir ayna tutar. Samsa\u2019n\u0131n b\u00f6ce\u011fe d\u00f6n\u00fc\u015fmesinin sebebini bilemesek de, bu k\u0131sa roman\u0131n bunca sevilmesinin hikmeti belki de budur.<\/p>\n","protected":false},"excerpt":{"rendered":"<p>\u0130lk kez 1915 y\u0131l\u0131nda yay\u0131nlanan ve sonras\u0131nda 20. y\u00fczy\u0131l\u0131n en \u00f6nemli eserleri aras\u0131na giren D\u00f6n\u00fc\u015f\u00fcm, gezici bir kuma\u015f pazarlamac\u0131s\u0131 olan Gregor Samsa\u2019n\u0131n bir sabah tedirgin d\u00fc\u015flerinden<span class=\"excerpt-hellip\"> [\u2026]<\/span><\/p>\n","protected":false},"featured_media":0,"template":"","meta":{"_monsterinsights_skip_tracking":false,"_monsterinsights_sitenote_active":false,"_monsterinsights_sitenote_note":"","_monsterinsights_sitenote_category":0},"product_brand":[],"product_cat":[12291,12711],"product_tag":[],"class_list":{"0":"post-707015","1":"product","2":"type-product","3":"status-publish","5":"product_cat-edebiyat","6":"product_cat-roman-oyku","7":"pa_cilt-ciltli","8":"pa_tur-kitap","9":"pa_yayinevi-kafka-yayinevi","10":"pa_yazar-franz-kafka","12":"first","13":"instock","14":"sale","15":"shipping-taxable","16":"purchasable","17":"product-type-simple"},"_links":{"self":[{"href":"https:\/\/roveyayinevi.com.tr\/index.php\/wp-json\/wp\/v2\/product\/707015","targetHints":{"allow":["GET"]}}],"collection":[{"href":"https:\/\/roveyayinevi.com.tr\/index.php\/wp-json\/wp\/v2\/product"}],"about":[{"href":"https:\/\/roveyayinevi.com.tr\/index.php\/wp-json\/wp\/v2\/types\/product"}],"wp:attachment":[{"href":"https:\/\/roveyayinevi.com.tr\/index.php\/wp-json\/wp\/v2\/media?parent=707015"}],"wp:term":[{"taxonomy":"product_brand","embeddable":true,"href":"https:\/\/roveyayinevi.com.tr\/index.php\/wp-json\/wp\/v2\/product_brand?post=707015"},{"taxonomy":"product_cat","embeddable":true,"href":"https:\/\/roveyayinevi.com.tr\/index.php\/wp-json\/wp\/v2\/product_cat?post=707015"},{"taxonomy":"product_tag","embeddable":true,"href":"https:\/\/roveyayinevi.com.tr\/index.php\/wp-json\/wp\/v2\/product_tag?post=707015"}],"curies":[{"name":"wp","href":"https:\/\/api.w.org\/{rel}","templated":true}]}}