{"id":707004,"date":"2025-08-27T16:01:32","date_gmt":"2025-08-27T13:01:32","guid":{"rendered":"https:\/\/roveyayinevi.com.tr\/index.php\/urun\/okcular-tepesi\/"},"modified":"2026-04-16T02:15:41","modified_gmt":"2026-04-15T23:15:41","slug":"okcular-tepesi","status":"publish","type":"product","link":"https:\/\/roveyayinevi.com.tr\/index.php\/urun\/okcular-tepesi\/","title":{"rendered":"Ok\u00e7ular Tepesi"},"content":{"rendered":"<p>Yak\u0131n tarihinde \u00e7ok say\u0131da darbeye \u015fahitlik etmi\u015f T\u00fcrk milleti i\u00e7in 15 Temmuz \u00f6nemli bir milat. Zira halk ilk defa iradesine ipotek koymak \u00fczere sokaklara inen darbecilere bir direni\u015f destan\u0131yla kar\u015f\u0131 durdu. Ordusunu, askerini, tank\u0131n\u0131, t\u00fcfe\u011fini hatta sava\u015f u\u00e7aklar\u0131n\u0131 gasp eden darbecileri \u00e7\u0131plak elle ve tekbirlerle durduran T\u00fcrk milleti ikinci Milli M\u00fccadele&#8217;nin de fitilini ate\u015fledi.Ankara ve \u0130stanbul&#8217;da 240 vatanda\u015f\u0131n \u015fehit oldu\u011fu, 2195 ki\u015finin de yaraland\u0131\u011f\u0131 darbe giri\u015fimi geride ibret dolu hik\u00e2yeler b\u0131rakt\u0131. Toplumsal kutupla\u015fmadan, ayr\u0131\u015fmadan s\u00f6z edilerek kar\u015f\u0131 kar\u015f\u0131ya getirilmeye \u00e7al\u0131\u015f\u0131lan her kesimden, her d\u00fcnya g\u00f6r\u00fc\u015f\u00fc ve inan\u00e7tan, siyasi d\u00fc\u015f\u00fcnceden binlerce vatansever bayrak ve vatan i\u00e7in g\u00f6z\u00fcn\u00fc k\u0131rpmadan can\u0131n\u0131 siper etti.Ok\u00e7ular Tepesi 15 Temmuz T\u00fcrk Milletinin An\u0131lar\u0131, o gece \u015eehitler K\u00f6pr\u00fcs\u00fc&#8217;nde, \u00c7engelk\u00f6y&#8217;de, Sara\u00e7hane&#8217;de, Atat\u00fcrk Havaliman\u0131&#8217;nda, Genelkurmay Ba\u015fkanl\u0131\u011f\u0131&#8217;nda, Cumhurba\u015fkanl\u0131\u011f\u0131 K\u00fclliyesi ve T\u00fcrkiye B\u00fcy\u00fck Millet Meclisi&#8217;nde ya\u015fanan destans\u0131 m\u00fccadelenin sat\u0131r ba\u015flar\u0131n\u0131 bir araya getiriyor.Cumhurba\u015fkanl\u0131\u011f\u0131 S\u00f6zc\u00fcs\u00fc \u0130brahim Kal\u0131n&#8217;\u0131n \u015fehit Erol Ol\u00e7ok i\u00e7in kaleme ald\u0131\u011f\u0131 yaz\u0131n\u0131n da yer ald\u0131\u011f\u0131 Ok\u00e7ular Tepesi&#8217;nde Y\u0131ld\u0131z Ramazano\u011flu, Ay\u015fe Sevim, Turgay Bak\u0131rta\u015f, Suavi Kemal Yazg\u0131\u00e7, H\u00fcseyin Ak\u0131n, Eda Tezcan, Do\u011fukan \u0130\u015fler ve \u00c7i\u011fdem Tavkul gibi isimler de 15 Temmuz ak\u015fam\u0131 tarihe ge\u00e7en ya\u015fanm\u0131\u015fl\u0131klar\u0131 hik\u00e2ye etti.\u201cAma benim beklediklerim gelmedi. K\u00f6pr\u00fcye do\u011fru y\u00fcr\u00fcmeye ba\u015flad\u0131m. Bu sefer beni kimse durdurmad\u0131. \u00c7\u00fcnk\u00fc art\u0131k korkun\u00e7 sesler yoktu. Babam\u0131 getirece\u011fini s\u00f6yleyen R\u0131fat a\u011fabeyi g\u00f6rd\u00fcm. \u2018R\u0131fat a\u011fabey benim, ben Oktay. Babam, babam\u0131 g\u00f6rd\u00fcn m\u00fc?\u2019 Sesin sahibini arayan bak\u0131\u015flarla etraf\u0131n\u0131 s\u00fczd\u00fc. Beni g\u00f6r\u00fcnce sa\u011f kolunu a\u00e7t\u0131. Di\u011fer kolu sarg\u0131l\u0131yd\u0131. \u2018Gel bakal\u0131m Oktay.\u2019 dedi. O haliyle beni kuca\u011f\u0131na ald\u0131. K\u00f6pr\u00fcn\u00fcn giri\u015fine do\u011fru y\u00fcr\u00fcmeye ba\u015flad\u0131. Bana sabaha kadar k\u00f6pr\u00fcde ya\u015fananlardan bahsetti. Biraz \u00fcz\u00fcnt\u00fcl\u00fc biraz g\u00fczel \u015feyler anlatt\u0131.\u201d<\/p>\n","protected":false},"excerpt":{"rendered":"<p>Yak\u0131n tarihinde \u00e7ok say\u0131da darbeye \u015fahitlik etmi\u015f T\u00fcrk milleti i\u00e7in 15 Temmuz \u00f6nemli bir milat. Zira halk ilk defa iradesine ipotek koymak \u00fczere sokaklara inen darbecilere<span class=\"excerpt-hellip\"> [\u2026]<\/span><\/p>\n","protected":false},"featured_media":0,"template":"","meta":{"_monsterinsights_skip_tracking":false,"_monsterinsights_sitenote_active":false,"_monsterinsights_sitenote_note":"","_monsterinsights_sitenote_category":0},"product_brand":[],"product_cat":[12337],"product_tag":[],"class_list":{"0":"post-707004","1":"product","2":"type-product","3":"status-publish","5":"product_cat-politika-siyaset","6":"pa_cilt-ciltli","7":"pa_tur-kitap","8":"pa_yayinevi-erdem-yayinlari","9":"pa_yazar-kolektif","11":"first","12":"instock","13":"sale","14":"shipping-taxable","15":"purchasable","16":"product-type-simple"},"_links":{"self":[{"href":"https:\/\/roveyayinevi.com.tr\/index.php\/wp-json\/wp\/v2\/product\/707004","targetHints":{"allow":["GET"]}}],"collection":[{"href":"https:\/\/roveyayinevi.com.tr\/index.php\/wp-json\/wp\/v2\/product"}],"about":[{"href":"https:\/\/roveyayinevi.com.tr\/index.php\/wp-json\/wp\/v2\/types\/product"}],"wp:attachment":[{"href":"https:\/\/roveyayinevi.com.tr\/index.php\/wp-json\/wp\/v2\/media?parent=707004"}],"wp:term":[{"taxonomy":"product_brand","embeddable":true,"href":"https:\/\/roveyayinevi.com.tr\/index.php\/wp-json\/wp\/v2\/product_brand?post=707004"},{"taxonomy":"product_cat","embeddable":true,"href":"https:\/\/roveyayinevi.com.tr\/index.php\/wp-json\/wp\/v2\/product_cat?post=707004"},{"taxonomy":"product_tag","embeddable":true,"href":"https:\/\/roveyayinevi.com.tr\/index.php\/wp-json\/wp\/v2\/product_tag?post=707004"}],"curies":[{"name":"wp","href":"https:\/\/api.w.org\/{rel}","templated":true}]}}