{"id":706994,"date":"2025-08-27T16:01:28","date_gmt":"2025-08-27T13:01:28","guid":{"rendered":"https:\/\/roveyayinevi.com.tr\/index.php\/urun\/cocukta-oyun-gelisimi\/"},"modified":"2026-04-16T02:15:41","modified_gmt":"2026-04-15T23:15:41","slug":"cocukta-oyun-gelisimi","status":"publish","type":"product","link":"https:\/\/roveyayinevi.com.tr\/index.php\/urun\/cocukta-oyun-gelisimi\/","title":{"rendered":"\u00c7ocukta Oyun Geli\u015fimi"},"content":{"rendered":"<p>Okul\u00f6ncesi \u00e7ocuklar\u0131 ve e\u011fitimi toplumsal gelece\u011fin in\u015fas\u0131d\u0131r. Gelece\u011fin in\u015fas\u0131 ise oyunlar\u0131n i\u00e7inde gizlidir. Okul\u00f6ncesi e\u011fitiminin biricik \u00f6\u011fretim ve \u00f6\u011frenme yolu oyunlard\u0131r.Okul\u00f6ncesi \u00e7ocuklar\u0131 i\u00e7in vazge\u00e7ilmez \u00f6\u011frenme ve geli\u015fim arac\u0131 olan oyunlar, okul\u00f6ncesi \u00f6\u011fretmenleri i\u00e7in de \u00f6\u011fretmen yeterlili\u011finin as\u0131l g\u00f6stergelerindendir. Bu kitab\u0131n amac\u0131 okul \u00f6ncesi e\u011fitiminin tamam\u0131n\u0131 olu\u015fturan etkinliklere y\u00f6nelik uygulama deste\u011fi sa\u011flamak, okul\u00f6ncesi e\u011fitiminde yer alan farkl\u0131 ya\u015f gruplar\u0131na uygun oyun t\u00fcr ve \u00e7e\u015fitlerine ili\u015fkin \u00f6rnekler sunmakt\u0131r. Okul\u00f6ncesi e\u011fitimi ile ilgili t\u00fcm geli\u015fim alanlar\u0131na kapsayan kazan\u0131m ve g\u00f6stergeleri i\u00e7erecek bir niteli\u011fe sahip olmas\u0131na \u00f6zen g\u00f6sterilmi\u015ftir. Ayr\u0131ca bu kitap okul\u00f6ncesi \u00f6\u011fretmenli\u011fi lisans e\u011fitiminde yer alan \u201c\u00c7ocukta Oyun Geli\u015fimi\u201d dersi i\u00e7in temel bir kaynak niteli\u011fi ta\u015f\u0131maktad\u0131r.<\/p>\n","protected":false},"excerpt":{"rendered":"<p>Okul\u00f6ncesi \u00e7ocuklar\u0131 ve e\u011fitimi toplumsal gelece\u011fin in\u015fas\u0131d\u0131r. Gelece\u011fin in\u015fas\u0131 ise oyunlar\u0131n i\u00e7inde gizlidir. Okul\u00f6ncesi e\u011fitiminin biricik \u00f6\u011fretim ve \u00f6\u011frenme yolu oyunlard\u0131r.Okul\u00f6ncesi \u00e7ocuklar\u0131 i\u00e7in vazge\u00e7ilmez \u00f6\u011frenme ve<span class=\"excerpt-hellip\"> [\u2026]<\/span><\/p>\n","protected":false},"featured_media":0,"template":"","meta":{"_monsterinsights_skip_tracking":false,"_monsterinsights_sitenote_active":false,"_monsterinsights_sitenote_note":"","_monsterinsights_sitenote_category":0},"product_brand":[],"product_cat":[12567,12566],"product_tag":[],"class_list":{"0":"post-706994","1":"product","2":"type-product","3":"status-publish","5":"product_cat-diger-egitim","6":"product_cat-egitim","7":"pa_cilt-ciltsiz","8":"pa_tur-kitap","9":"pa_yayinevi-efil-yayinevi","10":"pa_yazar-kolektif","12":"first","13":"instock","14":"sale","15":"shipping-taxable","16":"purchasable","17":"product-type-simple"},"_links":{"self":[{"href":"https:\/\/roveyayinevi.com.tr\/index.php\/wp-json\/wp\/v2\/product\/706994","targetHints":{"allow":["GET"]}}],"collection":[{"href":"https:\/\/roveyayinevi.com.tr\/index.php\/wp-json\/wp\/v2\/product"}],"about":[{"href":"https:\/\/roveyayinevi.com.tr\/index.php\/wp-json\/wp\/v2\/types\/product"}],"wp:attachment":[{"href":"https:\/\/roveyayinevi.com.tr\/index.php\/wp-json\/wp\/v2\/media?parent=706994"}],"wp:term":[{"taxonomy":"product_brand","embeddable":true,"href":"https:\/\/roveyayinevi.com.tr\/index.php\/wp-json\/wp\/v2\/product_brand?post=706994"},{"taxonomy":"product_cat","embeddable":true,"href":"https:\/\/roveyayinevi.com.tr\/index.php\/wp-json\/wp\/v2\/product_cat?post=706994"},{"taxonomy":"product_tag","embeddable":true,"href":"https:\/\/roveyayinevi.com.tr\/index.php\/wp-json\/wp\/v2\/product_tag?post=706994"}],"curies":[{"name":"wp","href":"https:\/\/api.w.org\/{rel}","templated":true}]}}