{"id":706979,"date":"2025-08-27T16:01:21","date_gmt":"2025-08-27T13:01:21","guid":{"rendered":"https:\/\/roveyayinevi.com.tr\/index.php\/urun\/acemi-korsan\/"},"modified":"2026-04-16T02:15:40","modified_gmt":"2026-04-15T23:15:40","slug":"acemi-korsan","status":"publish","type":"product","link":"https:\/\/roveyayinevi.com.tr\/index.php\/urun\/acemi-korsan\/","title":{"rendered":"Acemi Korsan"},"content":{"rendered":"<p>Kula\u011f\u0131n\u0131n arkas\u0131nda gizlenen bir \u00e7ocukla muzip i\u015fler pe\u015finde oldu\u011fundan \u015f\u00fcphelendi\u011fimiz tatl\u0131 \u00f6\u011fretmen Nehir Yarar, \u00e7ocuk olman\u0131n mutlu ve h\u00fcz\u00fcnl\u00fc yanlar\u0131n\u0131, yeti\u015fkinlerin b\u00fcy\u00fck beklentilerle haz\u0131rlad\u0131\u011f\u0131 ancak midemize oturan, ba\u015far\u0131 soslu \u00e7ocuk men\u00fclerini e\u011flenceli bir sunumla \u00f6n\u00fcm\u00fcze getiriyor. Vedat ve arkada\u015flar\u0131n\u0131n s\u0131cac\u0131k, e\u011flenceli hik\u00e2yeleri, hayallerine s\u0131k\u0131 s\u0131k\u0131 sar\u0131lanlara \u00f6zel ikram\u0131m\u0131zd\u0131r. Afiyet \u015feker olsun efendim. D\u00fc\u015flerinin sandal\u0131nda acemi bir korsan olman\u0131n keyfi ba\u015fkad\u0131r. Biraz a\u00e7\u0131lal\u0131m m\u0131, ne dersiniz?  Ada sakinleri y\u00fcz\u00fcn\u00fc yaz mevsimine \u00e7evirmi\u015f, gelecek renkli g\u00fcnlerin heyecan\u0131yla hayatlar\u0131n\u0131 s\u00fcrd\u00fcrmektedirler. Bu sakinli\u011fi seven Vedat, y\u0131l i\u00e7indeki t\u00fcm ko\u015fu\u015fturmalar\u0131n, anlams\u0131z buldu\u011fu yar\u0131\u015flar\u0131n bitecek olmas\u0131ndan mutludur. Nihayet her y\u0131l \u00f6\u011frenciler aras\u0131nda d\u00fczenlenen uzun ko\u015funun finalleri yap\u0131lacak, yani karneler da\u011f\u0131t\u0131lacakt\u0131r. B\u00f6ylelikle ilgin\u00e7 projelerini ger\u00e7ekle\u015ftirmek i\u00e7in gerekli zaman\u0131 bulabilecektir Vedat, ezber bozman\u0131n zaman\u0131 gelmi\u015ftir. \u0130zledi\u011fi bir filmin etkisinde kalarak korsan olmay\u0131 d\u00fc\u015fler \u00f6nce. Ama yak\u0131p y\u0131kmak i\u00e7in de\u011fil ke\u015ffetmek i\u00e7in korsan olacakt\u0131r, engin mavilikler onu \u00e7a\u011f\u0131rmaktad\u0131r. Hemen en yak\u0131n dostu Net Fikret&#8217;e dan\u0131\u015f\u0131r, b\u00fct\u00fcn i\u015f G\u00f6n\u00fcl ve Sar\u0131k\u0131z&#8217;\u0131 ikna edip sevecen bir sandal bulmaya kalm\u0131\u015ft\u0131r. Ba\u015fka projeleri de vard\u0131r elbette, kendi laboratuvar\u0131n\u0131 a\u00e7mak ya da aday\u0131 beton ellerden kurtarmak gibi. Ama o ve arkada\u015flar\u0131, adal\u0131lar\u0131n haber kayna\u011f\u0131 Naklen Nuriye teyzeyi hi\u00e7 hesaba katmam\u0131\u015flard\u0131r\u2026 <\/p>\n","protected":false},"excerpt":{"rendered":"<p>Kula\u011f\u0131n\u0131n arkas\u0131nda gizlenen bir \u00e7ocukla muzip i\u015fler pe\u015finde oldu\u011fundan \u015f\u00fcphelendi\u011fimiz tatl\u0131 \u00f6\u011fretmen Nehir Yarar, \u00e7ocuk olman\u0131n mutlu ve h\u00fcz\u00fcnl\u00fc yanlar\u0131n\u0131, yeti\u015fkinlerin b\u00fcy\u00fck beklentilerle haz\u0131rlad\u0131\u011f\u0131 ancak midemize<span class=\"excerpt-hellip\"> [\u2026]<\/span><\/p>\n","protected":false},"featured_media":0,"template":"","meta":{"_monsterinsights_skip_tracking":false,"_monsterinsights_sitenote_active":false,"_monsterinsights_sitenote_note":"","_monsterinsights_sitenote_category":0},"product_brand":[],"product_cat":[12274],"product_tag":[],"class_list":{"0":"post-706979","1":"product","2":"type-product","3":"status-publish","5":"product_cat-cocuk-ve-genclik-kitaplari","6":"pa_cilt-ciltsiz","7":"pa_tur-kitap","8":"pa_yayinevi-elma-cocuk","9":"pa_yazar-nehir-yarar","11":"first","12":"instock","13":"sale","14":"shipping-taxable","15":"purchasable","16":"product-type-simple"},"_links":{"self":[{"href":"https:\/\/roveyayinevi.com.tr\/index.php\/wp-json\/wp\/v2\/product\/706979","targetHints":{"allow":["GET"]}}],"collection":[{"href":"https:\/\/roveyayinevi.com.tr\/index.php\/wp-json\/wp\/v2\/product"}],"about":[{"href":"https:\/\/roveyayinevi.com.tr\/index.php\/wp-json\/wp\/v2\/types\/product"}],"wp:attachment":[{"href":"https:\/\/roveyayinevi.com.tr\/index.php\/wp-json\/wp\/v2\/media?parent=706979"}],"wp:term":[{"taxonomy":"product_brand","embeddable":true,"href":"https:\/\/roveyayinevi.com.tr\/index.php\/wp-json\/wp\/v2\/product_brand?post=706979"},{"taxonomy":"product_cat","embeddable":true,"href":"https:\/\/roveyayinevi.com.tr\/index.php\/wp-json\/wp\/v2\/product_cat?post=706979"},{"taxonomy":"product_tag","embeddable":true,"href":"https:\/\/roveyayinevi.com.tr\/index.php\/wp-json\/wp\/v2\/product_tag?post=706979"}],"curies":[{"name":"wp","href":"https:\/\/api.w.org\/{rel}","templated":true}]}}