{"id":706971,"date":"2025-08-27T16:01:17","date_gmt":"2025-08-27T13:01:17","guid":{"rendered":"https:\/\/roveyayinevi.com.tr\/index.php\/urun\/gorsen\/"},"modified":"2026-04-16T02:15:40","modified_gmt":"2026-04-15T23:15:40","slug":"gorsen","status":"publish","type":"product","link":"https:\/\/roveyayinevi.com.tr\/index.php\/urun\/gorsen\/","title":{"rendered":"G\u00f6rSen"},"content":{"rendered":"<p>G\u00f6rSen; resim, foto\u011fraf, heykel \u00fczerine yazd\u0131klar\u0131m\u0131 bir araya getiriyor. Tan\u0131d\u0131\u011f\u0131m, yap\u0131tlar\u0131ndan estetik tadlar ald\u0131\u011f\u0131m sanat\u00e7\u0131lar\u0131n baz\u0131lar\u0131, sergileri hakk\u0131nda izlenimlerimi yazmam\u0131 istediler; yaz\u0131lar\u0131n \u00e7o\u011fu bu nedenle yaz\u0131lm\u0131\u015ft\u0131r. Foto\u011fraf derne\u011findeki iki konu\u015fma ile manzum metinler de bu ba\u011flamdad\u0131r.G\u00f6rsel sanatlar\u0131n kendine \u00f6zg\u00fc kavramlar\u0131yla \u00f6r- g\u00fclenmemesi nedeniyle bu yaz\u0131lar, herhangi bir sanat izleyicisinin \u00f6znel yakla\u015f\u0131m\u0131 olarak d\u00fc\u015f\u00fcn\u00fclmelidir. Olas\u0131ya \u00f6znel ve izlenimci. \u00d6yleyken sanat\u0131n \u00f6zg\u00fcrle\u015ftirici bir pratik oldu\u011funu hat\u0131rlayarak; yarat\u0131c\u0131s\u0131n\u0131 oldu\u011fu gibi al\u0131mlay\u0131c\u0131sm\u0131 da \u00f6zg\u00fcrle\u015ftiren pratiktir sanat. \u0130mgesel d\u00fc\u015f\u00fcn\u00fc\u015f\u00fcn sa\u011flad\u0131\u011f\u0131 bir olanakt\u0131r bu.\u0130ktidar istemeyen, bar\u0131\u015f\u0131n ve e\u015fitli\u011fin ya\u015fanabilece\u011fini duyuran sanat, tahayy\u00fcl\u00fcn s\u0131n\u0131rs\u0131zl\u0131\u011fa a\u00e7\u0131lan kap\u0131s\u0131n\u0131 da aral\u0131yor bize.S\u0131n\u0131r ihl\u00e2lleri i\u00e7in o kap\u0131day\u0131z i\u015fte&#8230;Ankara, Nisan 2016<\/p>\n","protected":false},"excerpt":{"rendered":"<p>G\u00f6rSen; resim, foto\u011fraf, heykel \u00fczerine yazd\u0131klar\u0131m\u0131 bir araya getiriyor. Tan\u0131d\u0131\u011f\u0131m, yap\u0131tlar\u0131ndan estetik tadlar ald\u0131\u011f\u0131m sanat\u00e7\u0131lar\u0131n baz\u0131lar\u0131, sergileri hakk\u0131nda izlenimlerimi yazmam\u0131 istediler; yaz\u0131lar\u0131n \u00e7o\u011fu bu nedenle yaz\u0131lm\u0131\u015ft\u0131r.<span class=\"excerpt-hellip\"> [\u2026]<\/span><\/p>\n","protected":false},"featured_media":0,"template":"","meta":{"_monsterinsights_skip_tracking":false,"_monsterinsights_sitenote_active":false,"_monsterinsights_sitenote_note":"","_monsterinsights_sitenote_category":0},"product_brand":[],"product_cat":[12777,12291],"product_tag":[],"class_list":{"0":"post-706971","1":"product","2":"type-product","3":"status-publish","5":"product_cat-deneme","6":"product_cat-edebiyat","7":"pa_cilt-ciltsiz","8":"pa_tur-kitap","9":"pa_yayinevi-everest-yayinlari","10":"pa_yazar-ahmet-telli","12":"first","13":"instock","14":"sale","15":"shipping-taxable","16":"purchasable","17":"product-type-simple"},"_links":{"self":[{"href":"https:\/\/roveyayinevi.com.tr\/index.php\/wp-json\/wp\/v2\/product\/706971","targetHints":{"allow":["GET"]}}],"collection":[{"href":"https:\/\/roveyayinevi.com.tr\/index.php\/wp-json\/wp\/v2\/product"}],"about":[{"href":"https:\/\/roveyayinevi.com.tr\/index.php\/wp-json\/wp\/v2\/types\/product"}],"wp:attachment":[{"href":"https:\/\/roveyayinevi.com.tr\/index.php\/wp-json\/wp\/v2\/media?parent=706971"}],"wp:term":[{"taxonomy":"product_brand","embeddable":true,"href":"https:\/\/roveyayinevi.com.tr\/index.php\/wp-json\/wp\/v2\/product_brand?post=706971"},{"taxonomy":"product_cat","embeddable":true,"href":"https:\/\/roveyayinevi.com.tr\/index.php\/wp-json\/wp\/v2\/product_cat?post=706971"},{"taxonomy":"product_tag","embeddable":true,"href":"https:\/\/roveyayinevi.com.tr\/index.php\/wp-json\/wp\/v2\/product_tag?post=706971"}],"curies":[{"name":"wp","href":"https:\/\/api.w.org\/{rel}","templated":true}]}}