{"id":706967,"date":"2025-08-27T16:01:15","date_gmt":"2025-08-27T13:01:15","guid":{"rendered":"https:\/\/roveyayinevi.com.tr\/index.php\/urun\/anadolunun-kaybolan-masallari\/"},"modified":"2026-04-16T02:15:40","modified_gmt":"2026-04-15T23:15:40","slug":"anadolunun-kaybolan-masallari","status":"publish","type":"product","link":"https:\/\/roveyayinevi.com.tr\/index.php\/urun\/anadolunun-kaybolan-masallari\/","title":{"rendered":"Anadolu&#8217;nun Kaybolan Masallar\u0131"},"content":{"rendered":"<p>1970&#8217;li y\u0131llar, bir edebiyat \u00f6\u011fretmeni Anadolu&#8217;nun her yerinden yat\u0131l\u0131 okumaya gelen askeri \u00f6\u011frencilere \u015fahane bir \u00f6dev verir. Gidin b\u00fcy\u00fcklerinize k\u00fc\u00e7\u00fckken dinledikleri masallar\u0131 anlatt\u0131r\u0131n ve \u00fczerinde hi\u00e7 de\u011fi\u015fiklik yapmadan yaz\u0131n. Y\u0131llarca \u00fclkenin en \u00fccra k\u00f6\u015felerinden gelen y\u00fczlerce \u00f6\u011frenci gidip b\u00fcy\u00fcklerine masallar anlatt\u0131rd\u0131lar. Bence o y\u0131llar\u0131n en b\u00fcy\u00fck \u00f6zelli\u011fi, hen\u00fcz televizyon kanallar\u0131n\u0131n yayg\u0131nla\u015fmad\u0131\u011f\u0131, ortal\u0131kta tablet, bilgisayar, cep telefonun olmad\u0131\u011f\u0131, X ve Y ku\u015fa\u011f\u0131n\u0131n bilinmedi\u011fi, insanlar\u0131n h\u00e2l\u00e2 y\u00fcz y\u00fcze konu\u015ftuklar\u0131, birbirlerini dinledikleri y\u0131llar olmas\u0131yd\u0131. -Ahmet \u015eerif \u0130zg\u00f6ren- \u00d6\u011frenciler, \u00f6\u011fretmenlerinin s\u00f6z\u00fcn\u00fc dinlediler\u2026 B\u00fcy\u00fcklerinden \u00f6\u011frendikleri Anadolu masallar\u0131n\u0131 bir bir gelip yazar\u0131m\u0131za anlatt\u0131lar. O masallar \u00f6nce Erdo\u011fan \u0130zg\u00f6ren&#8217;in kaleminde tekrar can buldu, sonra sayfalara d\u00f6k\u00fcld\u00fc. &#8220;Bir varm\u0131\u015f, bir yokmu\u015f\u2026&#8221; demeyeli \u00e7ok zaman oldu, g\u00f6kten d\u00fc\u015fen elmalar\u0131 da bilmiyorsunuz belki de, hele ki o \u00fc\u00e7 elman\u0131n payla\u015f\u0131ld\u0131\u011f\u0131 g\u00fcnleri hi\u00e7 ya\u015famad\u0131n\u0131z\u2026  Hadi sizi al\u0131p biraz o g\u00fcnlere g\u00f6t\u00fcrelim, bakal\u0131m devler ne yap\u0131yormu\u015f, devleri akl\u0131yla yenen Kelo\u011flan nas\u0131lm\u0131\u015f? \u0130\u015fte size eskinin anlat\u0131m\u0131yla eski g\u00fcnler\u2026 Kaybolan masallar\u0131 kaybolduklar\u0131 b\u00fcy\u00fcl\u00fc ormanlardan, mavi mavi akan sihirli derelerden bulup \u00e7\u0131karmaya, sonra da onlara &#8220;merhaba&#8221; demeye haz\u0131r m\u0131s\u0131n\u0131z? <\/p>\n","protected":false},"excerpt":{"rendered":"<p>1970&#8217;li y\u0131llar, bir edebiyat \u00f6\u011fretmeni Anadolu&#8217;nun her yerinden yat\u0131l\u0131 okumaya gelen askeri \u00f6\u011frencilere \u015fahane bir \u00f6dev verir. Gidin b\u00fcy\u00fcklerinize k\u00fc\u00e7\u00fckken dinledikleri masallar\u0131 anlatt\u0131r\u0131n ve \u00fczerinde hi\u00e7<span class=\"excerpt-hellip\"> [\u2026]<\/span><\/p>\n","protected":false},"featured_media":0,"template":"","meta":{"_monsterinsights_skip_tracking":false,"_monsterinsights_sitenote_active":false,"_monsterinsights_sitenote_note":"","_monsterinsights_sitenote_category":0},"product_brand":[],"product_cat":[12275,12274],"product_tag":[],"class_list":{"0":"post-706967","1":"product","2":"type-product","3":"status-publish","5":"product_cat-6-12-yas-kitaplari","6":"product_cat-cocuk-ve-genclik-kitaplari","7":"pa_cilt-ciltsiz","8":"pa_tur-kitap","9":"pa_yayinevi-elma-cocuk","10":"pa_yazar-erdogan-izgoren","12":"first","13":"instock","14":"sale","15":"shipping-taxable","16":"purchasable","17":"product-type-simple"},"_links":{"self":[{"href":"https:\/\/roveyayinevi.com.tr\/index.php\/wp-json\/wp\/v2\/product\/706967","targetHints":{"allow":["GET"]}}],"collection":[{"href":"https:\/\/roveyayinevi.com.tr\/index.php\/wp-json\/wp\/v2\/product"}],"about":[{"href":"https:\/\/roveyayinevi.com.tr\/index.php\/wp-json\/wp\/v2\/types\/product"}],"wp:attachment":[{"href":"https:\/\/roveyayinevi.com.tr\/index.php\/wp-json\/wp\/v2\/media?parent=706967"}],"wp:term":[{"taxonomy":"product_brand","embeddable":true,"href":"https:\/\/roveyayinevi.com.tr\/index.php\/wp-json\/wp\/v2\/product_brand?post=706967"},{"taxonomy":"product_cat","embeddable":true,"href":"https:\/\/roveyayinevi.com.tr\/index.php\/wp-json\/wp\/v2\/product_cat?post=706967"},{"taxonomy":"product_tag","embeddable":true,"href":"https:\/\/roveyayinevi.com.tr\/index.php\/wp-json\/wp\/v2\/product_tag?post=706967"}],"curies":[{"name":"wp","href":"https:\/\/api.w.org\/{rel}","templated":true}]}}