{"id":706964,"date":"2025-08-27T16:01:14","date_gmt":"2025-08-27T13:01:14","guid":{"rendered":"https:\/\/roveyayinevi.com.tr\/index.php\/urun\/hayalden-holdinge\/"},"modified":"2026-04-16T02:15:40","modified_gmt":"2026-04-15T23:15:40","slug":"hayalden-holdinge","status":"publish","type":"product","link":"https:\/\/roveyayinevi.com.tr\/index.php\/urun\/hayalden-holdinge\/","title":{"rendered":"Hayalden Holdinge"},"content":{"rendered":"<p>Bu kitab\u0131 yazarken, s\u0131f\u0131r noktas\u0131ndan bulundu\u011fum noktaya gelme yolculu\u011fumda okudu\u011fum kitaplar, kat\u0131ld\u0131\u011f\u0131m seminerler ve y\u0131llar i\u00e7erisinde edindi\u011fim tecr\u00fcbeler bana yol g\u00f6sterici oldu. Ki\u015fisel tecr\u00fcbelerimden edindi\u011fim ve kendime s\u00fcrekli tekrarlad\u0131\u011f\u0131m, ba\u011f\u0131ms\u0131z karar verebilme, kendinden emin olma ve daima daha iyisini ba\u015farmak i\u00e7in gayretli ve hevesli olma ilkelerimin, siz okuyucular\u0131m\u0131n da kulaklar\u0131na k\u00fcpe olmas\u0131n\u0131 temenni ederim.\u201cHayalden Holdinge\u201d kitab\u0131n\u0131 yazarken harcad\u0131\u011f\u0131m yo\u011fun \u00e7aban\u0131n da bir ifadesi olmas\u0131 bak\u0131m\u0131ndan benim i\u00e7in \u00e7ok \u00f6nemli olan bir s\u00f6z\u00fc burada tekrar etme ihtiyac\u0131 hissediyorum:\u2018Hayalleri olanlar asla uyumazlar&#8217;<\/p>\n","protected":false},"excerpt":{"rendered":"<p>Bu kitab\u0131 yazarken, s\u0131f\u0131r noktas\u0131ndan bulundu\u011fum noktaya gelme yolculu\u011fumda okudu\u011fum kitaplar, kat\u0131ld\u0131\u011f\u0131m seminerler ve y\u0131llar i\u00e7erisinde edindi\u011fim tecr\u00fcbeler bana yol g\u00f6sterici oldu. Ki\u015fisel tecr\u00fcbelerimden edindi\u011fim ve<span class=\"excerpt-hellip\"> [\u2026]<\/span><\/p>\n","protected":false},"featured_media":0,"template":"","meta":{"_monsterinsights_skip_tracking":false,"_monsterinsights_sitenote_active":false,"_monsterinsights_sitenote_note":"","_monsterinsights_sitenote_category":0},"product_brand":[],"product_cat":[18545,12291],"product_tag":[],"class_list":{"0":"post-706964","1":"product","2":"type-product","3":"status-publish","5":"product_cat-anlati","6":"product_cat-edebiyat","7":"pa_cilt-ciltsiz","8":"pa_tur-kitap","9":"pa_yayinevi-efil-yayinevi","10":"pa_yazar-erol-akca","12":"first","13":"instock","14":"sale","15":"shipping-taxable","16":"purchasable","17":"product-type-simple"},"_links":{"self":[{"href":"https:\/\/roveyayinevi.com.tr\/index.php\/wp-json\/wp\/v2\/product\/706964","targetHints":{"allow":["GET"]}}],"collection":[{"href":"https:\/\/roveyayinevi.com.tr\/index.php\/wp-json\/wp\/v2\/product"}],"about":[{"href":"https:\/\/roveyayinevi.com.tr\/index.php\/wp-json\/wp\/v2\/types\/product"}],"wp:attachment":[{"href":"https:\/\/roveyayinevi.com.tr\/index.php\/wp-json\/wp\/v2\/media?parent=706964"}],"wp:term":[{"taxonomy":"product_brand","embeddable":true,"href":"https:\/\/roveyayinevi.com.tr\/index.php\/wp-json\/wp\/v2\/product_brand?post=706964"},{"taxonomy":"product_cat","embeddable":true,"href":"https:\/\/roveyayinevi.com.tr\/index.php\/wp-json\/wp\/v2\/product_cat?post=706964"},{"taxonomy":"product_tag","embeddable":true,"href":"https:\/\/roveyayinevi.com.tr\/index.php\/wp-json\/wp\/v2\/product_tag?post=706964"}],"curies":[{"name":"wp","href":"https:\/\/api.w.org\/{rel}","templated":true}]}}