{"id":706962,"date":"2025-08-27T16:01:13","date_gmt":"2025-08-27T13:01:13","guid":{"rendered":"https:\/\/roveyayinevi.com.tr\/index.php\/urun\/liberalizmi-yeniden-dusunmek\/"},"modified":"2026-04-16T02:15:40","modified_gmt":"2026-04-15T23:15:40","slug":"liberalizmi-yeniden-dusunmek","status":"publish","type":"product","link":"https:\/\/roveyayinevi.com.tr\/index.php\/urun\/liberalizmi-yeniden-dusunmek\/","title":{"rendered":"Liberalizmi Yeniden D\u00fc\u015f\u00fcnmek"},"content":{"rendered":"<p>Anatole France \u015f\u00f6yle s\u00f6ylemi\u015fti: &#8220;Majesteleri Yasa E\u015fitli\u011fi, zenginlere de yoksullara da ekmek \u00e7al\u0131p k\u00f6pr\u00fc alt\u0131nda ya\u015famay\u0131 e\u015fit bi\u00e7imde yasaklar!&#8221;Y\u00fczlerce y\u0131l \u00f6nce, liberal s\u00f6ylemin e\u015fitsizli\u011fi g\u00f6r\u00fcnmez k\u0131ld\u0131\u011f\u0131n\u0131 s\u00f6ylemek yeterli olabilirdi belki; g\u00fcn\u00fcm\u00fcz neo-liberal politikalar\u0131na bakarak, art\u0131k bunun bir kural haline geldi\u011fi s\u00f6ylenebilir.Bu kitap bizi, i\u00e7inde ya\u015famakta oldu\u011fumuz ve sorgulamaks\u0131z\u0131n kabul etti\u011fimiz d\u00fcnya d\u00fczenini ba\u015fka bir g\u00f6zle g\u00f6rmeye \u00e7a\u011f\u0131r\u0131yor.<\/p>\n","protected":false},"excerpt":{"rendered":"<p>Anatole France \u015f\u00f6yle s\u00f6ylemi\u015fti: &#8220;Majesteleri Yasa E\u015fitli\u011fi, zenginlere de yoksullara da ekmek \u00e7al\u0131p k\u00f6pr\u00fc alt\u0131nda ya\u015famay\u0131 e\u015fit bi\u00e7imde yasaklar!&#8221;Y\u00fczlerce y\u0131l \u00f6nce, liberal s\u00f6ylemin e\u015fitsizli\u011fi g\u00f6r\u00fcnmez k\u0131ld\u0131\u011f\u0131n\u0131<span class=\"excerpt-hellip\"> [\u2026]<\/span><\/p>\n","protected":false},"featured_media":0,"template":"","meta":{"_monsterinsights_skip_tracking":false,"_monsterinsights_sitenote_active":false,"_monsterinsights_sitenote_note":"","_monsterinsights_sitenote_category":0},"product_brand":[],"product_cat":[20333,13043],"product_tag":[],"class_list":{"0":"post-706962","1":"product","2":"type-product","3":"status-publish","5":"product_cat-diger-ekonomi","6":"product_cat-ekonomi","7":"pa_cilt-ciltsiz","8":"pa_tur-kitap","9":"pa_yayinevi-efil-yayinevi","10":"pa_yazar-metin-sarfati","12":"first","13":"instock","14":"sale","15":"shipping-taxable","16":"purchasable","17":"product-type-simple"},"_links":{"self":[{"href":"https:\/\/roveyayinevi.com.tr\/index.php\/wp-json\/wp\/v2\/product\/706962","targetHints":{"allow":["GET"]}}],"collection":[{"href":"https:\/\/roveyayinevi.com.tr\/index.php\/wp-json\/wp\/v2\/product"}],"about":[{"href":"https:\/\/roveyayinevi.com.tr\/index.php\/wp-json\/wp\/v2\/types\/product"}],"wp:attachment":[{"href":"https:\/\/roveyayinevi.com.tr\/index.php\/wp-json\/wp\/v2\/media?parent=706962"}],"wp:term":[{"taxonomy":"product_brand","embeddable":true,"href":"https:\/\/roveyayinevi.com.tr\/index.php\/wp-json\/wp\/v2\/product_brand?post=706962"},{"taxonomy":"product_cat","embeddable":true,"href":"https:\/\/roveyayinevi.com.tr\/index.php\/wp-json\/wp\/v2\/product_cat?post=706962"},{"taxonomy":"product_tag","embeddable":true,"href":"https:\/\/roveyayinevi.com.tr\/index.php\/wp-json\/wp\/v2\/product_tag?post=706962"}],"curies":[{"name":"wp","href":"https:\/\/api.w.org\/{rel}","templated":true}]}}