{"id":706935,"date":"2025-08-27T16:01:03","date_gmt":"2025-08-27T13:01:03","guid":{"rendered":"https:\/\/roveyayinevi.com.tr\/index.php\/urun\/cocuk-ruh-sagligi\/"},"modified":"2026-04-16T02:15:39","modified_gmt":"2026-04-15T23:15:39","slug":"cocuk-ruh-sagligi","status":"publish","type":"product","link":"https:\/\/roveyayinevi.com.tr\/index.php\/urun\/cocuk-ruh-sagligi\/","title":{"rendered":"\u00c7ocuk Ruh Sa\u011fl\u0131\u011f\u0131"},"content":{"rendered":"<p>Sa\u011fl\u0131kl\u0131, mutlu, ba\u015far\u0131l\u0131 ve huzurlu \u00e7ocuklar yeti\u015ftirmek hem ailelerin hem de e\u011fitimcilerin temel amac\u0131d\u0131r. Bu ama\u00e7 do\u011frultusunda \u00e7a\u011f\u0131n gereksinimlerine ayak uydurabilen, geli\u015fiminin ve ihtiya\u00e7lar\u0131n\u0131n fark\u0131nda olan, beden ve ruh sa\u011fl\u0131\u011f\u0131 yerinde \u00e7ocuklar yeti\u015ftirmeyi hedeflerler. Ancak, bu b\u00fcy\u00fck sorumluluk bazen sevin\u00e7, mutluluk ve gururu, bazen de \u00f6nemli sorunlar\u0131 beraberinde getirir. \u00d6zellikle h\u0131zla geli\u015fen bilim ve teknolojinin yaratt\u0131\u011f\u0131 sorunlar ve g\u00fcn\u00fcm\u00fcz\u00fcn a\u011f\u0131r ya\u015fam ko\u015fullar\u0131 yeti\u015fkinlerin oldu\u011fu kadar \u00e7ocuklar\u0131n da ruh sa\u011fl\u0131\u011f\u0131n\u0131 olumsuz y\u00f6nde etkiler ve ne yaz\u0131k ki ba\u015flang\u0131\u00e7ta k\u00fc\u00e7\u00fck olan sorunlar birbiriyle etkile\u015fime girerek devle\u015fir. \u0130\u015fte sorunlar ve bilinmeyenlerle dolu bu zor s\u00fcre\u00e7te, \u00e7ocuklar\u0131m\u0131z\u0131 ne kadar iyi tan\u0131rsak ve onlarla ne kadar sa\u011fl\u0131kl\u0131 ili\u015fkiler kurarsak, o oranda ba\u015far\u0131l\u0131 olabilir ve ruh sa\u011fl\u0131\u011f\u0131 yerinde bireyler yeti\u015ftirebiliriz. Aksi takdirde sa\u011fl\u0131kl\u0131 bir toplum olu\u015fturmak ve sa\u011fl\u0131kl\u0131 bir gelecek in\u015fa etmek m\u00fcmk\u00fcn de\u011fildir.Bu do\u011frultuda, \u00c7ocuk Ruh Sa\u011fl\u0131\u011f\u0131 kitab\u0131 \u00e7ocu\u011fun geli\u015fimi ve e\u011fitimi ile ilgilenen ki\u015filere; \u00e7ocu\u011fun ruhsal \u00f6zelliklerini tan\u0131tman\u0131n yan\u0131 s\u0131ra geli\u015fimindeki aksakl\u0131klar\u0131n olabildi\u011fince erken belirlenmesine rehberlik etmesi amac\u0131yla haz\u0131rlanm\u0131\u015ft\u0131r. Ayr\u0131ca kitab\u0131n ilgili alan dersleri i\u00e7in de \u00f6nemli bir kaynak olaca\u011f\u0131 d\u00fc\u015f\u00fcn\u00fclmektedir.Deneyimli akademisyenlerin uzmanl\u0131k alanlar\u0131na g\u00f6re haz\u0131rlad\u0131klar\u0131 kitap on b\u00f6l\u00fcmden olu\u015fmaktad\u0131r. Kitab\u0131n; Birinci b\u00f6l\u00fcm\u00fcnde; ruh sa\u011fl\u0131\u011f\u0131n\u0131n tan\u0131m\u0131, \u00f6nemi ve ilgili kavramlar, \u0130kinci b\u00f6l\u00fcm\u00fcnde; \u00e7ocuk ruh sa\u011fl\u0131\u011f\u0131 ile ilgili kuramlar, \u00dc\u00e7\u00fcnc\u00fc b\u00f6l\u00fcm\u00fcnde; \u00e7ocuklar\u0131 tan\u0131ma ve de\u011ferlendirme, D\u00f6rd\u00fcnc\u00fc b\u00f6l\u00fcm\u00fcnde; \u00e7ocuk ve aile i\u00e7i ili\u015fkiler, Be\u015finci b\u00f6l\u00fcm\u00fcnde; aile i\u00e7indeki \u00f6zel durumlar ve \u00e7ocuk, Alt\u0131nc\u0131 b\u00f6l\u00fcm\u00fcnde; okul ve \u00e7ocuk, Yedinci b\u00f6l\u00fcm\u00fcnde; \u00f6zel e\u011fitime gereksinimi olan \u00e7ocuklar\u0131n ruh sa\u011fl\u0131\u011f\u0131, Sekizinci b\u00f6l\u00fcm\u00fcnde; \u00e7ocuklarda uyum ve davran\u0131\u015f problemleri, Dokuzuncu b\u00f6l\u00fcm\u00fcnde; erken \u00e7ocukluk d\u00f6neminde savunma mekanizmalar\u0131, Onuncu b\u00f6l\u00fcm\u00fcnde ise; erken \u00e7ocukluk d\u00f6neminde siber sa\u011fl\u0131k konular\u0131na yer verilmi\u015ftir. <\/p>\n","protected":false},"excerpt":{"rendered":"<p>Sa\u011fl\u0131kl\u0131, mutlu, ba\u015far\u0131l\u0131 ve huzurlu \u00e7ocuklar yeti\u015ftirmek hem ailelerin hem de e\u011fitimcilerin temel amac\u0131d\u0131r. Bu ama\u00e7 do\u011frultusunda \u00e7a\u011f\u0131n gereksinimlerine ayak uydurabilen, geli\u015fiminin ve ihtiya\u00e7lar\u0131n\u0131n fark\u0131nda olan,<span class=\"excerpt-hellip\"> [\u2026]<\/span><\/p>\n","protected":false},"featured_media":0,"template":"","meta":{"_monsterinsights_skip_tracking":false,"_monsterinsights_sitenote_active":false,"_monsterinsights_sitenote_note":"","_monsterinsights_sitenote_category":0},"product_brand":[],"product_cat":[12312,12304],"product_tag":[],"class_list":{"0":"post-706935","1":"product","2":"type-product","3":"status-publish","5":"product_cat-diger","6":"product_cat-tarih","7":"pa_cilt-ciltsiz","8":"pa_tur-kitap","9":"pa_yayinevi-egiten-kitap","10":"pa_yazar-arzu-ozyurek","12":"first","13":"instock","14":"sale","15":"shipping-taxable","16":"purchasable","17":"product-type-simple"},"_links":{"self":[{"href":"https:\/\/roveyayinevi.com.tr\/index.php\/wp-json\/wp\/v2\/product\/706935","targetHints":{"allow":["GET"]}}],"collection":[{"href":"https:\/\/roveyayinevi.com.tr\/index.php\/wp-json\/wp\/v2\/product"}],"about":[{"href":"https:\/\/roveyayinevi.com.tr\/index.php\/wp-json\/wp\/v2\/types\/product"}],"wp:attachment":[{"href":"https:\/\/roveyayinevi.com.tr\/index.php\/wp-json\/wp\/v2\/media?parent=706935"}],"wp:term":[{"taxonomy":"product_brand","embeddable":true,"href":"https:\/\/roveyayinevi.com.tr\/index.php\/wp-json\/wp\/v2\/product_brand?post=706935"},{"taxonomy":"product_cat","embeddable":true,"href":"https:\/\/roveyayinevi.com.tr\/index.php\/wp-json\/wp\/v2\/product_cat?post=706935"},{"taxonomy":"product_tag","embeddable":true,"href":"https:\/\/roveyayinevi.com.tr\/index.php\/wp-json\/wp\/v2\/product_tag?post=706935"}],"curies":[{"name":"wp","href":"https:\/\/api.w.org\/{rel}","templated":true}]}}