{"id":706933,"date":"2025-08-27T16:01:02","date_gmt":"2025-08-27T13:01:02","guid":{"rendered":"https:\/\/roveyayinevi.com.tr\/index.php\/urun\/ilk-etkinlik-kitabim-dusunme-becerileri-kavram-renk\/"},"modified":"2026-04-16T02:15:39","modified_gmt":"2026-04-15T23:15:39","slug":"ilk-etkinlik-kitabim-dusunme-becerileri-kavram-renk","status":"publish","type":"product","link":"https:\/\/roveyayinevi.com.tr\/index.php\/urun\/ilk-etkinlik-kitabim-dusunme-becerileri-kavram-renk\/","title":{"rendered":"\u0130lk Etkinlik Kitab\u0131m: D\u00fc\u015f\u00fcnme Becerileri Kavram \/ Renk"},"content":{"rendered":"<p>&#8220;D\u00fc\u015f\u00fcnme Becerileri Kavram \/ Renk&#8221; kitab\u0131yla soyut olan kavramlar m\u00fcmk\u00fcn oldu\u011funca somutla\u015ft\u0131r\u0131lm\u0131\u015ft\u0131r. Kavramlar ve renklerin kavrat\u0131lmas\u0131nda yard\u0131mc\u0131 olacak bili\u015fsel etkinliklere yer verilmi\u015ftir.<\/p>\n","protected":false},"excerpt":{"rendered":"<p>&#8220;D\u00fc\u015f\u00fcnme Becerileri Kavram \/ Renk&#8221; kitab\u0131yla soyut olan kavramlar m\u00fcmk\u00fcn oldu\u011funca somutla\u015ft\u0131r\u0131lm\u0131\u015ft\u0131r. Kavramlar ve renklerin kavrat\u0131lmas\u0131nda yard\u0131mc\u0131 olacak bili\u015fsel etkinliklere yer verilmi\u015ftir.<\/p>\n","protected":false},"featured_media":0,"template":"","meta":{"_monsterinsights_skip_tracking":false,"_monsterinsights_sitenote_active":false,"_monsterinsights_sitenote_note":"","_monsterinsights_sitenote_category":0},"product_brand":[],"product_cat":[12274,15842],"product_tag":[],"class_list":{"0":"post-706933","1":"product","2":"type-product","3":"status-publish","5":"product_cat-cocuk-ve-genclik-kitaplari","6":"product_cat-egitici-kitaplar","7":"pa_cilt-ciltsiz","8":"pa_tur-kitap","9":"pa_yayinevi-erdem-yayinlari","10":"pa_yazar-kolektif","12":"first","13":"instock","14":"sale","15":"shipping-taxable","16":"purchasable","17":"product-type-simple"},"_links":{"self":[{"href":"https:\/\/roveyayinevi.com.tr\/index.php\/wp-json\/wp\/v2\/product\/706933","targetHints":{"allow":["GET"]}}],"collection":[{"href":"https:\/\/roveyayinevi.com.tr\/index.php\/wp-json\/wp\/v2\/product"}],"about":[{"href":"https:\/\/roveyayinevi.com.tr\/index.php\/wp-json\/wp\/v2\/types\/product"}],"wp:attachment":[{"href":"https:\/\/roveyayinevi.com.tr\/index.php\/wp-json\/wp\/v2\/media?parent=706933"}],"wp:term":[{"taxonomy":"product_brand","embeddable":true,"href":"https:\/\/roveyayinevi.com.tr\/index.php\/wp-json\/wp\/v2\/product_brand?post=706933"},{"taxonomy":"product_cat","embeddable":true,"href":"https:\/\/roveyayinevi.com.tr\/index.php\/wp-json\/wp\/v2\/product_cat?post=706933"},{"taxonomy":"product_tag","embeddable":true,"href":"https:\/\/roveyayinevi.com.tr\/index.php\/wp-json\/wp\/v2\/product_tag?post=706933"}],"curies":[{"name":"wp","href":"https:\/\/api.w.org\/{rel}","templated":true}]}}