{"id":706925,"date":"2025-08-27T16:00:59","date_gmt":"2025-08-27T13:00:59","guid":{"rendered":"https:\/\/roveyayinevi.com.tr\/index.php\/urun\/sherlock-lupen-ve-ben-7-kral-kobra-bilmecesi\/"},"modified":"2025-11-22T03:55:41","modified_gmt":"2025-11-22T00:55:41","slug":"sherlock-lupen-ve-ben-7-kral-kobra-bilmecesi","status":"publish","type":"product","link":"https:\/\/roveyayinevi.com.tr\/index.php\/urun\/sherlock-lupen-ve-ben-7-kral-kobra-bilmecesi\/","title":{"rendered":"Sherlock Lupen ve Ben 7:  Kral Kobra Bilmecesi"},"content":{"rendered":"<p>S\u0131rad\u0131\u015f\u0131 \u00fc\u00e7 \u00e7ocuk, birbirinden kopmayan \u00fc\u00e7 arkada\u015f. Su\u00e7lular d\u00fcnyas\u0131nda iz b\u0131rakacak \u00fc\u00e7 zihin. Nefes kesen bir macera serisi. Babas\u0131yla birlikte Londra\u2019ya geri d\u00f6nen Irene, sevgili arkada\u015flar\u0131 Sherlock ve Arsen\u2019le yeniden bulu\u015fuyor. Fakat buna sevinecek zaman bulamadan tats\u0131z bir olay evlerinin huzur unu alt \u00fcst ediyor: Adler ailesinin de\u011ferli kahyas\u0131 Orazio Nelson, ard\u0131nda sadece birka\u00e7 sat\u0131rl\u0131k bir not b\u0131rakarak aniden kay\u0131plara kar\u0131\u015f\u0131yor. Irene, \u00e7ok de\u011fer verdi\u011fi Bay Nelson\u2019un bu ani yok olu\u015funun ard\u0131nda bir \u015feyler gizlendi\u011fine inand\u0131\u011f\u0131ndan arkada\u015flar\u0131n\u0131n yard\u0131m\u0131yla bu i\u015fi ara\u015ft\u0131rmaya karar veriyor.B\u00f6ylece \u00fc\u00e7 arkada\u015f kendilerini, Londra Liman\u0131\u2019nda ya\u015fanan esrarengiz bir cinayetin etraf\u0131nda d\u00fc\u011f\u00fcmlenen bir bilmeceyle kar\u015f\u0131 kar\u015f\u0131ya buluyorlar.<\/p>\n","protected":false},"excerpt":{"rendered":"<p>S\u0131rad\u0131\u015f\u0131 \u00fc\u00e7 \u00e7ocuk, birbirinden kopmayan \u00fc\u00e7 arkada\u015f. Su\u00e7lular d\u00fcnyas\u0131nda iz b\u0131rakacak \u00fc\u00e7 zihin. Nefes kesen bir macera serisi. Babas\u0131yla birlikte Londra\u2019ya geri d\u00f6nen Irene, sevgili arkada\u015flar\u0131<span class=\"excerpt-hellip\"> [\u2026]<\/span><\/p>\n","protected":false},"featured_media":0,"template":"","meta":{"_monsterinsights_skip_tracking":false,"_monsterinsights_sitenote_active":false,"_monsterinsights_sitenote_note":"","_monsterinsights_sitenote_category":0},"product_brand":[],"product_cat":[12275,12274],"product_tag":[],"class_list":{"0":"post-706925","1":"product","2":"type-product","3":"status-publish","5":"product_cat-6-12-yas-kitaplari","6":"product_cat-cocuk-ve-genclik-kitaplari","7":"pa_cilt-ciltsiz","8":"pa_tur-kitap","9":"pa_yayinevi-dogan-egmont-yayincilik","10":"pa_yazar-irene-adler","12":"first","13":"instock","14":"sale","15":"shipping-taxable","16":"purchasable","17":"product-type-simple"},"_links":{"self":[{"href":"https:\/\/roveyayinevi.com.tr\/index.php\/wp-json\/wp\/v2\/product\/706925","targetHints":{"allow":["GET"]}}],"collection":[{"href":"https:\/\/roveyayinevi.com.tr\/index.php\/wp-json\/wp\/v2\/product"}],"about":[{"href":"https:\/\/roveyayinevi.com.tr\/index.php\/wp-json\/wp\/v2\/types\/product"}],"wp:attachment":[{"href":"https:\/\/roveyayinevi.com.tr\/index.php\/wp-json\/wp\/v2\/media?parent=706925"}],"wp:term":[{"taxonomy":"product_brand","embeddable":true,"href":"https:\/\/roveyayinevi.com.tr\/index.php\/wp-json\/wp\/v2\/product_brand?post=706925"},{"taxonomy":"product_cat","embeddable":true,"href":"https:\/\/roveyayinevi.com.tr\/index.php\/wp-json\/wp\/v2\/product_cat?post=706925"},{"taxonomy":"product_tag","embeddable":true,"href":"https:\/\/roveyayinevi.com.tr\/index.php\/wp-json\/wp\/v2\/product_tag?post=706925"}],"curies":[{"name":"wp","href":"https:\/\/api.w.org\/{rel}","templated":true}]}}