{"id":706922,"date":"2025-08-27T16:00:58","date_gmt":"2025-08-27T13:00:58","guid":{"rendered":"https:\/\/roveyayinevi.com.tr\/index.php\/urun\/allahin-adiyla-oku\/"},"modified":"2026-04-16T02:15:39","modified_gmt":"2026-04-15T23:15:39","slug":"allahin-adiyla-oku","status":"publish","type":"product","link":"https:\/\/roveyayinevi.com.tr\/index.php\/urun\/allahin-adiyla-oku\/","title":{"rendered":"Allah\u0131n Ad\u0131yla Oku"},"content":{"rendered":"<p>Kuran&#8217;\u0131 anlamadan okumak Kuran&#8217;a hizmet mi ediyor yoksa Kuran d\u00fc\u015fmanlar\u0131na m\u0131 hizmet ediyor? 19. y\u00fczy\u0131l\u0131n sonlar\u0131na do\u011fru \u0130ngiliz S\u00f6m\u00fcrge Bakan\u0131 daha sonra ba\u015fbakan olmu\u015ftur. \u0130ngiliz senatosunda \u015f\u00f6yle bir konu\u015fma yapm\u0131\u015ft\u0131r: &#8220;Bu Kuran M\u00fcsl\u00fcmanlar\u0131n elinden al\u0131nmad\u0131k\u00e7a onlara h\u00e2kim olamayaca\u011f\u0131z. Ne kadar u\u011fra\u015f\u0131rsak u\u011fra\u015fal\u0131m, bu Kuran&#8217;\u0131 onlar\u0131n elinden de alam\u0131yoruz. Onlar\u0131 \u00f6yle bir hale getirece\u011fiz ki, Kuran&#8217;\u0131 okuyacaklar fakat manas\u0131n\u0131 anlamayacaklar.&#8221; Diyanet \u0130\u015fleri Ba\u015fkanl\u0131\u011f\u0131n\u0131n yapt\u0131\u011f\u0131 ara\u015ft\u0131rmaya g\u00f6re, \u00fclkemizde kendini M\u00fcsl\u00fcman olarak tarif eden 65 ya\u015f \u00fcst\u00fc insanlar\u0131n yar\u0131s\u0131ndan \u00e7o\u011fu Kuran&#8217;\u0131 T\u00fcrk\u00e7e olarak hi\u00e7 okumam\u0131\u015f!  D\u00fc\u015f\u00fcnebiliyor musunuz? Bu d\u00fcnyadaki hayat\u0131m\u0131z son bulduktan sonra Allah(c.c)&#8217;in kar\u015f\u0131s\u0131na hangi y\u00fczle \u00e7\u0131kaca\u011f\u0131z? &#8220;Ben size okuyup \u00f6\u011f\u00fct alas\u0131n\u0131z diye bir kitap g\u00f6nderdim. Siz o kitab\u0131 okuyup \u00f6\u011f\u00fct ald\u0131n\u0131z m\u0131?&#8221; diye sordu\u011funda verece\u011fimiz cevap ne olacak? <\/p>\n","protected":false},"excerpt":{"rendered":"<p>Kuran&#8217;\u0131 anlamadan okumak Kuran&#8217;a hizmet mi ediyor yoksa Kuran d\u00fc\u015fmanlar\u0131na m\u0131 hizmet ediyor? 19. y\u00fczy\u0131l\u0131n sonlar\u0131na do\u011fru \u0130ngiliz S\u00f6m\u00fcrge Bakan\u0131 daha sonra ba\u015fbakan olmu\u015ftur. \u0130ngiliz senatosunda<span class=\"excerpt-hellip\"> [\u2026]<\/span><\/p>\n","protected":false},"featured_media":0,"template":"","meta":{"_monsterinsights_skip_tracking":false,"_monsterinsights_sitenote_active":false,"_monsterinsights_sitenote_note":"","_monsterinsights_sitenote_category":0},"product_brand":[],"product_cat":[19998,12388],"product_tag":[],"class_list":{"0":"post-706922","1":"product","2":"type-product","3":"status-publish","5":"product_cat-din-felsefesi","6":"product_cat-felsefe","7":"pa_cilt-ciltsiz","8":"pa_tur-kitap","9":"pa_yayinevi-dokuz-yayinlari","10":"pa_yazar-mehmet-islam","12":"first","13":"instock","14":"sale","15":"shipping-taxable","16":"purchasable","17":"product-type-simple"},"_links":{"self":[{"href":"https:\/\/roveyayinevi.com.tr\/index.php\/wp-json\/wp\/v2\/product\/706922","targetHints":{"allow":["GET"]}}],"collection":[{"href":"https:\/\/roveyayinevi.com.tr\/index.php\/wp-json\/wp\/v2\/product"}],"about":[{"href":"https:\/\/roveyayinevi.com.tr\/index.php\/wp-json\/wp\/v2\/types\/product"}],"wp:attachment":[{"href":"https:\/\/roveyayinevi.com.tr\/index.php\/wp-json\/wp\/v2\/media?parent=706922"}],"wp:term":[{"taxonomy":"product_brand","embeddable":true,"href":"https:\/\/roveyayinevi.com.tr\/index.php\/wp-json\/wp\/v2\/product_brand?post=706922"},{"taxonomy":"product_cat","embeddable":true,"href":"https:\/\/roveyayinevi.com.tr\/index.php\/wp-json\/wp\/v2\/product_cat?post=706922"},{"taxonomy":"product_tag","embeddable":true,"href":"https:\/\/roveyayinevi.com.tr\/index.php\/wp-json\/wp\/v2\/product_tag?post=706922"}],"curies":[{"name":"wp","href":"https:\/\/api.w.org\/{rel}","templated":true}]}}

Allahın Adıyla Oku

<p>Kuran&#8217;ı anlamadan okumak Kuran&#8217;a hizmet mi ediyor yoksa Kuran düşmanlarına mı hizmet ediyor? 19. yüzyılın sonlarına doğru İngiliz Sömürge Bakanı daha sonra başbakan olmuştur. İngiliz senatosunda şöyle bir konuşma yapmıştır: &#8220;Bu Kuran Müslümanların elinden alınmadıkça onlara hâkim olamayacağız. Ne kadar uğraşırsak uğraşalım, bu Kuran&#8217;ı onların elinden de alamıyoruz. Onları öyle bir hale getireceğiz ki, Kuran&#8217;ı okuyacaklar fakat manasını anlamayacaklar.&#8221; Diyanet İşleri Başkanlığının yaptığı araştırmaya göre, ülkemizde kendini Müslüman olarak tarif eden 65 yaş üstü insanların yarısından çoğu Kuran&#8217;ı Türkçe olarak hiç okumamış!  Düşünebiliyor musunuz? Bu dünyadaki hayatımız son bulduktan sonra Allah(c.c)&#8217;in karşısına hangi yüzle çıkacağız? &#8220;Ben size okuyup öğüt alasınız diye bir kitap gönderdim. Siz o kitabı okuyup öğüt aldınız mı?&#8221; diye sorduğunda vereceğimiz cevap ne olacak? </p>

<p>Kuran&#8217;ı anlamadan okumak Kuran&#8217;a hizmet mi ediyor yoksa Kuran düşmanlarına mı hizmet ediyor? 19. yüzyılın sonlarına doğru İngiliz Sömürge Bakanı daha sonra başbakan olmuştur. İngiliz senatosunda<span class="excerpt-hellip"> […]</span></p>
