{"id":706870,"date":"2025-08-27T16:00:39","date_gmt":"2025-08-27T13:00:39","guid":{"rendered":"https:\/\/roveyayinevi.com.tr\/index.php\/urun\/donusum-10\/"},"modified":"2026-04-12T02:18:46","modified_gmt":"2026-04-11T23:18:46","slug":"donusum-10","status":"publish","type":"product","link":"https:\/\/roveyayinevi.com.tr\/index.php\/urun\/donusum-10\/","title":{"rendered":"D\u00f6n\u00fc\u015f\u00fcm"},"content":{"rendered":"<p>Gregor Samsa bir b\u00f6cek miydi? Bir sabah uyand\u0131\u011f\u0131m\u0131zda devasa bir b\u00f6cek olarak kendimizi g\u00f6rmemizin ger\u00e7ek nedeni neydi? Ya da k\u00fc\u00e7\u00fcc\u00fck, zavall\u0131 bir mahl\u00fbkat gibi evle i\u015f aras\u0131nda me-kik dokuyan, yozla\u015fm\u0131\u015f ili\u015fkileriyle kendine esir olmu\u015f modern insan\u0131n en ger\u00e7ek\u00e7i tasviri miy-di bu? \u0130\u00e7 d\u00fcnyam\u0131zda ya\u015fam kar\u015f\u0131s\u0131nda itiraf edemedi\u011fimiz b\u00f6cek\u00e7il tepkilerle neden y\u00fcz y\u0131ld\u0131r Kafka\u2019n\u0131n bu trajik fig\u00fcr\u00fcne kay\u0131ts\u0131z kalam\u0131yoruz? Bu tekd\u00fcze d\u00fcnyada yava\u015f yava\u015f insan olma vasf\u0131n\u0131 kaybeden, ba\u015fka bir canl\u0131 t\u00fcr\u00fcne d\u00f6n\u00fc\u015fen bir varolu\u015fun, kendi i\u00e7ine hapsolan, kabu\u011fu i\u00e7inde yal\u0131t\u0131lm\u0131\u015f bir \u015fekilde b\u00f6ceklerden beter bir ya\u015fam s\u00fcren modern bireyin hakikatini mi duyuyoruz bu kitapta. Evet, sakin ve temaya uygun bir \u015fekilde anlat\u0131lan bu hik\u00e2ye \u00e7\u0131\u011fl\u0131k \u00e7\u0131\u011fl\u0131\u011fa bir kehanet, bir uyar\u0131 ve bir tokatt\u0131r asl\u0131nda. B\u00f6cek-le\u015fen zihinler, alg\u0131 d\u00fcnyalar\u0131, ya\u015famlar\u2026 O bizim uydurdu\u011fumuz bir masal ya da hik\u00e2ye de\u011fil, bizzat ya\u015fad\u0131\u011f\u0131m\u0131z hayat\u0131n ta kendisidir: Bir b\u00f6ce\u011fe d\u00f6n\u00fc\u015fen Gregor Samsa de\u011fil de modern d\u00fcnyada t\u00fcm bu i\u00e7ine do\u011fulan ko\u015fullar\u0131 kabul eden bizim, bu d\u00f6n\u00fc\u015f\u00fcm\u00fc yad\u0131rgamayan ve ka-n\u0131ksayan zihin ve duygu d\u00fcnyam\u0131z\u0131n biricik \u00f6yk\u00fcs\u00fcd\u00fcr. <\/p>\n","protected":false},"excerpt":{"rendered":"<p>Gregor Samsa bir b\u00f6cek miydi? Bir sabah uyand\u0131\u011f\u0131m\u0131zda devasa bir b\u00f6cek olarak kendimizi g\u00f6rmemizin ger\u00e7ek nedeni neydi? Ya da k\u00fc\u00e7\u00fcc\u00fck, zavall\u0131 bir mahl\u00fbkat gibi evle i\u015f<span class=\"excerpt-hellip\"> [\u2026]<\/span><\/p>\n","protected":false},"featured_media":0,"template":"","meta":{"_monsterinsights_skip_tracking":false,"_monsterinsights_sitenote_active":false,"_monsterinsights_sitenote_note":"","_monsterinsights_sitenote_category":0},"product_brand":[],"product_cat":[12291,12711],"product_tag":[],"class_list":{"0":"post-706870","1":"product","2":"type-product","3":"status-publish","5":"product_cat-edebiyat","6":"product_cat-roman-oyku","7":"pa_cilt-ciltsiz","8":"pa_tur-kitap","9":"pa_yayinevi-dogu-bati-yayinlari","10":"pa_yazar-franz-kafka","12":"first","13":"instock","14":"sale","15":"shipping-taxable","16":"purchasable","17":"product-type-simple"},"_links":{"self":[{"href":"https:\/\/roveyayinevi.com.tr\/index.php\/wp-json\/wp\/v2\/product\/706870","targetHints":{"allow":["GET"]}}],"collection":[{"href":"https:\/\/roveyayinevi.com.tr\/index.php\/wp-json\/wp\/v2\/product"}],"about":[{"href":"https:\/\/roveyayinevi.com.tr\/index.php\/wp-json\/wp\/v2\/types\/product"}],"wp:attachment":[{"href":"https:\/\/roveyayinevi.com.tr\/index.php\/wp-json\/wp\/v2\/media?parent=706870"}],"wp:term":[{"taxonomy":"product_brand","embeddable":true,"href":"https:\/\/roveyayinevi.com.tr\/index.php\/wp-json\/wp\/v2\/product_brand?post=706870"},{"taxonomy":"product_cat","embeddable":true,"href":"https:\/\/roveyayinevi.com.tr\/index.php\/wp-json\/wp\/v2\/product_cat?post=706870"},{"taxonomy":"product_tag","embeddable":true,"href":"https:\/\/roveyayinevi.com.tr\/index.php\/wp-json\/wp\/v2\/product_tag?post=706870"}],"curies":[{"name":"wp","href":"https:\/\/api.w.org\/{rel}","templated":true}]}}