{"id":706859,"date":"2025-08-27T16:00:35","date_gmt":"2025-08-27T13:00:35","guid":{"rendered":"https:\/\/roveyayinevi.com.tr\/index.php\/urun\/izmir-hayaletleri\/"},"modified":"2026-04-16T02:15:38","modified_gmt":"2026-04-15T23:15:38","slug":"izmir-hayaletleri","status":"publish","type":"product","link":"https:\/\/roveyayinevi.com.tr\/index.php\/urun\/izmir-hayaletleri\/","title":{"rendered":"\u0130zmir Hayaletleri"},"content":{"rendered":"<p>\u201cSmyrna\u2019n\u0131n b\u00fct\u00fcn sokaklar\u0131 denize g\u00f6t\u00fcr\u00fcrd\u00fc insan\u0131; denize paralel uzanan sokaklarda bile, ad\u0131m ba\u015f\u0131 soka\u011f\u0131 dik kesen yan sokaklar, darac\u0131k ge\u00e7itler insan\u0131 yolunu de\u011fi\u015ftirmeye davet eder, burnuna iyot kokusunu, kula\u011f\u0131na suyun hafif \u00e7alkant\u0131s\u0131n\u0131 \u00fcflerdi.\u201dLoren Edizel\u2019in ilk kez 2008 y\u0131l\u0131nda yay\u0131mlanan ve \u00f6vg\u00fcyle kar\u015f\u0131lanan \u0130zmir Hayaletleri isimli roman\u0131, Delidolu Yay\u0131nlar\u0131\u2019n\u0131n g\u00f6zden ge\u00e7irilmi\u015f yepyeni bask\u0131s\u0131yla edebiyatseverlerin be\u011fenisine sunuluyor.\u0130zmir Hayaletleri, Birinci D\u00fcnya Sava\u015f\u0131\u2019ndan Kurtulu\u015f Sava\u015f\u0131\u2019na uzanan, pek \u00e7ok karakterin ve farkl\u0131 tarihi olay\u0131n i\u00e7 i\u00e7e ge\u00e7erek \u00e7ok katmanl\u0131 bir hikayeye d\u00f6n\u00fc\u015ft\u00fc\u011f\u00fc; kent tarihi, kom\u015fuluk, k\u00fclt\u00fcrel miras gibi sosyal temalardan esinlenilerek yo\u011frulmu\u015f girift bir roman.Jakob, Birinci D\u00fcnya Sava\u015f\u0131 s\u0131ras\u0131nda Osmanl\u0131 Devleti i\u00e7in sava\u015fmaya \u015eam\u2019a g\u00f6nderilir ve bir daha da kendisinden haber al\u0131namaz. \u0130zmir\u2019in orta halli mahallesi Aya Katerina\u2019da ya\u015fayan ailesi t\u00fcm \u00e7abalar\u0131na ra\u011fmen ona ne oldu\u011funu hi\u00e7bir zaman tam olarak \u00f6\u011frenemez. \u00d6nce annesini \u015fimdi de babas\u0131n\u0131 kaybeden Niko, b\u00fcy\u00fckannesi Mari, d\u00e2hilikle delilik aras\u0131nda gidip gelen amcas\u0131 Polikarp ve ressam halas\u0131 Elena\u2019yla birlikte b\u00fcy\u00fcr. Bu \u00e7ok dinli ve \u00e7ok dilli d\u00fcnya i\u00e7inde olup biten her \u015feyi haf\u0131zas\u0131na i\u015fleyen, kendini her an tekinsiz bir atmosfer i\u00e7inde bulan Niko, ya\u015fad\u0131\u011f\u0131 duygusal sars\u0131nt\u0131dan kurtulmaya \u00e7al\u0131\u015f\u0131rken kendini tarihin tozlu sayfalar\u0131nda bulur\u2026Levanten yazar Loren Edizel\u2019in, \u0130zmir\u2019in \u00e7okk\u00fclt\u00fcrl\u00fc kimli\u011finden ilham alarak kurgulad\u0131\u011f\u0131, y\u00fczy\u0131llar boyunca birbirine kar\u0131\u015farak bir b\u00fct\u00fcne d\u00f6n\u00fc\u015fen hayatlara, kimliklere, dillere ve k\u00fclt\u00fcrlere de\u011finerek benzersiz bir edebiyat deneyimine imza att\u0131\u011f\u0131 bu roman, Roza Hakmen\u2019in titiz \u00e7evirisiyle T\u00fcrkiye\u2019deki okurlarla bulu\u015fuyor.&#8221;Kaybolmu\u015f bir \u015fehre, insanlar\u0131na ve her \u015feyden \u00e7ok bir zamanlar \u015fehre hayat vermi\u015f, bi\u00e7imlendirmi\u015f, sonra da yok olmu\u015f ba\u011flar\u0131na dair etkileyici ve duygu dolu bir roman.\u201dCarole Giangrande, Yazar<\/p>\n","protected":false},"excerpt":{"rendered":"<p>\u201cSmyrna\u2019n\u0131n b\u00fct\u00fcn sokaklar\u0131 denize g\u00f6t\u00fcr\u00fcrd\u00fc insan\u0131; denize paralel uzanan sokaklarda bile, ad\u0131m ba\u015f\u0131 soka\u011f\u0131 dik kesen yan sokaklar, darac\u0131k ge\u00e7itler insan\u0131 yolunu de\u011fi\u015ftirmeye davet eder, burnuna<span class=\"excerpt-hellip\"> [\u2026]<\/span><\/p>\n","protected":false},"featured_media":0,"template":"","meta":{"_monsterinsights_skip_tracking":false,"_monsterinsights_sitenote_active":false,"_monsterinsights_sitenote_note":"","_monsterinsights_sitenote_category":0},"product_brand":[],"product_cat":[12291,12711],"product_tag":[],"class_list":{"0":"post-706859","1":"product","2":"type-product","3":"status-publish","5":"product_cat-edebiyat","6":"product_cat-roman-oyku","7":"pa_cilt-ciltsiz","8":"pa_tur-kitap","9":"pa_yayinevi-delidolu","10":"pa_yazar-loren-edizel","12":"first","13":"instock","14":"sale","15":"shipping-taxable","16":"purchasable","17":"product-type-simple"},"_links":{"self":[{"href":"https:\/\/roveyayinevi.com.tr\/index.php\/wp-json\/wp\/v2\/product\/706859","targetHints":{"allow":["GET"]}}],"collection":[{"href":"https:\/\/roveyayinevi.com.tr\/index.php\/wp-json\/wp\/v2\/product"}],"about":[{"href":"https:\/\/roveyayinevi.com.tr\/index.php\/wp-json\/wp\/v2\/types\/product"}],"wp:attachment":[{"href":"https:\/\/roveyayinevi.com.tr\/index.php\/wp-json\/wp\/v2\/media?parent=706859"}],"wp:term":[{"taxonomy":"product_brand","embeddable":true,"href":"https:\/\/roveyayinevi.com.tr\/index.php\/wp-json\/wp\/v2\/product_brand?post=706859"},{"taxonomy":"product_cat","embeddable":true,"href":"https:\/\/roveyayinevi.com.tr\/index.php\/wp-json\/wp\/v2\/product_cat?post=706859"},{"taxonomy":"product_tag","embeddable":true,"href":"https:\/\/roveyayinevi.com.tr\/index.php\/wp-json\/wp\/v2\/product_tag?post=706859"}],"curies":[{"name":"wp","href":"https:\/\/api.w.org\/{rel}","templated":true}]}}