{"id":706834,"date":"2025-08-27T15:59:50","date_gmt":"2025-08-27T12:59:50","guid":{"rendered":"https:\/\/roveyayinevi.com.tr\/index.php\/urun\/herkes-kendi-hayatinin-kahramani\/"},"modified":"2026-04-16T02:15:37","modified_gmt":"2026-04-15T23:15:37","slug":"herkes-kendi-hayatinin-kahramani","status":"publish","type":"product","link":"https:\/\/roveyayinevi.com.tr\/index.php\/urun\/herkes-kendi-hayatinin-kahramani\/","title":{"rendered":"Herkes Kendi Hayat\u0131n\u0131n Kahraman\u0131"},"content":{"rendered":"<p>\u201cG\u00fcc\u00fcn\u00fcz yeterse kendi ruhunuzla tan\u0131\u015f\u0131n, ahbapl\u0131\u011f\u0131n zevkine var\u0131n, kendinize samimi olman\u0131n hafifli\u011fini ya\u015fay\u0131n, yetmiyorsa bu mecralardan uzak durun.\u201dPsikiyatrist Dr. G\u00fclcan \u00d6zer, hayata dair biriktirdiklerini, dileklerini, arkan\u0131za bakmadan ka\u00e7\u0131n dediklerini, hayat\u0131n, kararlar\u0131n ve kederlerin insana ait ve biricik oldu\u011funu,do\u011fru ya\u015fam\u0131n bir kural\u0131 olmad\u0131\u011f\u0131n\u0131, insan\u0131n kendisiyle, ge\u00e7mi\u015fiyle ve muhtemel gelece\u011fiyle ba\u015f edebilmesinin \u00f6nko\u015fulunun kendisini, ge\u00e7mi\u015fini ve muhtemel gelece\u011finiiyisiyle k\u00f6t\u00fcs\u00fcyle do\u011fru okumaktan ge\u00e7ti\u011fini anlat\u0131yor. G\u00fclcan \u00d6zer, ikili ili\u015fkilere dayand\u0131rd\u0131\u011f\u0131 bu ilk kitab\u0131Herkes Kendi Hayat\u0131n\u0131n Kahraman\u0131\u2019nda, \u201cA\u015fk nedir, iyi midir k\u00f6t\u00fc m\u00fcd\u00fcr, biter mi, ilk a\u015fk en \u015fahanesi midir, a\u015fk\u0131n g\u00f6z\u00fck\u00f6r m\u00fc, illa \u00e2\u015f\u0131k olunmal\u0131 m\u0131?\u201d sorular\u0131yla ba\u015fl\u0131yor s\u00f6zlerine.Onun kelam\u0131yla s\u00f6yleyelim: \u201c\u0130stedi\u011finizi al\u0131n, istemedi\u011finizi b\u0131rak\u0131n\u2026\u201d<\/p>\n","protected":false},"excerpt":{"rendered":"<p>\u201cG\u00fcc\u00fcn\u00fcz yeterse kendi ruhunuzla tan\u0131\u015f\u0131n, ahbapl\u0131\u011f\u0131n zevkine var\u0131n, kendinize samimi olman\u0131n hafifli\u011fini ya\u015fay\u0131n, yetmiyorsa bu mecralardan uzak durun.\u201dPsikiyatrist Dr. G\u00fclcan \u00d6zer, hayata dair biriktirdiklerini, dileklerini, arkan\u0131za<span class=\"excerpt-hellip\"> [\u2026]<\/span><\/p>\n","protected":false},"featured_media":0,"template":"","meta":{"_monsterinsights_skip_tracking":false,"_monsterinsights_sitenote_active":false,"_monsterinsights_sitenote_note":"","_monsterinsights_sitenote_category":0},"product_brand":[],"product_cat":[12291,12711],"product_tag":[],"class_list":{"0":"post-706834","1":"product","2":"type-product","3":"status-publish","5":"product_cat-edebiyat","6":"product_cat-roman-oyku","7":"pa_cilt-ciltsiz","8":"pa_tur-kitap","9":"pa_yayinevi-dogan-kitap","10":"pa_yazar-gulcan-ozer","12":"first","13":"instock","14":"sale","15":"shipping-taxable","16":"purchasable","17":"product-type-simple"},"_links":{"self":[{"href":"https:\/\/roveyayinevi.com.tr\/index.php\/wp-json\/wp\/v2\/product\/706834","targetHints":{"allow":["GET"]}}],"collection":[{"href":"https:\/\/roveyayinevi.com.tr\/index.php\/wp-json\/wp\/v2\/product"}],"about":[{"href":"https:\/\/roveyayinevi.com.tr\/index.php\/wp-json\/wp\/v2\/types\/product"}],"wp:attachment":[{"href":"https:\/\/roveyayinevi.com.tr\/index.php\/wp-json\/wp\/v2\/media?parent=706834"}],"wp:term":[{"taxonomy":"product_brand","embeddable":true,"href":"https:\/\/roveyayinevi.com.tr\/index.php\/wp-json\/wp\/v2\/product_brand?post=706834"},{"taxonomy":"product_cat","embeddable":true,"href":"https:\/\/roveyayinevi.com.tr\/index.php\/wp-json\/wp\/v2\/product_cat?post=706834"},{"taxonomy":"product_tag","embeddable":true,"href":"https:\/\/roveyayinevi.com.tr\/index.php\/wp-json\/wp\/v2\/product_tag?post=706834"}],"curies":[{"name":"wp","href":"https:\/\/api.w.org\/{rel}","templated":true}]}}