{"id":706833,"date":"2025-08-27T15:59:50","date_gmt":"2025-08-27T12:59:50","guid":{"rendered":"https:\/\/roveyayinevi.com.tr\/index.php\/urun\/dikenler-ve-guller-sarayi\/"},"modified":"2026-04-08T02:20:27","modified_gmt":"2026-04-07T23:20:27","slug":"dikenler-ve-guller-sarayi","status":"publish","type":"product","link":"https:\/\/roveyayinevi.com.tr\/index.php\/urun\/dikenler-ve-guller-sarayi\/","title":{"rendered":"Dikenler ve G\u00fcller Saray\u0131"},"content":{"rendered":"<p>K\u0131\u015f \u00e7ok a\u011f\u0131r ge\u00e7iyor. Feyre ailesini beslemek zorunda\u2026Bir g\u00fcn, avlan\u0131rken av olmamak i\u00e7in \u00f6ld\u00fcrd\u00fc\u011f\u00fc kurdun intikam\u0131n\u0131 almaya gelen bir canavar \u00e7al\u0131yor kap\u0131s\u0131n\u0131. Ama Feyre\u2019yi almaya gelen canavar bir hayvan de\u011fil, Tamlin&#8230; Bir zamanlar d\u00fcnyay\u0131 y\u00f6neten \u00f6l\u00fcmc\u00fcl, \u00f6l\u00fcms\u00fcz perilerden biri. Feyre\u2019nin, hayat\u0131 boyunca deh\u015fet dolu hik\u00e2yelerini dinledi\u011fi perilerin diyar\u0131nda yasamaya ba\u015flamas\u0131yla d\u00fcnyas\u0131 alt\u00fcst oluyor. Kendini bildi bileli hissetti\u011fi \u015fiddetli d\u00fc\u015fmanl\u0131k bu g\u00fczel ama tehlikeli \u00fclkede bamba\u015fka bir boyut kazan\u0131yor. Feyre\u2019nin \u00e7ok \u00f6nemli bir g\u00f6revi var: \u00dclkenin \u00fcst\u00fcne gittik\u00e7e \u00e7\u00f6ken eski, karanl\u0131k g\u00f6lgenin onu yok etmesini \u00f6nlemek. Dikenler ve G\u00fcller Saray\u0131 dizisinin bu ilk kitab\u0131yla yolunuz, nefes kesici bir maceraya ve beklenmedik b\u00fcy\u00fcleyici bir aska a\u00e7\u0131l\u0131yor. Sarah J. Maas\u2019\u0131n bu serisi, George R. R. Martin tarz\u0131n\u0131 seven kitap kurtlar\u0131 i\u00e7in ideal!\u201cHem tutkulu ve romantik, hem de vah\u015fi; \u00e7ok g\u00fczel yaz\u0131lm\u0131\u015f bir efsane. Kesinlikle muhte\u015fem.\u201dNew York Times \u00e7ok satanlar listesi yazarlar\u0131ndan Alexandra Bracken<\/p>\n","protected":false},"excerpt":{"rendered":"<p>K\u0131\u015f \u00e7ok a\u011f\u0131r ge\u00e7iyor. Feyre ailesini beslemek zorunda\u2026Bir g\u00fcn, avlan\u0131rken av olmamak i\u00e7in \u00f6ld\u00fcrd\u00fc\u011f\u00fc kurdun intikam\u0131n\u0131 almaya gelen bir canavar \u00e7al\u0131yor kap\u0131s\u0131n\u0131. Ama Feyre\u2019yi almaya gelen<span class=\"excerpt-hellip\"> [\u2026]<\/span><\/p>\n","protected":false},"featured_media":0,"template":"","meta":{"_monsterinsights_skip_tracking":false,"_monsterinsights_sitenote_active":false,"_monsterinsights_sitenote_note":"","_monsterinsights_sitenote_category":0},"product_brand":[],"product_cat":[12291,12711],"product_tag":[],"class_list":{"0":"post-706833","1":"product","2":"type-product","3":"status-publish","5":"product_cat-edebiyat","6":"product_cat-roman-oyku","7":"pa_cilt-ciltsiz","8":"pa_tur-kitap","9":"pa_yayinevi-dex-yayinevi","10":"pa_yazar-sarah-j-maas","12":"first","13":"instock","14":"sale","15":"shipping-taxable","16":"purchasable","17":"product-type-simple"},"_links":{"self":[{"href":"https:\/\/roveyayinevi.com.tr\/index.php\/wp-json\/wp\/v2\/product\/706833","targetHints":{"allow":["GET"]}}],"collection":[{"href":"https:\/\/roveyayinevi.com.tr\/index.php\/wp-json\/wp\/v2\/product"}],"about":[{"href":"https:\/\/roveyayinevi.com.tr\/index.php\/wp-json\/wp\/v2\/types\/product"}],"wp:attachment":[{"href":"https:\/\/roveyayinevi.com.tr\/index.php\/wp-json\/wp\/v2\/media?parent=706833"}],"wp:term":[{"taxonomy":"product_brand","embeddable":true,"href":"https:\/\/roveyayinevi.com.tr\/index.php\/wp-json\/wp\/v2\/product_brand?post=706833"},{"taxonomy":"product_cat","embeddable":true,"href":"https:\/\/roveyayinevi.com.tr\/index.php\/wp-json\/wp\/v2\/product_cat?post=706833"},{"taxonomy":"product_tag","embeddable":true,"href":"https:\/\/roveyayinevi.com.tr\/index.php\/wp-json\/wp\/v2\/product_tag?post=706833"}],"curies":[{"name":"wp","href":"https:\/\/api.w.org\/{rel}","templated":true}]}}