{"id":706832,"date":"2025-08-27T15:59:49","date_gmt":"2025-08-27T12:59:49","guid":{"rendered":"https:\/\/roveyayinevi.com.tr\/index.php\/urun\/sevgili-bill\/"},"modified":"2026-04-16T02:15:37","modified_gmt":"2026-04-15T23:15:37","slug":"sevgili-bill","status":"publish","type":"product","link":"https:\/\/roveyayinevi.com.tr\/index.php\/urun\/sevgili-bill\/","title":{"rendered":"Sevgili Bill"},"content":{"rendered":"<p>&#8220;Sevgili Bill, Mektubun i\u00e7in te\u015fekk\u00fcr ederim. San\u0131r\u0131m seninle iyi anla\u015faca\u011f\u0131z \u00e7\u00fcnk\u00fc ben de masa tenisi oynamay\u0131 ve \u00e7izgi film izlemeyi seviyorum. \u00d6\u011fretmenim diyor ki, t\u00fcm s\u0131n\u0131f sene sonuna kadar iyi notlar al\u0131rsak sizin okulunuzu ziyarete gelecekmi\u015fiz. B\u00f6ylece seninle tan\u0131\u015f\u0131r\u0131z. Sen ger\u00e7ekten mavi misin? Ne kadar \u015fansl\u0131s\u0131n! Bense k\u00fc\u00e7\u00fck ve griyim. Alt\u0131 aya\u011f\u0131m var. Karde\u015fin var m\u0131? Oyun hamurlar\u0131n\u0131 sever misin? Kendine iyi bak,Oskar&#8221; Ahtapot Bill ile Kar\u0131nca Oskar aras\u0131ndaki mektup arkada\u015fl\u0131\u011f\u0131n\u0131 konu alan Sevgili Bill, ilk\u00f6\u011fretim m\u00fcfredat\u0131nda bulunan mektupla\u015fma konusunu farkl\u0131l\u0131klara ra\u011fmen arkada\u015f olabilme ana temas\u0131yla anlatan e\u011flenceli bir kitap. Fransa&#8217;n\u0131n \u00f6nemli \u00e7izerlerinden Alexandra Pichard taraf\u0131ndan yaz\u0131lan ve resimlendirilen Sevgili Bill&#8217;in T\u00fcrk\u00e7e bask\u0131s\u0131nda MEB&#8217;in tavsiye etti\u011fi el yaz\u0131s\u0131 tipi kullan\u0131ld\u0131. <\/p>\n","protected":false},"excerpt":{"rendered":"<p>&#8220;Sevgili Bill, Mektubun i\u00e7in te\u015fekk\u00fcr ederim. San\u0131r\u0131m seninle iyi anla\u015faca\u011f\u0131z \u00e7\u00fcnk\u00fc ben de masa tenisi oynamay\u0131 ve \u00e7izgi film izlemeyi seviyorum. \u00d6\u011fretmenim diyor ki, t\u00fcm s\u0131n\u0131f<span class=\"excerpt-hellip\"> [\u2026]<\/span><\/p>\n","protected":false},"featured_media":0,"template":"","meta":{"_monsterinsights_skip_tracking":false,"_monsterinsights_sitenote_active":false,"_monsterinsights_sitenote_note":"","_monsterinsights_sitenote_category":0},"product_brand":[],"product_cat":[12275,12274],"product_tag":[],"class_list":{"0":"post-706832","1":"product","2":"type-product","3":"status-publish","5":"product_cat-6-12-yas-kitaplari","6":"product_cat-cocuk-ve-genclik-kitaplari","7":"pa_cilt-ciltsiz","8":"pa_tur-kitap","9":"pa_yayinevi-domingo-yayinevi","10":"pa_yazar-alexandra-pichard","12":"first","13":"instock","14":"sale","15":"shipping-taxable","16":"purchasable","17":"product-type-simple"},"_links":{"self":[{"href":"https:\/\/roveyayinevi.com.tr\/index.php\/wp-json\/wp\/v2\/product\/706832","targetHints":{"allow":["GET"]}}],"collection":[{"href":"https:\/\/roveyayinevi.com.tr\/index.php\/wp-json\/wp\/v2\/product"}],"about":[{"href":"https:\/\/roveyayinevi.com.tr\/index.php\/wp-json\/wp\/v2\/types\/product"}],"wp:attachment":[{"href":"https:\/\/roveyayinevi.com.tr\/index.php\/wp-json\/wp\/v2\/media?parent=706832"}],"wp:term":[{"taxonomy":"product_brand","embeddable":true,"href":"https:\/\/roveyayinevi.com.tr\/index.php\/wp-json\/wp\/v2\/product_brand?post=706832"},{"taxonomy":"product_cat","embeddable":true,"href":"https:\/\/roveyayinevi.com.tr\/index.php\/wp-json\/wp\/v2\/product_cat?post=706832"},{"taxonomy":"product_tag","embeddable":true,"href":"https:\/\/roveyayinevi.com.tr\/index.php\/wp-json\/wp\/v2\/product_tag?post=706832"}],"curies":[{"name":"wp","href":"https:\/\/api.w.org\/{rel}","templated":true}]}}