{"id":706820,"date":"2025-08-27T15:59:45","date_gmt":"2025-08-27T12:59:45","guid":{"rendered":"https:\/\/roveyayinevi.com.tr\/index.php\/urun\/tut-elimden-allahim\/"},"modified":"2026-04-16T02:15:37","modified_gmt":"2026-04-15T23:15:37","slug":"tut-elimden-allahim","status":"publish","type":"product","link":"https:\/\/roveyayinevi.com.tr\/index.php\/urun\/tut-elimden-allahim\/","title":{"rendered":"Tut Elimden Allah\u0131m"},"content":{"rendered":"<p>\u0130nsan\u0131n yarat\u0131l\u0131\u015f sebebi duad\u0131r&#8230;G\u00fcn\u00fcm\u00fczde huzursuzlu\u011fumuzun sebebi, inand\u0131\u011f\u0131m\u0131z Allah\u2019a g\u00fcvenmememiz, mutsuzlu\u011fun sebeplerini yanl\u0131\u015f adreslerde aramam\u0131zd\u0131r. \u0130sterken muhta\u00e7m\u0131\u015f gibi de\u011fil de, hak etmi\u015f biri gibi istiyoruz, sanki kendimiz istemek zorunda de\u011filiz de, Allah vermek zorundaym\u0131\u015f gibi davran\u0131yoruz. Unutmay\u0131n, bizler Allah\u2019\u0131n kullar\u0131y\u0131z. Amac\u0131m\u0131za ula\u015famay\u0131nca hemen s\u0131rt\u0131m\u0131z\u0131 d\u00f6n\u00fcp, \u201c\u0130stiyorum ama bir t\u00fcrl\u00fc vermiyor!\u201d diyemeyiz. O vermese, isteme arzusunu da vermezdi. Rahman\u0131n kap\u0131s\u0131 isyan de\u011fil, isteme kap\u0131s\u0131d\u0131r. \u0130nsan, Allah\u2019a y\u00fcrekten ihtiya\u00e7 hissetmeli. Her kasan\u0131n \u015fifresi ayn\u0131 olmad\u0131\u011f\u0131 gibi, her derdin derman\u0131 da ayn\u0131 de\u011fil. Allah\u2019tan istedi\u011fimiz \u015feylerde, yanl\u0131\u015f \u015fifreleri kullan\u0131yoruz. Demek ki istemeyi bilmiyoruz.S\u00f6z\u00fcn \u00f6z\u00fc \u015fu ki, Allah\u2019tan bir \u015feyin nas\u0131l istenece\u011finin \u015fifresini Kuran bize bildirmi\u015ftir ve elinizde tuttu\u011funuz bu kitap size bu konuda rehber olacakt\u0131r.<\/p>\n","protected":false},"excerpt":{"rendered":"<p>\u0130nsan\u0131n yarat\u0131l\u0131\u015f sebebi duad\u0131r&#8230;G\u00fcn\u00fcm\u00fczde huzursuzlu\u011fumuzun sebebi, inand\u0131\u011f\u0131m\u0131z Allah\u2019a g\u00fcvenmememiz, mutsuzlu\u011fun sebeplerini yanl\u0131\u015f adreslerde aramam\u0131zd\u0131r. \u0130sterken muhta\u00e7m\u0131\u015f gibi de\u011fil de, hak etmi\u015f biri gibi istiyoruz, sanki kendimiz<span class=\"excerpt-hellip\"> [\u2026]<\/span><\/p>\n","protected":false},"featured_media":0,"template":"","meta":{"_monsterinsights_skip_tracking":false,"_monsterinsights_sitenote_active":false,"_monsterinsights_sitenote_note":"","_monsterinsights_sitenote_category":0},"product_brand":[],"product_cat":[19998,12388],"product_tag":[],"class_list":{"0":"post-706820","1":"product","2":"type-product","3":"status-publish","5":"product_cat-din-felsefesi","6":"product_cat-felsefe","7":"pa_cilt-ciltsiz","8":"pa_tur-kitap","9":"pa_yayinevi-destek-yayinlari","10":"pa_yazar-erol-cali","12":"first","13":"instock","14":"sale","15":"shipping-taxable","16":"purchasable","17":"product-type-simple"},"_links":{"self":[{"href":"https:\/\/roveyayinevi.com.tr\/index.php\/wp-json\/wp\/v2\/product\/706820","targetHints":{"allow":["GET"]}}],"collection":[{"href":"https:\/\/roveyayinevi.com.tr\/index.php\/wp-json\/wp\/v2\/product"}],"about":[{"href":"https:\/\/roveyayinevi.com.tr\/index.php\/wp-json\/wp\/v2\/types\/product"}],"wp:attachment":[{"href":"https:\/\/roveyayinevi.com.tr\/index.php\/wp-json\/wp\/v2\/media?parent=706820"}],"wp:term":[{"taxonomy":"product_brand","embeddable":true,"href":"https:\/\/roveyayinevi.com.tr\/index.php\/wp-json\/wp\/v2\/product_brand?post=706820"},{"taxonomy":"product_cat","embeddable":true,"href":"https:\/\/roveyayinevi.com.tr\/index.php\/wp-json\/wp\/v2\/product_cat?post=706820"},{"taxonomy":"product_tag","embeddable":true,"href":"https:\/\/roveyayinevi.com.tr\/index.php\/wp-json\/wp\/v2\/product_tag?post=706820"}],"curies":[{"name":"wp","href":"https:\/\/api.w.org\/{rel}","templated":true}]}}