{"id":706806,"date":"2025-08-27T15:59:39","date_gmt":"2025-08-27T12:59:39","guid":{"rendered":"https:\/\/roveyayinevi.com.tr\/index.php\/urun\/frankfurt-okulu-3\/"},"modified":"2026-04-16T02:15:37","modified_gmt":"2026-04-15T23:15:37","slug":"frankfurt-okulu-3","status":"publish","type":"product","link":"https:\/\/roveyayinevi.com.tr\/index.php\/urun\/frankfurt-okulu-3\/","title":{"rendered":"Frankfurt Okulu"},"content":{"rendered":"<p>Frankfurt Okulu, Bat\u0131 d\u00fc\u015f\u00fcnce tarihinin en bunal\u0131ml\u0131 y\u0131llar\u0131nda bir k\u0131r\u0131lma \u00e2n\u0131na rastlar. Bir grup entelekt\u00fcel, kapitalizm ve fa\u015fizm i\u00e7in alternatif say\u0131labilecek d\u00fcnya g\u00f6r\u00fc\u015flerini \u201cFrankfurt Okulu\u201d \u00e7at\u0131s\u0131 alt\u0131nda bir araya toplam\u0131\u015flard\u0131. Adorno, Horkheimer, Benjamin, Marcuse, Fromm \u2013m\u00fcteakiben Habermas\u2013 ve bu \u00e7evrenin di\u011fer mensuplar\u0131, ge\u00e7mi\u015fin kat\u0131 ve gelece\u011fin umutsuz g\u00f6r\u00fcnd\u00fc\u011f\u00fc bir zaman dilimi aras\u0131nda s\u0131k\u0131\u015fm\u0131\u015flard\u0131. Ama gene de Bat\u0131 d\u00fc\u015f\u00fcncesini yeniden yorumlayabilecek kayda de\u011fer yap\u0131tlar\u0131 onlar ortaya koymu\u015ftu. Ayd\u0131nlanman\u0131n Diyalekti\u011fi, Negatif Diyalektik, Pasajlar, Tek Boyutlu \u0130nsan, Us ve Devrim, MinimaMoralia gibi yap\u0131tlar Frankfurt Okulu\u2019nun \u201copus magnum\u201dlar\u0131d\u0131r. Frankfurt Okulu \u00fcyeleri bir yandan \u201cKapitalizmi konu\u015fmuyorsan\u0131z fa\u015fizm konusunda da sessiz kalmal\u0131s\u0131n\u0131z\u201d derken, di\u011fer yandan dogmatik pozitivizme, bilimcili\u011fe ve ortodoksMarksizme kar\u015f\u0131 \u00e7\u0131k\u0131yorlard\u0131. Bu kar\u015f\u0131 \u00e7\u0131k\u0131\u015f\u0131n alt\u0131nda ise Bat\u0131 d\u00fc\u015f\u00fcnce gelene\u011fince m\u00fctemadiyen tahrip edilmi\u015f \u201c\u00f6zne\u201dnin g\u00fc\u00e7l\u00fc isyan\u0131 vard\u0131. Frankfurt Okulu Hegel, Marx ve Weber okumalar\u0131ndan estetik ve sanatsal g\u00f6r\u00fc\u015flere, ideoloji tariflerinden, pop\u00fcler k\u00fclt\u00fcr ve medya ele\u015ftirilerine kadar bir\u00e7ok alanda etkili olabilmi\u015f en verimli, en g\u00f6zde ve ayn\u0131 zamanda trajedi sesinin doruklara t\u0131rmand\u0131\u011f\u0131 okullardan biridir. Alan\u0131n\u0131n en se\u00e7kin isimleri taraf\u0131ndan olu\u015fan bu kitap Frankfurt Okulu\u2019na n\u00fcfuz eden kapsaml\u0131 ve derinlikli makaleleri bir araya getiriyor. <\/p>\n","protected":false},"excerpt":{"rendered":"<p>Frankfurt Okulu, Bat\u0131 d\u00fc\u015f\u00fcnce tarihinin en bunal\u0131ml\u0131 y\u0131llar\u0131nda bir k\u0131r\u0131lma \u00e2n\u0131na rastlar. Bir grup entelekt\u00fcel, kapitalizm ve fa\u015fizm i\u00e7in alternatif say\u0131labilecek d\u00fcnya g\u00f6r\u00fc\u015flerini \u201cFrankfurt Okulu\u201d \u00e7at\u0131s\u0131<span class=\"excerpt-hellip\"> [\u2026]<\/span><\/p>\n","protected":false},"featured_media":0,"template":"","meta":{"_monsterinsights_skip_tracking":false,"_monsterinsights_sitenote_active":false,"_monsterinsights_sitenote_note":"","_monsterinsights_sitenote_category":0},"product_brand":[],"product_cat":[12388,15536],"product_tag":[],"class_list":{"0":"post-706806","1":"product","2":"type-product","3":"status-publish","5":"product_cat-felsefe","6":"product_cat-siyaset-felsefesi","7":"pa_cilt-ciltsiz","8":"pa_tur-dergi","9":"pa_yayinevi-dogu-bati-yayinlari","10":"pa_yazar-kolektif","12":"first","13":"instock","14":"sale","15":"shipping-taxable","16":"purchasable","17":"product-type-simple"},"_links":{"self":[{"href":"https:\/\/roveyayinevi.com.tr\/index.php\/wp-json\/wp\/v2\/product\/706806","targetHints":{"allow":["GET"]}}],"collection":[{"href":"https:\/\/roveyayinevi.com.tr\/index.php\/wp-json\/wp\/v2\/product"}],"about":[{"href":"https:\/\/roveyayinevi.com.tr\/index.php\/wp-json\/wp\/v2\/types\/product"}],"wp:attachment":[{"href":"https:\/\/roveyayinevi.com.tr\/index.php\/wp-json\/wp\/v2\/media?parent=706806"}],"wp:term":[{"taxonomy":"product_brand","embeddable":true,"href":"https:\/\/roveyayinevi.com.tr\/index.php\/wp-json\/wp\/v2\/product_brand?post=706806"},{"taxonomy":"product_cat","embeddable":true,"href":"https:\/\/roveyayinevi.com.tr\/index.php\/wp-json\/wp\/v2\/product_cat?post=706806"},{"taxonomy":"product_tag","embeddable":true,"href":"https:\/\/roveyayinevi.com.tr\/index.php\/wp-json\/wp\/v2\/product_tag?post=706806"}],"curies":[{"name":"wp","href":"https:\/\/api.w.org\/{rel}","templated":true}]}}