{"id":706802,"date":"2025-08-27T15:59:38","date_gmt":"2025-08-27T12:59:38","guid":{"rendered":"https:\/\/roveyayinevi.com.tr\/index.php\/urun\/bir-delinin-mal-beyani\/"},"modified":"2026-04-16T02:15:37","modified_gmt":"2026-04-15T23:15:37","slug":"bir-delinin-mal-beyani","status":"publish","type":"product","link":"https:\/\/roveyayinevi.com.tr\/index.php\/urun\/bir-delinin-mal-beyani\/","title":{"rendered":"Bir Delinin Mal Beyan\u0131"},"content":{"rendered":"<p>-av\u015fa adas\u0131nda \u00fc\u00e7 daire d\u00f6rt \u00fc\u00e7gen be\u015f dikd\u00f6rtgen-\u00fc\u00e7 tas has ho\u015faf-g\u00f6ky\u00fcz\u00fcnde bir bulut yery\u00fcz\u00fcnde iki tilki tiki-bitliste be\u015f minare kastamonuda \u00fc\u00e7 kasto-biri yazl\u0131k biri k\u0131\u015fl\u0131k iki platonik sevgili-b\u00fcro mobilyas\u0131 ve \u00e7elik kap\u0131 \u00fcreten bir fabrikan\u0131n \u00f6\u011fle\u00fcst\u00fc yaslan\u0131p sigara i\u00e7ilen beyaz duvar\u0131-\u0131sl\u0131kla da \u00e7al\u0131nabilen d\u00f6rt anonim t\u00fcrk\u00fc-paland\u00f6kende bir palan iki d\u00f6ken-do\u011fuya do\u011fru \u00fc\u00e7 fay hatt\u0131-bir \u00e7ar\u015famba iki per\u015fembe \u00fc\u00e7 cuma-d\u00fcnyada mekan ahirette iman-denizde kum uzayda yer\u00e7ekimsizlik-bir \u00e7uval gazoz kapa\u011f\u0131-bir kiprit kutusu dolusu sigara izmariti-on sekiz sa\u00e7 biti-biri ingilizce alt\u0131 adet a\u011f\u0131r k\u00fcf\u00fcr-yirmi tane bo\u015f laylon po\u015fet-sevenlerin kalbinde kurulmu\u015f tahta bir taht-bir s\u00fcr\u00fc sa\u00e7 sakal k\u0131l t\u00fcy y\u00fcn-iki b\u00fcy\u00fck tatak-bir ayakkab\u0131 \u00e7ekece\u011fi<\/p>\n","protected":false},"excerpt":{"rendered":"<p>-av\u015fa adas\u0131nda \u00fc\u00e7 daire d\u00f6rt \u00fc\u00e7gen be\u015f dikd\u00f6rtgen-\u00fc\u00e7 tas has ho\u015faf-g\u00f6ky\u00fcz\u00fcnde bir bulut yery\u00fcz\u00fcnde iki tilki tiki-bitliste be\u015f minare kastamonuda \u00fc\u00e7 kasto-biri yazl\u0131k biri k\u0131\u015fl\u0131k iki<span class=\"excerpt-hellip\"> [\u2026]<\/span><\/p>\n","protected":false},"featured_media":0,"template":"","meta":{"_monsterinsights_skip_tracking":false,"_monsterinsights_sitenote_active":false,"_monsterinsights_sitenote_note":"","_monsterinsights_sitenote_category":0},"product_brand":[],"product_cat":[12291,14825],"product_tag":[],"class_list":{"0":"post-706802","1":"product","2":"type-product","3":"status-publish","5":"product_cat-edebiyat","6":"product_cat-mizah","7":"pa_cilt-ciltsiz","8":"pa_tur-kitap","9":"pa_yayinevi-cinar-yayinlari","10":"pa_yazar-metin-ustundag","12":"first","13":"instock","14":"sale","15":"shipping-taxable","16":"purchasable","17":"product-type-simple"},"_links":{"self":[{"href":"https:\/\/roveyayinevi.com.tr\/index.php\/wp-json\/wp\/v2\/product\/706802","targetHints":{"allow":["GET"]}}],"collection":[{"href":"https:\/\/roveyayinevi.com.tr\/index.php\/wp-json\/wp\/v2\/product"}],"about":[{"href":"https:\/\/roveyayinevi.com.tr\/index.php\/wp-json\/wp\/v2\/types\/product"}],"wp:attachment":[{"href":"https:\/\/roveyayinevi.com.tr\/index.php\/wp-json\/wp\/v2\/media?parent=706802"}],"wp:term":[{"taxonomy":"product_brand","embeddable":true,"href":"https:\/\/roveyayinevi.com.tr\/index.php\/wp-json\/wp\/v2\/product_brand?post=706802"},{"taxonomy":"product_cat","embeddable":true,"href":"https:\/\/roveyayinevi.com.tr\/index.php\/wp-json\/wp\/v2\/product_cat?post=706802"},{"taxonomy":"product_tag","embeddable":true,"href":"https:\/\/roveyayinevi.com.tr\/index.php\/wp-json\/wp\/v2\/product_tag?post=706802"}],"curies":[{"name":"wp","href":"https:\/\/api.w.org\/{rel}","templated":true}]}}