{"id":706762,"date":"2025-08-27T15:59:19","date_gmt":"2025-08-27T12:59:19","guid":{"rendered":"https:\/\/roveyayinevi.com.tr\/index.php\/urun\/askin-sonu-cinayettir\/"},"modified":"2026-04-16T02:15:36","modified_gmt":"2026-04-15T23:15:36","slug":"askin-sonu-cinayettir","status":"publish","type":"product","link":"https:\/\/roveyayinevi.com.tr\/index.php\/urun\/askin-sonu-cinayettir\/","title":{"rendered":"A\u015fk\u0131n Sonu Cinayettir"},"content":{"rendered":"<p>Mine S\u00f6\u011f\u00fct\u2019\u00fcn P\u0131nar K\u00fcr ile yapt\u0131\u011f\u0131 uzun sohbetin kitab\u0131 A\u015fk\u0131n Sonu Cinayettir, bir kad\u0131n yazar\u0131n d\u00fcnyas\u0131na bir ba\u015fka kad\u0131n yazar\u0131n rehberli\u011finde yap\u0131lan bir ziyaret.\u201cA\u015fk\u0131n o zamanki tan\u0131m\u0131 neydi sizin i\u00e7in?\u201d\u201c\u0130nsan gen\u00e7ken a\u015fk\u0131n tan\u0131m\u0131n\u0131 yapmay\u0131 d\u00fc\u015f\u00fcnm\u00fcyor ki, ya\u015f\u0131yor sadece ve biraz aptalca. A\u015fk\u0131n tan\u0131m\u0131n\u0131 yapmak i\u00e7in onu birka\u00e7 kez ya\u015famak, ya\u015f\u0131n da k\u0131rka gelmesi gerekiyor galiba.Gen\u00e7ken derin sand\u0131\u011f\u0131n duygular asl\u0131nda epeyce y\u00fczeysel. Olanaklar\u0131n s\u0131n\u0131rs\u0131z, vaktin sonsuz san\u0131yorsun&#8230; Daha do\u011frusu pek d\u00fc\u015f\u00fcnm\u00fcyorsun, hayat\u0131n bir s\u00fcr\u00fc son i\u00e7erdi\u011fini akl\u0131na getirmiyorsun.Gene de, o zaman bilincinde de\u011fildim tabii, ileriki y\u0131llarda yapt\u0131\u011f\u0131m analizler sonucu anlad\u0131m ki, a\u015fk benim i\u00e7in her zaman mutluluktan \u00e7ok mutsuzlu\u011fu i\u00e7ermi\u015f.En mutlu oldu\u011fumu sand\u0131\u011f\u0131m anlarda hep mutsuzlu\u011fu beklemi\u015fim.Son diye bir \u015feyi akl\u0131ma getirmedi\u011fim zaman bile bilin\u00e7alt\u0131mda bir yerde haz\u0131rlan\u0131yormu\u015fum sona. Bitmeyen a\u015fk yok yani, ama bunu sonra konu\u015furuz.\u201d <\/p>\n","protected":false},"excerpt":{"rendered":"<p>Mine S\u00f6\u011f\u00fct\u2019\u00fcn P\u0131nar K\u00fcr ile yapt\u0131\u011f\u0131 uzun sohbetin kitab\u0131 A\u015fk\u0131n Sonu Cinayettir, bir kad\u0131n yazar\u0131n d\u00fcnyas\u0131na bir ba\u015fka kad\u0131n yazar\u0131n rehberli\u011finde yap\u0131lan bir ziyaret.\u201cA\u015fk\u0131n o zamanki<span class=\"excerpt-hellip\"> [\u2026]<\/span><\/p>\n","protected":false},"featured_media":0,"template":"","meta":{"_monsterinsights_skip_tracking":false,"_monsterinsights_sitenote_active":false,"_monsterinsights_sitenote_note":"","_monsterinsights_sitenote_category":0},"product_brand":[],"product_cat":[12364,12826],"product_tag":[],"class_list":{"0":"post-706762","1":"product","2":"type-product","3":"status-publish","5":"product_cat-genel-konular","6":"product_cat-soylesi","7":"pa_cilt-ciltsiz","8":"pa_tur-kitap","9":"pa_yayinevi-can-yayinlari","10":"pa_yazar-mine-sogut","12":"first","13":"instock","14":"sale","15":"shipping-taxable","16":"purchasable","17":"product-type-simple"},"_links":{"self":[{"href":"https:\/\/roveyayinevi.com.tr\/index.php\/wp-json\/wp\/v2\/product\/706762","targetHints":{"allow":["GET"]}}],"collection":[{"href":"https:\/\/roveyayinevi.com.tr\/index.php\/wp-json\/wp\/v2\/product"}],"about":[{"href":"https:\/\/roveyayinevi.com.tr\/index.php\/wp-json\/wp\/v2\/types\/product"}],"wp:attachment":[{"href":"https:\/\/roveyayinevi.com.tr\/index.php\/wp-json\/wp\/v2\/media?parent=706762"}],"wp:term":[{"taxonomy":"product_brand","embeddable":true,"href":"https:\/\/roveyayinevi.com.tr\/index.php\/wp-json\/wp\/v2\/product_brand?post=706762"},{"taxonomy":"product_cat","embeddable":true,"href":"https:\/\/roveyayinevi.com.tr\/index.php\/wp-json\/wp\/v2\/product_cat?post=706762"},{"taxonomy":"product_tag","embeddable":true,"href":"https:\/\/roveyayinevi.com.tr\/index.php\/wp-json\/wp\/v2\/product_tag?post=706762"}],"curies":[{"name":"wp","href":"https:\/\/api.w.org\/{rel}","templated":true}]}}