{"id":706753,"date":"2025-08-27T15:59:15","date_gmt":"2025-08-27T12:59:15","guid":{"rendered":"https:\/\/roveyayinevi.com.tr\/index.php\/urun\/muhtesem-tutkularimizin-bir-sonraki-saati\/"},"modified":"2026-04-16T02:15:36","modified_gmt":"2026-04-15T23:15:36","slug":"muhtesem-tutkularimizin-bir-sonraki-saati","status":"publish","type":"product","link":"https:\/\/roveyayinevi.com.tr\/index.php\/urun\/muhtesem-tutkularimizin-bir-sonraki-saati\/","title":{"rendered":"Muhte\u015fem Tutkular\u0131m\u0131z\u0131n Bir Sonraki Saati"},"content":{"rendered":"<p>O ak\u015fam\u00fcst\u00fcnden sonra anlatacaklar\u0131mda ne bir baba fig\u00fcr\u00fc ne mahrem sevi\u015fmeler ne de s\u0131n\u0131r tan\u0131mayan k\u00fcf\u00fcrler var. Ne de, ba\u015f\u00f6rt\u00fcl\u00fc kad\u0131n, tuhaf saplant\u0131lar ya da Ye\u015fil K\u00f6\u015fk\u2019\u00fcn lambas\u0131. Willys\u2019i, Cin Nuri hikayelerini ve daha pek \u00e7ok \u015feyi ard\u0131mda b\u0131rak\u0131yorum.D\u00f6n\u00fc\u015fte ya\u015fl\u0131lar bak\u0131mevinin \u00f6n\u00fcnden ge\u00e7erken Esra\u2019n\u0131n akl\u0131m\u0131 kurcalayan sorusunu an\u0131ms\u0131yorum. Kim miyim? Neci miyim? Art\u0131k baba meselesine kendi \u00f6l\u00fcm meselesi de eklenmi\u015f, ezel\u00ee bek\u00e2r, ezeli yaln\u0131z bir adam.\u00d6yk\u00fcc\u00fcl\u00fc\u011f\u00fcm\u00fcz\u00fcn \u00f6nemli isimlerinden \u00d6zcan Karabulut, y\u0131llar sonra yeni kitab\u0131 Muhte\u015fem Tutkular\u0131m\u0131z\u0131n Bir Sonraki Saati ile yeniden Can Yay\u0131nlar\u0131\u2019nda.Karabulut, k\u0131p\u0131r k\u0131p\u0131r, t\u00fcm duygular\u0131n, ac\u0131lar\u0131n, sevin\u00e7lerin, tutku ve d\u00fc\u015fmanl\u0131klar\u0131n alabildi\u011fine yo\u011fun ya\u015fand\u0131\u011f\u0131 en canl\u0131 noktalarda ar\u0131yor \u00f6yk\u00fclerini.Anlat\u0131c\u0131s\u0131n\u0131 s\u00fcrekli kendinden bir par\u00e7a ta\u015f\u0131yan, bu nedenle okur \u00fczerinde ger\u00e7eklik duygusunu hep canl\u0131 tutan ki\u015filerden se\u00e7iyor.Bu kitaptaki \u00f6yk\u00fcler bir nab\u0131z gibi at\u0131yor okunurken.Muhte\u015fem Tutkular\u0131m\u0131z\u0131n Bir Sonraki Saati diliyle, a\u015fk\u0131n ve hayat\u0131n, bireyselle toplumsal olan\u0131n kesi\u015fti\u011fi yerden kavr\u0131yor okuru. <\/p>\n","protected":false},"excerpt":{"rendered":"<p>O ak\u015fam\u00fcst\u00fcnden sonra anlatacaklar\u0131mda ne bir baba fig\u00fcr\u00fc ne mahrem sevi\u015fmeler ne de s\u0131n\u0131r tan\u0131mayan k\u00fcf\u00fcrler var. Ne de, ba\u015f\u00f6rt\u00fcl\u00fc kad\u0131n, tuhaf saplant\u0131lar ya da Ye\u015fil<span class=\"excerpt-hellip\"> [\u2026]<\/span><\/p>\n","protected":false},"featured_media":0,"template":"","meta":{"_monsterinsights_skip_tracking":false,"_monsterinsights_sitenote_active":false,"_monsterinsights_sitenote_note":"","_monsterinsights_sitenote_category":0},"product_brand":[],"product_cat":[12291,12711],"product_tag":[],"class_list":{"0":"post-706753","1":"product","2":"type-product","3":"status-publish","5":"product_cat-edebiyat","6":"product_cat-roman-oyku","7":"pa_cilt-ciltsiz","8":"pa_tur-kitap","9":"pa_yayinevi-can-yayinlari","10":"pa_yazar-ozcan-karabulut","12":"first","13":"instock","14":"sale","15":"shipping-taxable","16":"purchasable","17":"product-type-simple"},"_links":{"self":[{"href":"https:\/\/roveyayinevi.com.tr\/index.php\/wp-json\/wp\/v2\/product\/706753","targetHints":{"allow":["GET"]}}],"collection":[{"href":"https:\/\/roveyayinevi.com.tr\/index.php\/wp-json\/wp\/v2\/product"}],"about":[{"href":"https:\/\/roveyayinevi.com.tr\/index.php\/wp-json\/wp\/v2\/types\/product"}],"wp:attachment":[{"href":"https:\/\/roveyayinevi.com.tr\/index.php\/wp-json\/wp\/v2\/media?parent=706753"}],"wp:term":[{"taxonomy":"product_brand","embeddable":true,"href":"https:\/\/roveyayinevi.com.tr\/index.php\/wp-json\/wp\/v2\/product_brand?post=706753"},{"taxonomy":"product_cat","embeddable":true,"href":"https:\/\/roveyayinevi.com.tr\/index.php\/wp-json\/wp\/v2\/product_cat?post=706753"},{"taxonomy":"product_tag","embeddable":true,"href":"https:\/\/roveyayinevi.com.tr\/index.php\/wp-json\/wp\/v2\/product_tag?post=706753"}],"curies":[{"name":"wp","href":"https:\/\/api.w.org\/{rel}","templated":true}]}}