{"id":706740,"date":"2025-08-27T15:59:08","date_gmt":"2025-08-27T12:59:08","guid":{"rendered":"https:\/\/roveyayinevi.com.tr\/index.php\/urun\/maymun-evine-hos-geldiniz\/"},"modified":"2026-04-16T02:15:35","modified_gmt":"2026-04-15T23:15:35","slug":"maymun-evine-hos-geldiniz","status":"publish","type":"product","link":"https:\/\/roveyayinevi.com.tr\/index.php\/urun\/maymun-evine-hos-geldiniz\/","title":{"rendered":"Maymun Evine Ho\u015f Geldiniz"},"content":{"rendered":"<p>GR\u0130P KAPAR G\u0130B\u0130 MUTLULUK KAPIN!   Evlilik insanlar\u0131 \u00f6ld\u00fcrmez, \u00f6yle de\u011fil mi? dedi. Belki \u00f6ld\u00fcrmez ama hayatlar\u0131nda eski dostlara yer a\u00e7malar\u0131n\u0131 fena halde zorla\u015ft\u0131r\u0131r.   Maymun Evine Ho\u015f Geldiniz, kara mizah\u0131, hicivli dili ve e\u015fsiz hayal g\u00fcc\u00fcyle 20. y\u00fczy\u0131l\u0131n en \u00f6nemli yazarlar\u0131 aras\u0131nda yer alan Kurt Vonnegut\u2019un ilk olarak 1968\u2019de yay\u0131mlanan \u00f6yk\u00fc derlemesi. Bir yanda yazar\u0131n her zamanki esprili dili, abs\u00fcrdl\u00fckler ve hiciv, \u00f6te yanda daha sade anlat\u0131lar, banliy\u00f6 \u00f6yk\u00fcleri ve trajediler&#8230; Her zaman \u00f6zg\u00fcnl\u00fc\u011f\u00fcyle an\u0131lan yazar\u0131n, ayn\u0131 zamanda Amerikan \u00f6yk\u00fc gelene\u011finin b\u00fct\u00fcn birikimini nas\u0131l \u00f6z\u00fcmsedi\u011fini de g\u00f6rmemizi sa\u011flayan bu kitaptaki \u00f6yk\u00fclerin ortak noktas\u0131, ba\u015fta otorite olmak \u00fczere t\u00fcm insanl\u0131\u011fa kar\u015f\u0131 ele\u015ftirel bir yakla\u015f\u0131m.   #amerikanedebiyat\u0131 #mizah #hiciv #amerika #delilik   \u2018\u2019George Orwell, Dr. Caligari ve Flash Gordon\u2019\u0131 tek v\u00fccutta birle\u015ftiren bir yazar&#8230; ahlakl\u0131 bir soytar\u0131, deli bir biliminsan\u0131.\u2019\u2019                                                                               TIME  <\/p>\n","protected":false},"excerpt":{"rendered":"<p>GR\u0130P KAPAR G\u0130B\u0130 MUTLULUK KAPIN! Evlilik insanlar\u0131 \u00f6ld\u00fcrmez, \u00f6yle de\u011fil mi? dedi. Belki \u00f6ld\u00fcrmez ama hayatlar\u0131nda eski dostlara yer a\u00e7malar\u0131n\u0131 fena halde zorla\u015ft\u0131r\u0131r. Maymun Evine Ho\u015f<span class=\"excerpt-hellip\"> [\u2026]<\/span><\/p>\n","protected":false},"featured_media":0,"template":"","meta":{"_monsterinsights_skip_tracking":false,"_monsterinsights_sitenote_active":false,"_monsterinsights_sitenote_note":"","_monsterinsights_sitenote_category":0},"product_brand":[],"product_cat":[12291,12711],"product_tag":[],"class_list":{"0":"post-706740","1":"product","2":"type-product","3":"status-publish","5":"product_cat-edebiyat","6":"product_cat-roman-oyku","7":"pa_cilt-ciltsiz","8":"pa_tur-kitap","9":"pa_yayinevi-can-yayinlari","10":"pa_yazar-kurt-vonnegut","12":"first","13":"instock","14":"sale","15":"shipping-taxable","16":"purchasable","17":"product-type-simple"},"_links":{"self":[{"href":"https:\/\/roveyayinevi.com.tr\/index.php\/wp-json\/wp\/v2\/product\/706740","targetHints":{"allow":["GET"]}}],"collection":[{"href":"https:\/\/roveyayinevi.com.tr\/index.php\/wp-json\/wp\/v2\/product"}],"about":[{"href":"https:\/\/roveyayinevi.com.tr\/index.php\/wp-json\/wp\/v2\/types\/product"}],"wp:attachment":[{"href":"https:\/\/roveyayinevi.com.tr\/index.php\/wp-json\/wp\/v2\/media?parent=706740"}],"wp:term":[{"taxonomy":"product_brand","embeddable":true,"href":"https:\/\/roveyayinevi.com.tr\/index.php\/wp-json\/wp\/v2\/product_brand?post=706740"},{"taxonomy":"product_cat","embeddable":true,"href":"https:\/\/roveyayinevi.com.tr\/index.php\/wp-json\/wp\/v2\/product_cat?post=706740"},{"taxonomy":"product_tag","embeddable":true,"href":"https:\/\/roveyayinevi.com.tr\/index.php\/wp-json\/wp\/v2\/product_tag?post=706740"}],"curies":[{"name":"wp","href":"https:\/\/api.w.org\/{rel}","templated":true}]}}