{"id":706738,"date":"2025-08-27T15:59:07","date_gmt":"2025-08-27T12:59:07","guid":{"rendered":"https:\/\/roveyayinevi.com.tr\/index.php\/urun\/cocuklar-icin-istanbul\/"},"modified":"2026-04-16T02:15:35","modified_gmt":"2026-04-15T23:15:35","slug":"cocuklar-icin-istanbul","status":"publish","type":"product","link":"https:\/\/roveyayinevi.com.tr\/index.php\/urun\/cocuklar-icin-istanbul\/","title":{"rendered":"\u00c7ocuklar \u0130\u00e7in \u0130stanbul"},"content":{"rendered":"<p>Osmanl\u0131lar\u0131n, maymunlar\u0131 d\u00fcrb\u00fcn niyetine kulland\u0131klar\u0131n\u0131 biliyor muydun? \u0130lk vampir hik\u00e2yelerinden baz\u0131lar\u0131n\u0131n Evliya \u00c7elebi\u2019nin kaleminden \u00e7\u0131kt\u0131\u011f\u0131n\u0131? Peki, akide \u015fekerinin bir t\u00fcr anla\u015fmay\u0131 simgeledi\u011fini?K\u00fc\u00e7\u00fck gezginler i\u00e7in \u00f6zenle haz\u0131rlanan, Bur\u00e7ak G\u00fcr\u00fcn Muraben\u2019in \u0130stanbul\u2019a dair hik\u00e2yeleri, mitleri ve tarihsel ger\u00e7ekleri masal gibi anlatt\u0131\u011f\u0131 bu rehber kitap, \u0130stanbul\u2019un hayat dolu sokaklar\u0131nda gezen okura pratik ve ilgin\u00e7 bilgiler veriyor. <\/p>\n","protected":false},"excerpt":{"rendered":"<p>Osmanl\u0131lar\u0131n, maymunlar\u0131 d\u00fcrb\u00fcn niyetine kulland\u0131klar\u0131n\u0131 biliyor muydun? \u0130lk vampir hik\u00e2yelerinden baz\u0131lar\u0131n\u0131n Evliya \u00c7elebi\u2019nin kaleminden \u00e7\u0131kt\u0131\u011f\u0131n\u0131? Peki, akide \u015fekerinin bir t\u00fcr anla\u015fmay\u0131 simgeledi\u011fini?K\u00fc\u00e7\u00fck gezginler i\u00e7in \u00f6zenle haz\u0131rlanan,<span class=\"excerpt-hellip\"> [\u2026]<\/span><\/p>\n","protected":false},"featured_media":0,"template":"","meta":{"_monsterinsights_skip_tracking":false,"_monsterinsights_sitenote_active":false,"_monsterinsights_sitenote_note":"","_monsterinsights_sitenote_category":0},"product_brand":[],"product_cat":[12274,12284],"product_tag":[],"class_list":{"0":"post-706738","1":"product","2":"type-product","3":"status-publish","5":"product_cat-cocuk-ve-genclik-kitaplari","6":"product_cat-hikayeler","7":"pa_cilt-ciltsiz","8":"pa_tur-kitap","9":"pa_yayinevi-can-cocuk-yayinlari","10":"pa_yazar-burcak-gurun-muraben","12":"first","13":"instock","14":"sale","15":"shipping-taxable","16":"purchasable","17":"product-type-simple"},"_links":{"self":[{"href":"https:\/\/roveyayinevi.com.tr\/index.php\/wp-json\/wp\/v2\/product\/706738","targetHints":{"allow":["GET"]}}],"collection":[{"href":"https:\/\/roveyayinevi.com.tr\/index.php\/wp-json\/wp\/v2\/product"}],"about":[{"href":"https:\/\/roveyayinevi.com.tr\/index.php\/wp-json\/wp\/v2\/types\/product"}],"wp:attachment":[{"href":"https:\/\/roveyayinevi.com.tr\/index.php\/wp-json\/wp\/v2\/media?parent=706738"}],"wp:term":[{"taxonomy":"product_brand","embeddable":true,"href":"https:\/\/roveyayinevi.com.tr\/index.php\/wp-json\/wp\/v2\/product_brand?post=706738"},{"taxonomy":"product_cat","embeddable":true,"href":"https:\/\/roveyayinevi.com.tr\/index.php\/wp-json\/wp\/v2\/product_cat?post=706738"},{"taxonomy":"product_tag","embeddable":true,"href":"https:\/\/roveyayinevi.com.tr\/index.php\/wp-json\/wp\/v2\/product_tag?post=706738"}],"curies":[{"name":"wp","href":"https:\/\/api.w.org\/{rel}","templated":true}]}}