{"id":706733,"date":"2025-08-27T15:59:04","date_gmt":"2025-08-27T12:59:04","guid":{"rendered":"https:\/\/roveyayinevi.com.tr\/index.php\/urun\/aile\/"},"modified":"2026-04-16T02:15:35","modified_gmt":"2026-04-15T23:15:35","slug":"aile","status":"publish","type":"product","link":"https:\/\/roveyayinevi.com.tr\/index.php\/urun\/aile\/","title":{"rendered":"Aile"},"content":{"rendered":"<p>Bu kitab\u0131n yazar\u0131, Pertev Naili Boratav\u2019\u0131n torunu. Boratav, T\u00fcrkiye\u2019nin \u00f6teden beri s\u00fcregelen d\u00fc\u015f\u00fcnce \u00f6zg\u00fcrl\u00fc\u011f\u00fcne ayk\u0131r\u0131 siyaseti y\u00fcz\u00fcnden gitti\u011fi g\u00f6n\u00fcll\u00fc s\u00fcrg\u00fcnde, Paris\u2019te, hak etti\u011fi sayg\u0131y\u0131 g\u00f6ren bir profes\u00f6r olarak akademik \u00e7al\u0131\u015fmalar\u0131n\u0131 y\u00fcr\u00fctt\u00fc ve \u00f6mr\u00fcn\u00fcn sonuna kadar da orada ya\u015fad\u0131. E\u015fi ve kendisiyle birlikte Fransa\u2019ya g\u00f6t\u00fcrd\u00fc\u011f\u00fc o\u011flu orada evlendi, yeni bir aile kurdu, \u00e7ocuklar\u0131 oldu. \u0130\u015fte yazar David Boratav o \u00e7ocuklardan biri. <\/p>\n","protected":false},"excerpt":{"rendered":"<p>Bu kitab\u0131n yazar\u0131, Pertev Naili Boratav\u2019\u0131n torunu. Boratav, T\u00fcrkiye\u2019nin \u00f6teden beri s\u00fcregelen d\u00fc\u015f\u00fcnce \u00f6zg\u00fcrl\u00fc\u011f\u00fcne ayk\u0131r\u0131 siyaseti y\u00fcz\u00fcnden gitti\u011fi g\u00f6n\u00fcll\u00fc s\u00fcrg\u00fcnde, Paris\u2019te, hak etti\u011fi sayg\u0131y\u0131 g\u00f6ren bir<span class=\"excerpt-hellip\"> [\u2026]<\/span><\/p>\n","protected":false},"featured_media":0,"template":"","meta":{"_monsterinsights_skip_tracking":false,"_monsterinsights_sitenote_active":false,"_monsterinsights_sitenote_note":"","_monsterinsights_sitenote_category":0},"product_brand":[],"product_cat":[13701,12291],"product_tag":[],"class_list":{"0":"post-706733","1":"product","2":"type-product","3":"status-publish","5":"product_cat-ani-mektup-gunluk","6":"product_cat-edebiyat","7":"pa_cilt-ciltsiz","8":"pa_tur-kitap","9":"pa_yayinevi-can-yayinlari","10":"pa_yazar-david-boratav","12":"first","13":"instock","14":"sale","15":"shipping-taxable","16":"purchasable","17":"product-type-simple"},"_links":{"self":[{"href":"https:\/\/roveyayinevi.com.tr\/index.php\/wp-json\/wp\/v2\/product\/706733","targetHints":{"allow":["GET"]}}],"collection":[{"href":"https:\/\/roveyayinevi.com.tr\/index.php\/wp-json\/wp\/v2\/product"}],"about":[{"href":"https:\/\/roveyayinevi.com.tr\/index.php\/wp-json\/wp\/v2\/types\/product"}],"wp:attachment":[{"href":"https:\/\/roveyayinevi.com.tr\/index.php\/wp-json\/wp\/v2\/media?parent=706733"}],"wp:term":[{"taxonomy":"product_brand","embeddable":true,"href":"https:\/\/roveyayinevi.com.tr\/index.php\/wp-json\/wp\/v2\/product_brand?post=706733"},{"taxonomy":"product_cat","embeddable":true,"href":"https:\/\/roveyayinevi.com.tr\/index.php\/wp-json\/wp\/v2\/product_cat?post=706733"},{"taxonomy":"product_tag","embeddable":true,"href":"https:\/\/roveyayinevi.com.tr\/index.php\/wp-json\/wp\/v2\/product_tag?post=706733"}],"curies":[{"name":"wp","href":"https:\/\/api.w.org\/{rel}","templated":true}]}}