{"id":706730,"date":"2025-08-27T15:59:03","date_gmt":"2025-08-27T12:59:03","guid":{"rendered":"https:\/\/roveyayinevi.com.tr\/index.php\/urun\/hava-savasi-ve-edebiyat\/"},"modified":"2026-04-16T02:15:35","modified_gmt":"2026-04-15T23:15:35","slug":"hava-savasi-ve-edebiyat","status":"publish","type":"product","link":"https:\/\/roveyayinevi.com.tr\/index.php\/urun\/hava-savasi-ve-edebiyat\/","title":{"rendered":"Hava Sava\u015f\u0131 ve Edebiyat"},"content":{"rendered":"<p>Hava Sava\u015f\u0131 ve Edebiyat, W.G. Sebald\u2019in 1997\u2019de Z\u00fcrih \u00dcniversitesi\u2019nde verdi\u011fi derslerden bir kesiti yans\u0131t\u0131yor. M\u00fcttefik Devletler\u2019in \u0130kinci D\u00fcnya Sava\u015f\u0131\u2019n\u0131 sonland\u0131rmak \u00fczere, Alman kentleri ile sivil halk\u0131 yok etmeye y\u00f6nelik giri\u015fti\u011fi stratejik bombard\u0131man s\u00fcrecinin, Alman ulusunda yaratt\u0131\u011f\u0131 travman\u0131n etkisini irdeleyen derslerdir bunlar. Z\u00fcrih derslerinde Sebald, bu imha operasyonunun sava\u015f sonras\u0131 edebiyatta ni\u00e7in yeterince i\u015flenmedi\u011fi, dahas\u0131 Alman ulusunun kolektif haf\u0131zas\u0131nda ni\u00e7in yer etmedi\u011fi gibi sorulara cevap ararken, Alman ulusunun kendine dair alg\u0131s\u0131n\u0131n \u0130kinci D\u00fcnya Sava\u015f\u0131 sonras\u0131nda nas\u0131l y\u00f6n de\u011fi\u015ftirebildi\u011fini enine boyuna tart\u0131\u015f\u0131yor.Hava Sava\u015f\u0131 ve Edebiyat, M\u00fcttefikler\u2019in imha operasyonunda deyi\u015f yerindeyse dengeleyici bir unsur bulan, Nazizmin sava\u015f su\u00e7lar\u0131ndaki kolektif sorumlulu\u011funu bu y\u0131k\u0131m harek\u00e2t\u0131yla \u00fczerinden atan yeni bir kimlik alg\u0131s\u0131na i\u015faret ediyor.Sebald\u2019in bu yeni Alman kimli\u011fiyle ilintili olarak, yazar Alfred Andersch \u00fczerine bir makalesini de kitaba ekledi\u011fi Hava Sava\u015f\u0131 ve Edebiyat, unutmak ve hat\u0131rlamak \u00fczerine k\u00fc\u00e7\u00fck ama b\u00fcy\u00fck bir kitap. <\/p>\n","protected":false},"excerpt":{"rendered":"<p>Hava Sava\u015f\u0131 ve Edebiyat, W.G. Sebald\u2019in 1997\u2019de Z\u00fcrih \u00dcniversitesi\u2019nde verdi\u011fi derslerden bir kesiti yans\u0131t\u0131yor. M\u00fcttefik Devletler\u2019in \u0130kinci D\u00fcnya Sava\u015f\u0131\u2019n\u0131 sonland\u0131rmak \u00fczere, Alman kentleri ile sivil halk\u0131<span class=\"excerpt-hellip\"> [\u2026]<\/span><\/p>\n","protected":false},"featured_media":0,"template":"","meta":{"_monsterinsights_skip_tracking":false,"_monsterinsights_sitenote_active":false,"_monsterinsights_sitenote_note":"","_monsterinsights_sitenote_category":0},"product_brand":[],"product_cat":[12777,12291],"product_tag":[],"class_list":{"0":"post-706730","1":"product","2":"type-product","3":"status-publish","5":"product_cat-deneme","6":"product_cat-edebiyat","7":"pa_cilt-ciltsiz","8":"pa_tur-kitap","9":"pa_yayinevi-can-yayinlari","10":"pa_yazar-w-g-sebald","12":"first","13":"instock","14":"sale","15":"shipping-taxable","16":"purchasable","17":"product-type-simple"},"_links":{"self":[{"href":"https:\/\/roveyayinevi.com.tr\/index.php\/wp-json\/wp\/v2\/product\/706730","targetHints":{"allow":["GET"]}}],"collection":[{"href":"https:\/\/roveyayinevi.com.tr\/index.php\/wp-json\/wp\/v2\/product"}],"about":[{"href":"https:\/\/roveyayinevi.com.tr\/index.php\/wp-json\/wp\/v2\/types\/product"}],"wp:attachment":[{"href":"https:\/\/roveyayinevi.com.tr\/index.php\/wp-json\/wp\/v2\/media?parent=706730"}],"wp:term":[{"taxonomy":"product_brand","embeddable":true,"href":"https:\/\/roveyayinevi.com.tr\/index.php\/wp-json\/wp\/v2\/product_brand?post=706730"},{"taxonomy":"product_cat","embeddable":true,"href":"https:\/\/roveyayinevi.com.tr\/index.php\/wp-json\/wp\/v2\/product_cat?post=706730"},{"taxonomy":"product_tag","embeddable":true,"href":"https:\/\/roveyayinevi.com.tr\/index.php\/wp-json\/wp\/v2\/product_tag?post=706730"}],"curies":[{"name":"wp","href":"https:\/\/api.w.org\/{rel}","templated":true}]}}