{"id":706715,"date":"2025-08-27T15:58:55","date_gmt":"2025-08-27T12:58:55","guid":{"rendered":"https:\/\/roveyayinevi.com.tr\/index.php\/urun\/lyonda-dugun\/"},"modified":"2026-04-16T02:15:35","modified_gmt":"2026-04-15T23:15:35","slug":"lyonda-dugun","status":"publish","type":"product","link":"https:\/\/roveyayinevi.com.tr\/index.php\/urun\/lyonda-dugun\/","title":{"rendered":"Lyon\u2019da D\u00fc\u011f\u00fcn"},"content":{"rendered":"<p>1942 y\u0131l\u0131nda, yani \u0130kinci D\u00fcnya Sava\u015f\u0131&#8217;n\u0131n tam ortas\u0131nda, Brezilya&#8217;n\u0131n Petropolis kentinde kar\u0131s\u0131yla birlikte intihar eden, ama insanlara yar\u0131n&#8217;\u0131 beklemeleri gerekti\u011fini s\u00f6yleyerek bir yandan da umudu savunan Avusturyal\u0131 yazar Stefan Zweig, ku\u015fkusuz \u00e7a\u011f\u0131m\u0131z\u0131n en b\u00fcy\u00fck h\u00fcmanistlerinden biri. B\u00fcy\u00fck bir gerilim ustas\u0131 olan Stefan Zweig&#8217;\u0131 T\u00fcrkiyeli okurlar \u00e7ok iyi tan\u0131rlar. Can Yay\u0131nlar\u0131 aras\u0131nda ondan pek \u00e7ok kitap yay\u0131mlad\u0131k. D\u00fcn\u00fcn D\u00fcnyas\u0131, Yar\u0131n\u0131n Tarihi, Y\u0131ld\u0131z\u0131n Parlad\u0131\u011f\u0131 Anlar, Bir Politikac\u0131n\u0131n Portresi, G\u00fcnl\u00fckler, Satran\u00e7 gibi. Lyon&#8217;da D\u00fc\u011f\u00fcn, 1908 ile 1920 y\u0131llar\u0131 aras\u0131nda dergilerde yay\u0131mlanm\u0131\u015f, \u00e7ok sonra kitap olarak \u00e7\u0131km\u0131\u015f be\u015f uzun \u00f6yk\u00fcden olu\u015fuyor: `K\u0131z\u0131l Hastas\u0131&#8217;, `Leporalla&#8217;, `Korku&#8217;, `Benzer-Benzemez K\u0131z Karde\u015fler&#8217; ve `Lyon&#8217;da D\u00fc\u011f\u00fcn&#8217;. Stefan Zweig, b\u00fct\u00fcn \u00f6yk\u00fclerinde oldu\u011fu gibi bu \u00f6yk\u00fclerinde de, tek tek bireylerin yazg\u0131lar\u0131 \u00fczerinde yo\u011funla\u015f\u0131rken, \u00f6te yandan de\u011fi\u015fik toplum kesitlerinin panoramas\u0131n\u0131 da vermektedir. \ufffcTan\u0131t\u0131m Metni<\/p>\n","protected":false},"excerpt":{"rendered":"<p>1942 y\u0131l\u0131nda, yani \u0130kinci D\u00fcnya Sava\u015f\u0131&#8217;n\u0131n tam ortas\u0131nda, Brezilya&#8217;n\u0131n Petropolis kentinde kar\u0131s\u0131yla birlikte intihar eden, ama insanlara yar\u0131n&#8217;\u0131 beklemeleri gerekti\u011fini s\u00f6yleyerek bir yandan da umudu savunan<span class=\"excerpt-hellip\"> [\u2026]<\/span><\/p>\n","protected":false},"featured_media":0,"template":"","meta":{"_monsterinsights_skip_tracking":false,"_monsterinsights_sitenote_active":false,"_monsterinsights_sitenote_note":"","_monsterinsights_sitenote_category":0},"product_brand":[],"product_cat":[12291,12711],"product_tag":[],"class_list":{"0":"post-706715","1":"product","2":"type-product","3":"status-publish","5":"product_cat-edebiyat","6":"product_cat-roman-oyku","7":"pa_cilt-ciltsiz","8":"pa_tur-kitap","9":"pa_yayinevi-can-yayinlari","10":"pa_yazar-stefan-zweig","12":"first","13":"instock","14":"sale","15":"shipping-taxable","16":"purchasable","17":"product-type-simple"},"_links":{"self":[{"href":"https:\/\/roveyayinevi.com.tr\/index.php\/wp-json\/wp\/v2\/product\/706715","targetHints":{"allow":["GET"]}}],"collection":[{"href":"https:\/\/roveyayinevi.com.tr\/index.php\/wp-json\/wp\/v2\/product"}],"about":[{"href":"https:\/\/roveyayinevi.com.tr\/index.php\/wp-json\/wp\/v2\/types\/product"}],"wp:attachment":[{"href":"https:\/\/roveyayinevi.com.tr\/index.php\/wp-json\/wp\/v2\/media?parent=706715"}],"wp:term":[{"taxonomy":"product_brand","embeddable":true,"href":"https:\/\/roveyayinevi.com.tr\/index.php\/wp-json\/wp\/v2\/product_brand?post=706715"},{"taxonomy":"product_cat","embeddable":true,"href":"https:\/\/roveyayinevi.com.tr\/index.php\/wp-json\/wp\/v2\/product_cat?post=706715"},{"taxonomy":"product_tag","embeddable":true,"href":"https:\/\/roveyayinevi.com.tr\/index.php\/wp-json\/wp\/v2\/product_tag?post=706715"}],"curies":[{"name":"wp","href":"https:\/\/api.w.org\/{rel}","templated":true}]}}