{"id":706712,"date":"2025-08-27T15:58:53","date_gmt":"2025-08-27T12:58:53","guid":{"rendered":"https:\/\/roveyayinevi.com.tr\/index.php\/urun\/ilk-yillarin-ekmegi\/"},"modified":"2026-04-16T02:15:35","modified_gmt":"2026-04-15T23:15:35","slug":"ilk-yillarin-ekmegi","status":"publish","type":"product","link":"https:\/\/roveyayinevi.com.tr\/index.php\/urun\/ilk-yillarin-ekmegi\/","title":{"rendered":"\u0130lk Y\u0131llar\u0131n Ekme\u011fi"},"content":{"rendered":"<p>\u0130kinci D\u00fcnya Sava\u015f\u0131 sonras\u0131 Alman yazarlar\u0131n\u0131n en \u00fcnl\u00fclerinden biri olan Heinrich B\u00f6ll, bu \u00fcnl\u00fc roman\u0131nda, sava\u015ftan hemen sonra ba\u015f g\u00f6steren zor y\u0131llardaki ekmek kavgas\u0131ndan bir kesit veriyor. Sava\u015f\u0131n y\u0131k\u0131c\u0131 bir g\u00fc\u00e7le sarsm\u0131\u015f oldu\u011fu de\u011ferler ne olursa olsun, roman\u0131n ba\u015f ki\u015fisi, insanca ya\u015famak i\u00e7in zor y\u0131llar\u0131 deneme, zorlama, \u00fcstesinden gelme \u00e7abas\u0131 i\u00e7indedir. Sava\u015f sonras\u0131 Almanyas\u0131n\u0131n yoksulluk ve g\u00fc\u00e7l\u00fckler ortam\u0131nda kendine nas\u0131l bir yol se\u00e7ecektir? Almanya&#8217;n\u0131n en bunal\u0131ml\u0131 d\u00f6nemi ve bu ezici d\u00f6nem i\u00e7inde, bir \u015fey istemeye, istemek i\u00e7in el uzatmaya al\u0131\u015fmam\u0131\u015f bir insan\u0131n var olma \u00e7abas\u0131d\u0131r bu. &#8220;\u0130lk Y\u0131llar\u0131n Ekme\u011fi&#8221; yaz\u0131l\u0131\u015f bak\u0131m\u0131ndan k\u0131sa tutulmu\u015f, ama Nobel Edebiyat \u00d6d\u00fcl\u00fc kazanm\u0131\u015f \u00fcnl\u00fc yazar\u0131n en \u00f6nemli romanlar\u0131ndan biri. \ufffc<\/p>\n","protected":false},"excerpt":{"rendered":"<p>\u0130kinci D\u00fcnya Sava\u015f\u0131 sonras\u0131 Alman yazarlar\u0131n\u0131n en \u00fcnl\u00fclerinden biri olan Heinrich B\u00f6ll, bu \u00fcnl\u00fc roman\u0131nda, sava\u015ftan hemen sonra ba\u015f g\u00f6steren zor y\u0131llardaki ekmek kavgas\u0131ndan bir kesit<span class=\"excerpt-hellip\"> [\u2026]<\/span><\/p>\n","protected":false},"featured_media":0,"template":"","meta":{"_monsterinsights_skip_tracking":false,"_monsterinsights_sitenote_active":false,"_monsterinsights_sitenote_note":"","_monsterinsights_sitenote_category":0},"product_brand":[],"product_cat":[12291,12711],"product_tag":[],"class_list":{"0":"post-706712","1":"product","2":"type-product","3":"status-publish","5":"product_cat-edebiyat","6":"product_cat-roman-oyku","7":"pa_cilt-ciltsiz","8":"pa_tur-kitap","9":"pa_yayinevi-can-yayinlari","10":"pa_yazar-heinrich-boll","12":"first","13":"instock","14":"sale","15":"shipping-taxable","16":"purchasable","17":"product-type-simple"},"_links":{"self":[{"href":"https:\/\/roveyayinevi.com.tr\/index.php\/wp-json\/wp\/v2\/product\/706712","targetHints":{"allow":["GET"]}}],"collection":[{"href":"https:\/\/roveyayinevi.com.tr\/index.php\/wp-json\/wp\/v2\/product"}],"about":[{"href":"https:\/\/roveyayinevi.com.tr\/index.php\/wp-json\/wp\/v2\/types\/product"}],"wp:attachment":[{"href":"https:\/\/roveyayinevi.com.tr\/index.php\/wp-json\/wp\/v2\/media?parent=706712"}],"wp:term":[{"taxonomy":"product_brand","embeddable":true,"href":"https:\/\/roveyayinevi.com.tr\/index.php\/wp-json\/wp\/v2\/product_brand?post=706712"},{"taxonomy":"product_cat","embeddable":true,"href":"https:\/\/roveyayinevi.com.tr\/index.php\/wp-json\/wp\/v2\/product_cat?post=706712"},{"taxonomy":"product_tag","embeddable":true,"href":"https:\/\/roveyayinevi.com.tr\/index.php\/wp-json\/wp\/v2\/product_tag?post=706712"}],"curies":[{"name":"wp","href":"https:\/\/api.w.org\/{rel}","templated":true}]}}