{"id":706705,"date":"2025-08-27T15:58:50","date_gmt":"2025-08-27T12:58:50","guid":{"rendered":"https:\/\/roveyayinevi.com.tr\/index.php\/urun\/carklar-arasinda\/"},"modified":"2026-04-16T02:15:34","modified_gmt":"2026-04-15T23:15:34","slug":"carklar-arasinda","status":"publish","type":"product","link":"https:\/\/roveyayinevi.com.tr\/index.php\/urun\/carklar-arasinda\/","title":{"rendered":"\u00c7arklar Aras\u0131nda"},"content":{"rendered":"<p>Hermann Hesse&#8217;nin kendi ya\u015fam\u00f6yk\u00fcs\u00fcyle de paralellikler ta\u015f\u0131yan &#8220;\u00c7arklar Aras\u0131nda&#8221;n\u0131n kahraman\u0131 Hans Giebenrath, Almanya&#8217;n\u0131n k\u00fc\u00e7\u00fck bir kasabas\u0131nda ya\u015famaktad\u0131r. \u0130\u00e7ed\u00f6n\u00fck ama \u00e7ok yetenekli bir gen\u00e7 olan Hans, devletin a\u00e7t\u0131\u011f\u0131 yat\u0131l\u0131 okul s\u0131nav\u0131na kasabadan g\u00f6sterilebilecek tek adayd\u0131r. Snavda ba\u015far\u0131l\u0131 olmas\u0131n\u0131n ard\u0131ndan Hans&#8217;\u0131 s\u0131k\u0131 \u00e7al\u0131\u015fma g\u00fcnleri bekler. Tek hedefi, ba\u015far\u0131l\u0131 olmak, k\u00fc\u00e7\u00fck d\u00fc\u015fmemek, ailesini ve \u00e7evresindekileri hayal k\u0131r\u0131kl\u0131\u011f\u0131na u\u011fratmamakt\u0131r. Oysa okulda tan\u0131\u015ft\u0131\u011f\u0131 Hermann, ya\u015fam\u0131n\u0131 ders \u00e7al\u0131\u015fma \u00fczerine kurmayan birisidir; Hans&#8217;\u0131n b\u00fct\u00fcn planlar\u0131n\u0131, ya\u015fam felsefesini de\u011fi\u015ftirir. Yirminci y\u00fczy\u0131l\u0131n en \u00f6nemli yazarlar\u0131ndan, &#8216;Nobel Edebiyat \u00d6d\u00fcl\u00fc&#8217; sahibi Hermann Hesse&#8217;nin, ya\u015fad\u0131\u011f\u0131 y\u00fczy\u0131l\u0131n ilk yar\u0131s\u0131nda ge\u00e7erli e\u011fitim sistemini ele\u015ftirdi\u011fi &#8220;\u00c7arklar Aras\u0131nda&#8221;, insan\u0131n, do\u011fan\u0131n yaratt\u0131\u011f\u0131 haliyle hi\u00e7bir d\u00fczenin h\u00fck\u00fcm s\u00fcrmedi\u011fi bir cang\u0131la benzedi\u011fi d\u00fc\u015f\u00fcncesinden yola \u00e7\u0131k\u0131yor, okullarda verilen e\u011fitimin gen\u00e7leri toplumun yararl\u0131 bir \u00fcyesi yapma ve bireye hi\u00e7bir \u00f6zg\u00fcrl\u00fck alan\u0131 tan\u0131mama \u00e7abas\u0131n\u0131 ele\u015ftirirken do\u011fal insan\u0131n belli s\u0131n\u0131rlar i\u00e7inde zorla tutulmaya \u00e7al\u0131\u015fmas\u0131na kar\u015f\u0131 \u00e7\u0131k\u0131yor. Hesse&#8217;nin insanc\u0131l ve bar\u0131\u015fsever felsefesi, t\u00fcm yap\u0131tlar\u0131nda oldu\u011fu gibi &#8220;\u00c7arklar Aras\u0131nda&#8221;da \u00f6n s\u0131rada yer al\u0131yor.<\/p>\n","protected":false},"excerpt":{"rendered":"<p>Hermann Hesse&#8217;nin kendi ya\u015fam\u00f6yk\u00fcs\u00fcyle de paralellikler ta\u015f\u0131yan &#8220;\u00c7arklar Aras\u0131nda&#8221;n\u0131n kahraman\u0131 Hans Giebenrath, Almanya&#8217;n\u0131n k\u00fc\u00e7\u00fck bir kasabas\u0131nda ya\u015famaktad\u0131r. \u0130\u00e7ed\u00f6n\u00fck ama \u00e7ok yetenekli bir gen\u00e7 olan Hans, devletin<span class=\"excerpt-hellip\"> [\u2026]<\/span><\/p>\n","protected":false},"featured_media":0,"template":"","meta":{"_monsterinsights_skip_tracking":false,"_monsterinsights_sitenote_active":false,"_monsterinsights_sitenote_note":"","_monsterinsights_sitenote_category":0},"product_brand":[],"product_cat":[12782,12291],"product_tag":[],"class_list":{"0":"post-706705","1":"product","2":"type-product","3":"status-publish","5":"product_cat-alman-edebiyati","6":"product_cat-edebiyat","7":"pa_cilt-ciltsiz","8":"pa_tur-kitap","9":"pa_yayinevi-can-yayinlari","10":"pa_yazar-hermann-hesse","12":"first","13":"instock","14":"sale","15":"shipping-taxable","16":"purchasable","17":"product-type-simple"},"_links":{"self":[{"href":"https:\/\/roveyayinevi.com.tr\/index.php\/wp-json\/wp\/v2\/product\/706705","targetHints":{"allow":["GET"]}}],"collection":[{"href":"https:\/\/roveyayinevi.com.tr\/index.php\/wp-json\/wp\/v2\/product"}],"about":[{"href":"https:\/\/roveyayinevi.com.tr\/index.php\/wp-json\/wp\/v2\/types\/product"}],"wp:attachment":[{"href":"https:\/\/roveyayinevi.com.tr\/index.php\/wp-json\/wp\/v2\/media?parent=706705"}],"wp:term":[{"taxonomy":"product_brand","embeddable":true,"href":"https:\/\/roveyayinevi.com.tr\/index.php\/wp-json\/wp\/v2\/product_brand?post=706705"},{"taxonomy":"product_cat","embeddable":true,"href":"https:\/\/roveyayinevi.com.tr\/index.php\/wp-json\/wp\/v2\/product_cat?post=706705"},{"taxonomy":"product_tag","embeddable":true,"href":"https:\/\/roveyayinevi.com.tr\/index.php\/wp-json\/wp\/v2\/product_tag?post=706705"}],"curies":[{"name":"wp","href":"https:\/\/api.w.org\/{rel}","templated":true}]}}