{"id":706698,"date":"2025-08-27T15:58:47","date_gmt":"2025-08-27T12:58:47","guid":{"rendered":"https:\/\/roveyayinevi.com.tr\/index.php\/urun\/bilincin-derin-kuyusu\/"},"modified":"2026-04-16T02:15:34","modified_gmt":"2026-04-15T23:15:34","slug":"bilincin-derin-kuyusu","status":"publish","type":"product","link":"https:\/\/roveyayinevi.com.tr\/index.php\/urun\/bilincin-derin-kuyusu\/","title":{"rendered":"Bilincin Derin Kuyusu"},"content":{"rendered":"<p>\u201cOkumay\u0131 ilk \u00f6\u011frendi\u011fimde art\u0131k kendi kitab\u0131m\u0131 yazabilirim demi\u015ftim.Aradan uzunca bir s\u00fcre ge\u00e7mi\u015fti ki k\u0131z\u0131m okumay\u0131 \u00f6\u011frendi\u011finde bana d\u00f6n\u00fcp art\u0131k kendi kitab\u0131m\u0131 yazabilirim demi\u015fti.Ayn\u0131 s\u00f6zleri torunumdan duymadan \u00f6nce yazd\u0131klar\u0131m\u0131 kitap haline getirmem \u015fart olmu\u015ftu.\u0130yi bir okuyucu, gezgin ve s\u00f6zel anlat\u0131c\u0131 olmu\u015ftum, ancak yazmak ba\u015fl\u0131 ba\u015f\u0131na zorlay\u0131c\u0131 ve heyecan verici bir s\u00fcre\u00e7ti. [\u2026]Bir hekim olarak ya\u015fad\u0131\u011f\u0131m, g\u00f6rd\u00fc\u011f\u00fcm, duydu\u011fum \u00f6yk\u00fcle\u015ftirilebilecek bir\u00e7ok konu vard\u0131.Bunlar\u0131 kurgulay\u0131p yaz\u0131ya d\u00f6kmek, s\u00f6zc\u00fckleri art arda s\u0131ralay\u0131p okuyana lezzet verecek hale getirmek \u00e7ok heyecan verici bir deneyimdi.\u00d6yk\u00fcleri kitap haline getirmekse bende bamba\u015fka bir heyecan yaratt\u0131.Y\u0131llar \u00f6nce kendime verdi\u011fim s\u00f6z\u00fc tutman\u0131n keyfini de ya\u015fad\u0131m.\u201d<\/p>\n","protected":false},"excerpt":{"rendered":"<p>\u201cOkumay\u0131 ilk \u00f6\u011frendi\u011fimde art\u0131k kendi kitab\u0131m\u0131 yazabilirim demi\u015ftim.Aradan uzunca bir s\u00fcre ge\u00e7mi\u015fti ki k\u0131z\u0131m okumay\u0131 \u00f6\u011frendi\u011finde bana d\u00f6n\u00fcp art\u0131k kendi kitab\u0131m\u0131 yazabilirim demi\u015fti.Ayn\u0131 s\u00f6zleri torunumdan duymadan<span class=\"excerpt-hellip\"> [\u2026]<\/span><\/p>\n","protected":false},"featured_media":0,"template":"","meta":{"_monsterinsights_skip_tracking":false,"_monsterinsights_sitenote_active":false,"_monsterinsights_sitenote_note":"","_monsterinsights_sitenote_category":0},"product_brand":[],"product_cat":[12291,12292],"product_tag":[],"class_list":{"0":"post-706698","1":"product","2":"type-product","3":"status-publish","5":"product_cat-edebiyat","6":"product_cat-turk-edebiyati","7":"pa_cilt-ciltsiz","8":"pa_tur-kitap","9":"pa_yayinevi-boyalikus-yayinlari","10":"pa_yazar-h-fehmi-ibrahimhakkioglu","12":"first","13":"instock","14":"sale","15":"shipping-taxable","16":"purchasable","17":"product-type-simple"},"_links":{"self":[{"href":"https:\/\/roveyayinevi.com.tr\/index.php\/wp-json\/wp\/v2\/product\/706698","targetHints":{"allow":["GET"]}}],"collection":[{"href":"https:\/\/roveyayinevi.com.tr\/index.php\/wp-json\/wp\/v2\/product"}],"about":[{"href":"https:\/\/roveyayinevi.com.tr\/index.php\/wp-json\/wp\/v2\/types\/product"}],"wp:attachment":[{"href":"https:\/\/roveyayinevi.com.tr\/index.php\/wp-json\/wp\/v2\/media?parent=706698"}],"wp:term":[{"taxonomy":"product_brand","embeddable":true,"href":"https:\/\/roveyayinevi.com.tr\/index.php\/wp-json\/wp\/v2\/product_brand?post=706698"},{"taxonomy":"product_cat","embeddable":true,"href":"https:\/\/roveyayinevi.com.tr\/index.php\/wp-json\/wp\/v2\/product_cat?post=706698"},{"taxonomy":"product_tag","embeddable":true,"href":"https:\/\/roveyayinevi.com.tr\/index.php\/wp-json\/wp\/v2\/product_tag?post=706698"}],"curies":[{"name":"wp","href":"https:\/\/api.w.org\/{rel}","templated":true}]}}