{"id":706690,"date":"2025-08-27T15:58:44","date_gmt":"2025-08-27T12:58:44","guid":{"rendered":"https:\/\/roveyayinevi.com.tr\/index.php\/urun\/kahraman-korkak-babam\/"},"modified":"2026-04-16T02:15:34","modified_gmt":"2026-04-15T23:15:34","slug":"kahraman-korkak-babam","status":"publish","type":"product","link":"https:\/\/roveyayinevi.com.tr\/index.php\/urun\/kahraman-korkak-babam\/","title":{"rendered":"Kahraman Korkak Babam"},"content":{"rendered":"<p>\u201cFabrikan\u0131n d\u0131\u015f\u0131na yana\u015fan taksinin motor sesini dinledik. V\u00fccudumuzu saran halat nedeniyle hareket etmemiz imk\u00e2ns\u0131zd\u0131 ve ya\u015fanacak her \u015feyi sadece izleyebilecektik. Bunu bilmek hissetti\u011fim pi\u015fmanl\u0131\u011f\u0131 art\u0131r\u0131yordu. Biraz sonra kim bilir neler ya\u015fanacak ve biz babam\u0131za yard\u0131m bile edemeyecektik.\u201dA\u015fk\u0131n G\u00fcng\u00f6r\u2019\u00fcn \u00e7ocuk kalbi roman kahramanlar\u0131yla birlikte \u00e7arp\u0131yor.K\u0131v\u0131rc\u0131k, \u00c7al\u0131, S\u0131r\u0131k, \u015eap\u015fik ve kahraman korkak baba&#8230;<\/p>\n","protected":false},"excerpt":{"rendered":"<p>\u201cFabrikan\u0131n d\u0131\u015f\u0131na yana\u015fan taksinin motor sesini dinledik. V\u00fccudumuzu saran halat nedeniyle hareket etmemiz imk\u00e2ns\u0131zd\u0131 ve ya\u015fanacak her \u015feyi sadece izleyebilecektik. Bunu bilmek hissetti\u011fim pi\u015fmanl\u0131\u011f\u0131 art\u0131r\u0131yordu. Biraz<span class=\"excerpt-hellip\"> [\u2026]<\/span><\/p>\n","protected":false},"featured_media":0,"template":"","meta":{"_monsterinsights_skip_tracking":false,"_monsterinsights_sitenote_active":false,"_monsterinsights_sitenote_note":"","_monsterinsights_sitenote_category":0},"product_brand":[],"product_cat":[12275,12274],"product_tag":[],"class_list":{"0":"post-706690","1":"product","2":"type-product","3":"status-publish","5":"product_cat-6-12-yas-kitaplari","6":"product_cat-cocuk-ve-genclik-kitaplari","7":"pa_cilt-ciltsiz","8":"pa_tur-kitap","9":"pa_yayinevi-bilgi-yayinevi-cocuk","10":"pa_yazar-askin-gungor","12":"first","13":"instock","14":"sale","15":"shipping-taxable","16":"purchasable","17":"product-type-simple"},"_links":{"self":[{"href":"https:\/\/roveyayinevi.com.tr\/index.php\/wp-json\/wp\/v2\/product\/706690","targetHints":{"allow":["GET"]}}],"collection":[{"href":"https:\/\/roveyayinevi.com.tr\/index.php\/wp-json\/wp\/v2\/product"}],"about":[{"href":"https:\/\/roveyayinevi.com.tr\/index.php\/wp-json\/wp\/v2\/types\/product"}],"wp:attachment":[{"href":"https:\/\/roveyayinevi.com.tr\/index.php\/wp-json\/wp\/v2\/media?parent=706690"}],"wp:term":[{"taxonomy":"product_brand","embeddable":true,"href":"https:\/\/roveyayinevi.com.tr\/index.php\/wp-json\/wp\/v2\/product_brand?post=706690"},{"taxonomy":"product_cat","embeddable":true,"href":"https:\/\/roveyayinevi.com.tr\/index.php\/wp-json\/wp\/v2\/product_cat?post=706690"},{"taxonomy":"product_tag","embeddable":true,"href":"https:\/\/roveyayinevi.com.tr\/index.php\/wp-json\/wp\/v2\/product_tag?post=706690"}],"curies":[{"name":"wp","href":"https:\/\/api.w.org\/{rel}","templated":true}]}}