{"id":706687,"date":"2025-08-27T15:58:43","date_gmt":"2025-08-27T12:58:43","guid":{"rendered":"https:\/\/roveyayinevi.com.tr\/index.php\/urun\/anilarla-turkiye-gercegi\/"},"modified":"2026-04-16T02:15:34","modified_gmt":"2026-04-15T23:15:34","slug":"anilarla-turkiye-gercegi","status":"publish","type":"product","link":"https:\/\/roveyayinevi.com.tr\/index.php\/urun\/anilarla-turkiye-gercegi\/","title":{"rendered":"An\u0131larla T\u00fcrkiye Ger\u00e7e\u011fi"},"content":{"rendered":"<p>T\u00fcrk Devrim ve K\u00fclt\u00fcr Tarihine eserleriyle b\u00fcy\u00fck katk\u0131larda bulunan de\u011ferli hocam\u0131za sayg\u0131yla\u2026Tarihe, dile ve k\u00fclt\u00fcre ili\u015fkin 100\u2019\u00fc a\u015fan esere imza atan; T\u00fcrk-\u0130talyan ili\u015fkileri konusundaki ara\u015ft\u0131rmalar\u0131 nedeniyle \u0130talyan H\u00fck\u00fcmetince \u201cCavaliere Ni\u015fan\u0131\u201dyla \u00f6d\u00fcllendirilen; 1997\u2019de T\u00fcrkiye Bilimler Akademisi\u2019nin (T\u00dcBA) Bilim \u00d6d\u00fcl\u00fc\u2019n\u00fc,T\u00fcrk Devrim Tarihi\/4 \u201c\u00c7a\u011fda\u015fl\u0131k Yolunda Yeni T\u00fcrkiye\u201d ile 1999 Sedat Simavi Sosyal Bilimler \u00d6d\u00fcl\u00fc\u2019n\u00fc, Ankara \u00dcniversitesi Hizmet \u00d6d\u00fcl\u00fc\u2019n\u00fc (2005) ve Ankara \u00dcniversitesi \u00c7\u0131nar\u0131 \u00d6d\u00fcl\u00fc\u2019n\u00fc (2013) alan; Fak\u00fclte Dekanl\u0131\u011f\u0131 (1969-72), TRT Y\u00f6netim Kurulu \u00dcyeli\u011fi (1972-78), K\u00fclt\u00fcr Bakanl\u0131\u011f\u0131 M\u00fcste\u015farl\u0131\u011f\u0131 (1978-79), T\u00fcrk Dil Kurumu Ba\u015fkanl\u0131\u011f\u0131 (1977-83), Dil Derne\u011fi Ba\u015fkanl\u0131\u011f\u0131 (1992-2000) g\u00f6revlerini ba\u015far\u0131yla y\u00fcr\u00fcten Prof. \u015eerafettin Turan, an\u0131lar\u0131 e\u015fli\u011finde T\u00fcrkiye\u2019nin 90 y\u0131ll\u0131k ger\u00e7e\u011fine \u0131\u015f\u0131k tutuyor.<\/p>\n","protected":false},"excerpt":{"rendered":"<p>T\u00fcrk Devrim ve K\u00fclt\u00fcr Tarihine eserleriyle b\u00fcy\u00fck katk\u0131larda bulunan de\u011ferli hocam\u0131za sayg\u0131yla\u2026Tarihe, dile ve k\u00fclt\u00fcre ili\u015fkin 100\u2019\u00fc a\u015fan esere imza atan; T\u00fcrk-\u0130talyan ili\u015fkileri konusundaki ara\u015ft\u0131rmalar\u0131 nedeniyle<span class=\"excerpt-hellip\"> [\u2026]<\/span><\/p>\n","protected":false},"featured_media":0,"template":"","meta":{"_monsterinsights_skip_tracking":false,"_monsterinsights_sitenote_active":false,"_monsterinsights_sitenote_note":"","_monsterinsights_sitenote_category":0},"product_brand":[],"product_cat":[13701,12291],"product_tag":[],"class_list":{"0":"post-706687","1":"product","2":"type-product","3":"status-publish","5":"product_cat-ani-mektup-gunluk","6":"product_cat-edebiyat","7":"pa_cilt-ciltsiz","8":"pa_tur-kitap","9":"pa_yayinevi-bilgi-yayinevi","10":"pa_yazar-serafettin-turan","12":"first","13":"instock","14":"sale","15":"shipping-taxable","16":"purchasable","17":"product-type-simple"},"_links":{"self":[{"href":"https:\/\/roveyayinevi.com.tr\/index.php\/wp-json\/wp\/v2\/product\/706687","targetHints":{"allow":["GET"]}}],"collection":[{"href":"https:\/\/roveyayinevi.com.tr\/index.php\/wp-json\/wp\/v2\/product"}],"about":[{"href":"https:\/\/roveyayinevi.com.tr\/index.php\/wp-json\/wp\/v2\/types\/product"}],"wp:attachment":[{"href":"https:\/\/roveyayinevi.com.tr\/index.php\/wp-json\/wp\/v2\/media?parent=706687"}],"wp:term":[{"taxonomy":"product_brand","embeddable":true,"href":"https:\/\/roveyayinevi.com.tr\/index.php\/wp-json\/wp\/v2\/product_brand?post=706687"},{"taxonomy":"product_cat","embeddable":true,"href":"https:\/\/roveyayinevi.com.tr\/index.php\/wp-json\/wp\/v2\/product_cat?post=706687"},{"taxonomy":"product_tag","embeddable":true,"href":"https:\/\/roveyayinevi.com.tr\/index.php\/wp-json\/wp\/v2\/product_tag?post=706687"}],"curies":[{"name":"wp","href":"https:\/\/api.w.org\/{rel}","templated":true}]}}

Anılarla Türkiye Gerçeği

<p>Türk Devrim ve Kültür Tarihine eserleriyle büyük katkılarda bulunan değerli hocamıza saygıyla…Tarihe, dile ve kültüre ilişkin 100’ü aşan esere imza atan; Türk-İtalyan ilişkileri konusundaki araştırmaları nedeniyle İtalyan Hükümetince “Cavaliere Nişanı”yla ödüllendirilen; 1997’de Türkiye Bilimler Akademisi’nin (TÜBA) Bilim Ödülü’nü,Türk Devrim Tarihi/4 “Çağdaşlık Yolunda Yeni Türkiye” ile 1999 Sedat Simavi Sosyal Bilimler Ödülü’nü, Ankara Üniversitesi Hizmet Ödülü’nü (2005) ve Ankara Üniversitesi Çınarı Ödülü’nü (2013) alan; Fakülte Dekanlığı (1969-72), TRT Yönetim Kurulu Üyeliği (1972-78), Kültür Bakanlığı Müsteşarlığı (1978-79), Türk Dil Kurumu Başkanlığı (1977-83), Dil Derneği Başkanlığı (1992-2000) görevlerini başarıyla yürüten Prof. Şerafettin Turan, anıları eşliğinde Türkiye’nin 90 yıllık gerçeğine ışık tutuyor.</p>

<p>Türk Devrim ve Kültür Tarihine eserleriyle büyük katkılarda bulunan değerli hocamıza saygıyla…Tarihe, dile ve kültüre ilişkin 100’ü aşan esere imza atan; Türk-İtalyan ilişkileri konusundaki araştırmaları nedeniyle<span class="excerpt-hellip"> […]</span></p>
