{"id":706670,"date":"2025-08-27T15:58:36","date_gmt":"2025-08-27T12:58:36","guid":{"rendered":"https:\/\/roveyayinevi.com.tr\/index.php\/urun\/el-fahri\/"},"modified":"2026-04-16T02:15:06","modified_gmt":"2026-04-15T23:15:06","slug":"el-fahri","status":"publish","type":"product","link":"https:\/\/roveyayinevi.com.tr\/index.php\/urun\/el-fahri\/","title":{"rendered":"El-Fahri"},"content":{"rendered":"<p>\u0130lhanl\u0131 h\u00fck\u00fcmdar Gazan Han zaman\u0131nda \u0130bn\u00fc\u2019t-T\u0131ktaka taraf\u0131ndan 1302 y\u0131l\u0131nda yaz\u0131lan bu kitap \u0130slam tarihi yazarl\u0131\u011f\u0131nda \u00f6nemli yer tutar. Do\u011fuda ve bat\u0131da tarih\u00e7ilerin dikkatini \u00e7ekmi\u015f, 1800 y\u0131l\u0131ndan itibaren bask\u0131lar\u0131 k\u0131smen ve tam terc\u00fcmeleri yap\u0131lm\u0131\u015ft\u0131r. Kitap ba\u015fl\u0131ca iki ana k\u0131sma ayr\u0131l\u0131r. Birinci k\u0131s\u0131mda devlet idaresi, h\u00fck\u00fcmdar\u0131n sahip olmas\u0131 veya olmamas\u0131 gereken vas\u0131flardan s\u00f6z eder. \u0130kinci k\u0131s\u0131mda ise 632 y\u0131l\u0131nda Hz. Ebubekir\u2019in halife se\u00e7ilmesinden itibaren Abbas\u0130lerin sonuna kadarki halifelerden, vezirlerinden, devirlerindeki \u00f6nemli tarih\u0130 olaylardan bahsedilir. 1258 y\u0131l\u0131nda Ba\u011fdad\u2019\u0131n Mo\u011follar taraf\u0131ndan al\u0131nmas\u0131 hakk\u0131nda geni\u015f\u00e7e bilgi verir; Mo\u011fol idaresinin \u00f6zelliklerinden, k\u0131saca End\u00fcl\u00fcs Emev\u00eelerinden, Fat\u0131m\u00eelerden, Sel\u00e7uklulardan da s\u00f6z eder. Akademisyenler, \u00f6\u011frenciler ve \u0130slam tarihi ve devlet idaresi hakk\u0131nda bilgi edinmek isteyenler i\u00e7in \u00f6nemli bir ba\u015fvuru kayna\u011f\u0131d\u0131r.<\/p>\n","protected":false},"excerpt":{"rendered":"<p>\u0130lhanl\u0131 h\u00fck\u00fcmdar Gazan Han zaman\u0131nda \u0130bn\u00fc\u2019t-T\u0131ktaka taraf\u0131ndan 1302 y\u0131l\u0131nda yaz\u0131lan bu kitap \u0130slam tarihi yazarl\u0131\u011f\u0131nda \u00f6nemli yer tutar. Do\u011fuda ve bat\u0131da tarih\u00e7ilerin dikkatini \u00e7ekmi\u015f, 1800 y\u0131l\u0131ndan<span class=\"excerpt-hellip\"> [\u2026]<\/span><\/p>\n","protected":false},"featured_media":0,"template":"","meta":{"_monsterinsights_skip_tracking":false,"_monsterinsights_sitenote_active":false,"_monsterinsights_sitenote_note":"","_monsterinsights_sitenote_category":0},"product_brand":[],"product_cat":[12370,12304],"product_tag":[],"class_list":{"0":"post-706670","1":"product","2":"type-product","3":"status-publish","5":"product_cat-arastirma-inceleme","6":"product_cat-tarih","7":"pa_cilt-ciltsiz","8":"pa_tur-kitap","9":"pa_yayinevi-bilge-kultur-sanat","10":"pa_yazar-ibnut-tiktaka","12":"first","13":"instock","14":"sale","15":"shipping-taxable","16":"purchasable","17":"product-type-simple"},"_links":{"self":[{"href":"https:\/\/roveyayinevi.com.tr\/index.php\/wp-json\/wp\/v2\/product\/706670","targetHints":{"allow":["GET"]}}],"collection":[{"href":"https:\/\/roveyayinevi.com.tr\/index.php\/wp-json\/wp\/v2\/product"}],"about":[{"href":"https:\/\/roveyayinevi.com.tr\/index.php\/wp-json\/wp\/v2\/types\/product"}],"wp:attachment":[{"href":"https:\/\/roveyayinevi.com.tr\/index.php\/wp-json\/wp\/v2\/media?parent=706670"}],"wp:term":[{"taxonomy":"product_brand","embeddable":true,"href":"https:\/\/roveyayinevi.com.tr\/index.php\/wp-json\/wp\/v2\/product_brand?post=706670"},{"taxonomy":"product_cat","embeddable":true,"href":"https:\/\/roveyayinevi.com.tr\/index.php\/wp-json\/wp\/v2\/product_cat?post=706670"},{"taxonomy":"product_tag","embeddable":true,"href":"https:\/\/roveyayinevi.com.tr\/index.php\/wp-json\/wp\/v2\/product_tag?post=706670"}],"curies":[{"name":"wp","href":"https:\/\/api.w.org\/{rel}","templated":true}]}}

<p>İlhanlı hükümdar Gazan Han zamanında İbnü’t-Tıktaka tarafından 1302 yılında yazılan bu kitap İslam tarihi yazarlığında önemli yer tutar. Doğuda ve batıda tarihçilerin dikkatini çekmiş, 1800 yılından itibaren baskıları kısmen ve tam tercümeleri yapılmıştır. Kitap başlıca iki ana kısma ayrılır. Birinci kısımda devlet idaresi, hükümdarın sahip olması veya olmaması gereken vasıflardan söz eder. İkinci kısımda ise 632 yılında Hz. Ebubekir’in halife seçilmesinden itibaren Abbasİlerin sonuna kadarki halifelerden, vezirlerinden, devirlerindeki önemli tarihİ olaylardan bahsedilir. 1258 yılında Bağdad’ın Moğollar tarafından alınması hakkında genişçe bilgi verir; Moğol idaresinin özelliklerinden, kısaca Endülüs Emevîlerinden, Fatımîlerden, Selçuklulardan da söz eder. Akademisyenler, öğrenciler ve İslam tarihi ve devlet idaresi hakkında bilgi edinmek isteyenler için önemli bir başvuru kaynağıdır.</p>

<p>İlhanlı hükümdar Gazan Han zamanında İbnü’t-Tıktaka tarafından 1302 yılında yazılan bu kitap İslam tarihi yazarlığında önemli yer tutar. Doğuda ve batıda tarihçilerin dikkatini çekmiş, 1800 yılından<span class="excerpt-hellip"> […]</span></p>
