{"id":706651,"date":"2025-08-27T15:58:29","date_gmt":"2025-08-27T12:58:29","guid":{"rendered":"https:\/\/roveyayinevi.com.tr\/index.php\/urun\/islam-ve-reenkarnasyon\/"},"modified":"2026-04-16T02:15:05","modified_gmt":"2026-04-15T23:15:05","slug":"islam-ve-reenkarnasyon","status":"publish","type":"product","link":"https:\/\/roveyayinevi.com.tr\/index.php\/urun\/islam-ve-reenkarnasyon\/","title":{"rendered":"\u0130slam ve Reenkarnasyon"},"content":{"rendered":"<p>\u00d6l\u00fcm sonras\u0131nda ruhlar\u0131n ba\u015fka bedenlerde yeniden do\u011fdu\u011fu inanc\u0131, \u00e7ok eski k\u00fclt\u00fcr ve toplumlarda oldu\u011fu gibi, bug\u00fcn de g\u00fcncelli\u011fini korumaktad\u0131r. \u201cTekrar do\u011fu\u015f\u201d veya \u201creenkarnasyon\u201d ad\u0131 verilen bu inanc\u0131n, toplumdan topluma ve k\u00fclt\u00fcrden k\u00fclt\u00fcre de\u011fi\u015fen \u00e7e\u015fitli tezah\u00fcrleri mevcuttur. Sistemli olarak ilk defa Hint kutsal metinlerinde yer alan, ruhlar\u0131n \u00f6l\u00fcm sonras\u0131nda tekrar tekrar do\u011fdu\u011fu inanc\u0131, g\u00fcn\u00fcm\u00fczde Amerika ve Avrupa\u2019da yayg\u0131n \u015fekilde faaliyet g\u00f6steren ruh\u00e7uluk hareketinin etkisiyle de farkl\u0131 bir g\u00f6r\u00fcn\u00fcm arz etmeye ba\u015flam\u0131\u015ft\u0131r.Adnan B\u00fclent Balo\u011flu\u2019nun bu \u00e7al\u0131\u015fmas\u0131, ge\u00e7mi\u015f \u0130slam toplumlar\u0131nda da yer yer ortaya \u00e7\u0131kt\u0131\u011f\u0131 g\u00f6r\u00fclen \u201ctekrar do\u011fu\u015f\u201d (tenas\u00fch) anlay\u0131\u015flar\u0131n\u0131 ve \u0130slam \u00e2limlerinin bu meseleye bak\u0131\u015flar\u0131n\u0131 ortaya koymakla kalmay\u0131p bu kanaati \u0130slam\u2019\u0131n inan\u00e7 sistemi a\u00e7\u0131s\u0131ndan sorgulamaktad\u0131r. Ayr\u0131ca eser g\u00fcn\u00fcm\u00fcz T\u00fcrkiye\u2019sinde tekrar do\u011fu\u015f anlay\u0131\u015f\u0131n\u0131 savunan ve bu alanda faaliyet g\u00f6steren kurumlar\u0131 da mercek alt\u0131na almas\u0131 bak\u0131m\u0131ndan \u00f6nemli katk\u0131lar i\u00e7ermektedir.<\/p>\n","protected":false},"excerpt":{"rendered":"<p>\u00d6l\u00fcm sonras\u0131nda ruhlar\u0131n ba\u015fka bedenlerde yeniden do\u011fdu\u011fu inanc\u0131, \u00e7ok eski k\u00fclt\u00fcr ve toplumlarda oldu\u011fu gibi, bug\u00fcn de g\u00fcncelli\u011fini korumaktad\u0131r. \u201cTekrar do\u011fu\u015f\u201d veya \u201creenkarnasyon\u201d ad\u0131 verilen bu<span class=\"excerpt-hellip\"> [\u2026]<\/span><\/p>\n","protected":false},"featured_media":0,"template":"","meta":{"_monsterinsights_skip_tracking":false,"_monsterinsights_sitenote_active":false,"_monsterinsights_sitenote_note":"","_monsterinsights_sitenote_category":0},"product_brand":[],"product_cat":[13036,12718,12719],"product_tag":[],"class_list":{"0":"post-706651","1":"product","2":"type-product","3":"status-publish","5":"product_cat-arastirma-inceleme-islam","6":"product_cat-din","7":"product_cat-islam","8":"pa_cilt-ciltsiz","9":"pa_tur-kitap","10":"pa_yayinevi-bilge-kultur-sanat","11":"pa_yazar-adnan-bulent-baloglu","13":"first","14":"instock","15":"sale","16":"shipping-taxable","17":"purchasable","18":"product-type-simple"},"_links":{"self":[{"href":"https:\/\/roveyayinevi.com.tr\/index.php\/wp-json\/wp\/v2\/product\/706651","targetHints":{"allow":["GET"]}}],"collection":[{"href":"https:\/\/roveyayinevi.com.tr\/index.php\/wp-json\/wp\/v2\/product"}],"about":[{"href":"https:\/\/roveyayinevi.com.tr\/index.php\/wp-json\/wp\/v2\/types\/product"}],"wp:attachment":[{"href":"https:\/\/roveyayinevi.com.tr\/index.php\/wp-json\/wp\/v2\/media?parent=706651"}],"wp:term":[{"taxonomy":"product_brand","embeddable":true,"href":"https:\/\/roveyayinevi.com.tr\/index.php\/wp-json\/wp\/v2\/product_brand?post=706651"},{"taxonomy":"product_cat","embeddable":true,"href":"https:\/\/roveyayinevi.com.tr\/index.php\/wp-json\/wp\/v2\/product_cat?post=706651"},{"taxonomy":"product_tag","embeddable":true,"href":"https:\/\/roveyayinevi.com.tr\/index.php\/wp-json\/wp\/v2\/product_tag?post=706651"}],"curies":[{"name":"wp","href":"https:\/\/api.w.org\/{rel}","templated":true}]}}