{"id":706650,"date":"2025-08-27T15:58:28","date_gmt":"2025-08-27T12:58:28","guid":{"rendered":"https:\/\/roveyayinevi.com.tr\/index.php\/urun\/turk-dilinde-yapi-bakimindan-fiiller\/"},"modified":"2026-04-16T02:15:05","modified_gmt":"2026-04-15T23:15:05","slug":"turk-dilinde-yapi-bakimindan-fiiller","status":"publish","type":"product","link":"https:\/\/roveyayinevi.com.tr\/index.php\/urun\/turk-dilinde-yapi-bakimindan-fiiller\/","title":{"rendered":"T\u00fcrk Dilinde Yap\u0131 Bak\u0131m\u0131ndan Fiiller"},"content":{"rendered":"<p>T\u00fcrk Dilinde Yap\u0131 Bak\u0131m\u0131ndan Fiiller Prof. Dr. Necmettin Hac\u0131emino\u011flu\u2019nun ilm\u00ee birikiminin zirvesindeyken kaleme ald\u0131\u011f\u0131 eserdir. Hac\u0131emino\u011flu Hoca bu eseriyle T\u00fcrk\u00e7enin k\u00f6klerini ara\u015ft\u0131rm\u0131\u015f, uzun y\u0131llar zihni bu konuyla me\u015fgul olmu\u015f, tabiri caizse bu meseleyle yat\u0131p kalkm\u0131\u015ft\u0131r.Prof. Dr. Necmettin Hac\u0131emino\u011flu\u2019nun bu eserinde de onun T\u00fcrk\u00e7e hakk\u0131ndaki temel d\u00fc\u015f\u00fcncesinin yans\u0131d\u0131\u011f\u0131 g\u00f6r\u00fclecektir. T\u00fcrk\u00e7eden diller \u00fcretmeye ve dolay\u0131s\u0131yla siyasi bir amaca ula\u015fmaya \u00e7al\u0131\u015fan Sovyet T\u00fcrkoloji gelene\u011finin aksine o, T\u00fcrk dilini hep bir b\u00fct\u00fcn olarak d\u00fc\u015f\u00fcn\u00fcr ve konulara hocas\u0131 Prof. Dr. R. Rahmeti Arat\u2019tan ald\u0131\u011f\u0131 bilim disipliniyle bakar, \u00f6\u011frencilerine de s\u00fcrekli \u201cA\u011fac\u0131 de\u011fil, orman\u0131 g\u00f6rmeyi\u201d \u00f6\u011f\u00fctlerdi. Bu eserde de ilk yaz\u0131l\u0131 metinlerden ba\u015flayarak \u00e7a\u011fda\u015f T\u00fcrk leh\u00e7elerine kadar T\u00fcrk\u00e7enin \u00f6nemli bir konusu i\u015flenmi\u015f, fiillerin yap\u0131s\u0131 olduk\u00e7a yeni ve farkl\u0131 bir bak\u0131\u015f a\u00e7\u0131s\u0131yla anla\u015f\u0131lmaya ve anlat\u0131lmaya \u00e7al\u0131\u015f\u0131lm\u0131\u015ft\u0131r. Kitab\u0131n ara\u015ft\u0131rmac\u0131lar ve \u00f6\u011frencilere kaynak eser olmas\u0131n\u0131n yan\u0131nda saha merakl\u0131lar\u0131n\u0131n da ilgisini \u00e7ekece\u011fi kanaatindeyiz.2016 y\u0131l\u0131, Hac\u0131emino\u011flu Hoca\u2019n\u0131n \u00f6l\u00fcm\u00fcn\u00fcn 20. y\u0131l\u0131. Eserlerinin yeniden yay\u0131nlanmas\u0131yla merhum hocam\u0131z\u0131 bir kez daha rahmetle an\u0131yoruz.<\/p>\n","protected":false},"excerpt":{"rendered":"<p>T\u00fcrk Dilinde Yap\u0131 Bak\u0131m\u0131ndan Fiiller Prof. Dr. Necmettin Hac\u0131emino\u011flu\u2019nun ilm\u00ee birikiminin zirvesindeyken kaleme ald\u0131\u011f\u0131 eserdir. Hac\u0131emino\u011flu Hoca bu eseriyle T\u00fcrk\u00e7enin k\u00f6klerini ara\u015ft\u0131rm\u0131\u015f, uzun y\u0131llar zihni bu<span class=\"excerpt-hellip\"> [\u2026]<\/span><\/p>\n","protected":false},"featured_media":0,"template":"","meta":{"_monsterinsights_skip_tracking":false,"_monsterinsights_sitenote_active":false,"_monsterinsights_sitenote_note":"","_monsterinsights_sitenote_category":0},"product_brand":[],"product_cat":[20225,12291],"product_tag":[],"class_list":{"0":"post-706650","1":"product","2":"type-product","3":"status-publish","5":"product_cat-dil-bilim","6":"product_cat-edebiyat","7":"pa_cilt-ciltsiz","8":"pa_tur-kitap","9":"pa_yayinevi-bilge-kultur-sanat","10":"pa_yazar-necmettin-hacieminoglu","12":"first","13":"instock","14":"sale","15":"shipping-taxable","16":"purchasable","17":"product-type-simple"},"_links":{"self":[{"href":"https:\/\/roveyayinevi.com.tr\/index.php\/wp-json\/wp\/v2\/product\/706650","targetHints":{"allow":["GET"]}}],"collection":[{"href":"https:\/\/roveyayinevi.com.tr\/index.php\/wp-json\/wp\/v2\/product"}],"about":[{"href":"https:\/\/roveyayinevi.com.tr\/index.php\/wp-json\/wp\/v2\/types\/product"}],"wp:attachment":[{"href":"https:\/\/roveyayinevi.com.tr\/index.php\/wp-json\/wp\/v2\/media?parent=706650"}],"wp:term":[{"taxonomy":"product_brand","embeddable":true,"href":"https:\/\/roveyayinevi.com.tr\/index.php\/wp-json\/wp\/v2\/product_brand?post=706650"},{"taxonomy":"product_cat","embeddable":true,"href":"https:\/\/roveyayinevi.com.tr\/index.php\/wp-json\/wp\/v2\/product_cat?post=706650"},{"taxonomy":"product_tag","embeddable":true,"href":"https:\/\/roveyayinevi.com.tr\/index.php\/wp-json\/wp\/v2\/product_tag?post=706650"}],"curies":[{"name":"wp","href":"https:\/\/api.w.org\/{rel}","templated":true}]}}