{"id":706643,"date":"2025-08-27T15:58:25","date_gmt":"2025-08-27T12:58:25","guid":{"rendered":"https:\/\/roveyayinevi.com.tr\/index.php\/urun\/sukasaptati\/"},"modified":"2026-04-16T02:15:05","modified_gmt":"2026-04-15T23:15:05","slug":"sukasaptati","status":"publish","type":"product","link":"https:\/\/roveyayinevi.com.tr\/index.php\/urun\/sukasaptati\/","title":{"rendered":"\u015eukasaptati"},"content":{"rendered":"<p>\u00c7in\u2019de k\u00fc\u00e7\u00fck ya\u015fta ayaklar\u0131 k\u0131r\u0131l\u0131p sakat b\u0131rak\u0131lan, Afrika\u2019da beyaz adam\u0131n sald\u0131r\u0131s\u0131ndan korunmak amac\u0131yla \u00e7irkinle\u015fmek i\u00e7in dudaklar\u0131n\u0131 y\u0131rtan, \u00e7ocuk ya\u015fta evlendirilen, haremlere kapat\u0131lan ve g\u00fcne\u015f y\u00fcz\u00fc g\u00f6rmedi\u011fi i\u00e7in gen\u00e7 ya\u015fta \u00f6len, Hindistan\u2019da \u00f6len kocas\u0131yla diri diri yak\u0131lan kad\u0131nlar&#8230;Hindistan\u2019da kad\u0131nlar\u0131n a\u015fa\u011f\u0131lanma s\u00fcrecini anlatan \u015eukasaptati; konusu, de\u011ferlendirme ve anlat\u0131m\u0131yla, s\u0131ra d\u0131\u015f\u0131 bir eser.\u015eukasaptati, bilimsel bir \u00e7al\u0131\u015fma olmas\u0131na ra\u011fmen, hi\u00e7 s\u0131k\u0131lmadan bir solukta okuyaca\u011f\u0131n\u0131z ak\u0131c\u0131 bir anlat\u0131ma sahip, masal tad\u0131nda bir kitap.<\/p>\n","protected":false},"excerpt":{"rendered":"<p>\u00c7in\u2019de k\u00fc\u00e7\u00fck ya\u015fta ayaklar\u0131 k\u0131r\u0131l\u0131p sakat b\u0131rak\u0131lan, Afrika\u2019da beyaz adam\u0131n sald\u0131r\u0131s\u0131ndan korunmak amac\u0131yla \u00e7irkinle\u015fmek i\u00e7in dudaklar\u0131n\u0131 y\u0131rtan, \u00e7ocuk ya\u015fta evlendirilen, haremlere kapat\u0131lan ve g\u00fcne\u015f y\u00fcz\u00fc g\u00f6rmedi\u011fi<span class=\"excerpt-hellip\"> [\u2026]<\/span><\/p>\n","protected":false},"featured_media":0,"template":"","meta":{"_monsterinsights_skip_tracking":false,"_monsterinsights_sitenote_active":false,"_monsterinsights_sitenote_note":"","_monsterinsights_sitenote_category":0},"product_brand":[],"product_cat":[13661,12291],"product_tag":[],"class_list":{"0":"post-706643","1":"product","2":"type-product","3":"status-publish","5":"product_cat-diger-ulke-edebiyatlari","6":"product_cat-edebiyat","7":"pa_cilt-ciltsiz","8":"pa_tur-kitap","9":"pa_yayinevi-bilge-kultur-sanat","10":"pa_yazar-sengul-demirel","12":"first","13":"instock","14":"sale","15":"shipping-taxable","16":"purchasable","17":"product-type-simple"},"_links":{"self":[{"href":"https:\/\/roveyayinevi.com.tr\/index.php\/wp-json\/wp\/v2\/product\/706643","targetHints":{"allow":["GET"]}}],"collection":[{"href":"https:\/\/roveyayinevi.com.tr\/index.php\/wp-json\/wp\/v2\/product"}],"about":[{"href":"https:\/\/roveyayinevi.com.tr\/index.php\/wp-json\/wp\/v2\/types\/product"}],"wp:attachment":[{"href":"https:\/\/roveyayinevi.com.tr\/index.php\/wp-json\/wp\/v2\/media?parent=706643"}],"wp:term":[{"taxonomy":"product_brand","embeddable":true,"href":"https:\/\/roveyayinevi.com.tr\/index.php\/wp-json\/wp\/v2\/product_brand?post=706643"},{"taxonomy":"product_cat","embeddable":true,"href":"https:\/\/roveyayinevi.com.tr\/index.php\/wp-json\/wp\/v2\/product_cat?post=706643"},{"taxonomy":"product_tag","embeddable":true,"href":"https:\/\/roveyayinevi.com.tr\/index.php\/wp-json\/wp\/v2\/product_tag?post=706643"}],"curies":[{"name":"wp","href":"https:\/\/api.w.org\/{rel}","templated":true}]}}