{"id":706642,"date":"2025-08-27T15:58:24","date_gmt":"2025-08-27T12:58:24","guid":{"rendered":"https:\/\/roveyayinevi.com.tr\/index.php\/urun\/gostergebilime-giris\/"},"modified":"2026-04-16T02:15:05","modified_gmt":"2026-04-15T23:15:05","slug":"gostergebilime-giris","status":"publish","type":"product","link":"https:\/\/roveyayinevi.com.tr\/index.php\/urun\/gostergebilime-giris\/","title":{"rendered":"G\u00f6stergebilime Giri\u015f"},"content":{"rendered":"<p>Y\u00fczy\u0131l\u0131m\u0131z\u0131n anahtar kavramlar\u0131, bir bak\u0131ma, de\u011fi\u015fim ve ili\u015fkidir. \u00d6zellikle do\u011fa bilimleri, maddeyi mutlak, somut ve s\u0131n\u0131rlar\u0131 kesin bir nesne olmaktan \u00e7\u0131karm\u0131\u015f, enerji dalgalar\u0131n\u0131n ve devinimlerin bir kesi\u015fme ve yo\u011funla\u015fma noktas\u0131 olarak yorumlamaya ba\u015flam\u0131\u015ft\u0131r.Do\u011fa bilimlerinde olu\u015fan bu anlay\u0131\u015f, toplum bilimlerine de yans\u0131m\u0131\u015ft\u0131r. G\u00f6stergebilim de bu anlay\u0131\u015f\u0131n bir uzant\u0131s\u0131d\u0131r. G\u00f6stergebilim, nezaket ili\u015fkilerinden, yeme al\u0131\u015fkanl\u0131klar\u0131na, modaya, siyasete, edebiyata, m\u00fczi\u011fe, mimariye&#8230; kadar her t\u00fcrl\u00fc toplumsal \u00f6rg\u00fctlenme bi\u00e7imiyle ilgilenir, bu alanlardaki dizgeleri, ili\u015fki a\u011flar\u0131n\u0131 inceler. G\u00f6stergebilime g\u00f6re, bu ili\u015fki a\u011flar\u0131n\u0131n i\u00e7inde yer alan t\u00fcm de\u011ferler g\u00f6recedir, her bir de\u011fer, dizgedeki \u00f6teki de\u011ferlere g\u00f6re anlam kazan\u0131r, her bir dizge de \u00f6teki dizgelere g\u00f6re. Ama acaba, dizge kurma al\u0131\u015fkanl\u0131\u011f\u0131 ve y\u00f6ntemi, her \u015feyi \u00f6nce bir g\u00f6sterge ile temsil edip sonra kullan\u0131ma sokma e\u011filimi, ger\u00e7ekten insan t\u00fcr\u00fcne \u00f6zg\u00fc, de\u011fi\u015fmez bir \u00f6zellik midir?<\/p>\n","protected":false},"excerpt":{"rendered":"<p>Y\u00fczy\u0131l\u0131m\u0131z\u0131n anahtar kavramlar\u0131, bir bak\u0131ma, de\u011fi\u015fim ve ili\u015fkidir. \u00d6zellikle do\u011fa bilimleri, maddeyi mutlak, somut ve s\u0131n\u0131rlar\u0131 kesin bir nesne olmaktan \u00e7\u0131karm\u0131\u015f, enerji dalgalar\u0131n\u0131n ve devinimlerin bir<span class=\"excerpt-hellip\"> [\u2026]<\/span><\/p>\n","protected":false},"featured_media":0,"template":"","meta":{"_monsterinsights_skip_tracking":false,"_monsterinsights_sitenote_active":false,"_monsterinsights_sitenote_note":"","_monsterinsights_sitenote_category":0},"product_brand":[],"product_cat":[20225,12291],"product_tag":[],"class_list":{"0":"post-706642","1":"product","2":"type-product","3":"status-publish","5":"product_cat-dil-bilim","6":"product_cat-edebiyat","7":"pa_cilt-ciltsiz","8":"pa_tur-kitap","9":"pa_yayinevi-bilge-kultur-sanat","10":"pa_yazar-fatma-erkman-akerson","12":"first","13":"instock","14":"sale","15":"shipping-taxable","16":"purchasable","17":"product-type-simple"},"_links":{"self":[{"href":"https:\/\/roveyayinevi.com.tr\/index.php\/wp-json\/wp\/v2\/product\/706642","targetHints":{"allow":["GET"]}}],"collection":[{"href":"https:\/\/roveyayinevi.com.tr\/index.php\/wp-json\/wp\/v2\/product"}],"about":[{"href":"https:\/\/roveyayinevi.com.tr\/index.php\/wp-json\/wp\/v2\/types\/product"}],"wp:attachment":[{"href":"https:\/\/roveyayinevi.com.tr\/index.php\/wp-json\/wp\/v2\/media?parent=706642"}],"wp:term":[{"taxonomy":"product_brand","embeddable":true,"href":"https:\/\/roveyayinevi.com.tr\/index.php\/wp-json\/wp\/v2\/product_brand?post=706642"},{"taxonomy":"product_cat","embeddable":true,"href":"https:\/\/roveyayinevi.com.tr\/index.php\/wp-json\/wp\/v2\/product_cat?post=706642"},{"taxonomy":"product_tag","embeddable":true,"href":"https:\/\/roveyayinevi.com.tr\/index.php\/wp-json\/wp\/v2\/product_tag?post=706642"}],"curies":[{"name":"wp","href":"https:\/\/api.w.org\/{rel}","templated":true}]}}