{"id":706640,"date":"2025-08-27T15:58:23","date_gmt":"2025-08-27T12:58:23","guid":{"rendered":"https:\/\/roveyayinevi.com.tr\/index.php\/urun\/egenin-kurtulus-destani-yoruk-ali-efe\/"},"modified":"2026-04-13T02:19:13","modified_gmt":"2026-04-12T23:19:13","slug":"egenin-kurtulus-destani-yoruk-ali-efe","status":"publish","type":"product","link":"https:\/\/roveyayinevi.com.tr\/index.php\/urun\/egenin-kurtulus-destani-yoruk-ali-efe\/","title":{"rendered":"Ege\u2019nin Kurtulu\u015f Destan\u0131 Y\u00f6r\u00fck Ali Efe"},"content":{"rendered":"<p>\u201cBaz\u0131lar\u0131 o zamanlarda yap\u0131lan i\u015flerin bir\u00e7oklar\u0131n\u0131 bana ve ba\u015fkas\u0131na mal ederler. Bu yanl\u0131\u015ft\u0131r. Bir ki\u015finin, be\u015f ki\u015finin elli ki\u015finin b\u00f6yle b\u00fcy\u00fck davalarda ne ehemmiyeti olur ki? G\u00f6n\u00fclde vatan muhabbeti ta\u015f\u0131yan her vatansever o g\u00fcnlerde bizim gibi d\u00fc\u015f\u00fcnm\u00fc\u015f, bizim gibi duymu\u015f, ondan sonra da bizimle beraber olmu\u015ftur. Mill\u00ee mukavemette arslan pay\u0131n\u0131 kendine ay\u0131rmakta hata vard\u0131r. Bir elin \u015famatas\u0131 olur mu ki?\u201dY\u00f6r\u00fck Ali Efe<\/p>\n","protected":false},"excerpt":{"rendered":"<p>\u201cBaz\u0131lar\u0131 o zamanlarda yap\u0131lan i\u015flerin bir\u00e7oklar\u0131n\u0131 bana ve ba\u015fkas\u0131na mal ederler. Bu yanl\u0131\u015ft\u0131r. Bir ki\u015finin, be\u015f ki\u015finin elli ki\u015finin b\u00f6yle b\u00fcy\u00fck davalarda ne ehemmiyeti olur ki?<span class=\"excerpt-hellip\"> [\u2026]<\/span><\/p>\n","protected":false},"featured_media":0,"template":"","meta":{"_monsterinsights_skip_tracking":false,"_monsterinsights_sitenote_active":false,"_monsterinsights_sitenote_note":"","_monsterinsights_sitenote_category":0},"product_brand":[],"product_cat":[12291,12711],"product_tag":[],"class_list":{"0":"post-706640","1":"product","2":"type-product","3":"status-publish","5":"product_cat-edebiyat","6":"product_cat-roman-oyku","7":"pa_cilt-ciltsiz","8":"pa_tur-kitap","9":"pa_yayinevi-bilge-kultur-sanat","10":"pa_yazar-sabahattin-burhan","12":"first","13":"instock","14":"sale","15":"shipping-taxable","16":"purchasable","17":"product-type-simple"},"_links":{"self":[{"href":"https:\/\/roveyayinevi.com.tr\/index.php\/wp-json\/wp\/v2\/product\/706640","targetHints":{"allow":["GET"]}}],"collection":[{"href":"https:\/\/roveyayinevi.com.tr\/index.php\/wp-json\/wp\/v2\/product"}],"about":[{"href":"https:\/\/roveyayinevi.com.tr\/index.php\/wp-json\/wp\/v2\/types\/product"}],"wp:attachment":[{"href":"https:\/\/roveyayinevi.com.tr\/index.php\/wp-json\/wp\/v2\/media?parent=706640"}],"wp:term":[{"taxonomy":"product_brand","embeddable":true,"href":"https:\/\/roveyayinevi.com.tr\/index.php\/wp-json\/wp\/v2\/product_brand?post=706640"},{"taxonomy":"product_cat","embeddable":true,"href":"https:\/\/roveyayinevi.com.tr\/index.php\/wp-json\/wp\/v2\/product_cat?post=706640"},{"taxonomy":"product_tag","embeddable":true,"href":"https:\/\/roveyayinevi.com.tr\/index.php\/wp-json\/wp\/v2\/product_tag?post=706640"}],"curies":[{"name":"wp","href":"https:\/\/api.w.org\/{rel}","templated":true}]}}