{"id":706637,"date":"2025-08-27T15:58:22","date_gmt":"2025-08-27T12:58:22","guid":{"rendered":"https:\/\/roveyayinevi.com.tr\/index.php\/urun\/megafondan-gelen-fisiltilar\/"},"modified":"2025-11-19T15:55:17","modified_gmt":"2025-11-19T12:55:17","slug":"megafondan-gelen-fisiltilar","status":"publish","type":"product","link":"https:\/\/roveyayinevi.com.tr\/index.php\/urun\/megafondan-gelen-fisiltilar\/","title":{"rendered":"Megafondan Gelen F\u0131s\u0131lt\u0131lar"},"content":{"rendered":"<p>Trajikomik bir hikaye. \u0130ki mutsuz insan. Yeni bir arkada\u015fl\u0131k. Miriam ak\u0131l sa\u011fl\u0131\u011f\u0131 bozuk annesi y\u00fcz\u00fcnden zor bir \u00e7ocukluk ya\u015fam\u0131\u015f ve o \u00f6ld\u00fc\u011f\u00fcnden beri, tam \u00fc\u00e7 y\u0131ld\u0131r evden \u00e7\u0131kmam\u0131\u015f. \u00dcst\u00fcne \u00fcstl\u00fck sesini duyan da yok, \u00e7\u00fcnk\u00fc f\u0131s\u0131lt\u0131yla konu\u015fuyor.  Ralph on alt\u0131 ya\u015f\u0131nda ikiz o\u011flanlar\u0131n babas\u0131 ve asl\u0131nda \u00e7ok da tan\u0131mad\u0131\u011f\u0131 Sadie&#8217;nin kocas\u0131.  Sadie kendisi hakk\u0131nda blog yaz\u0131p tweet atmaktan hayat\u0131n\u0131 ya\u015fayamayacak kadar ve kocas\u0131yla \u00e7ocuklar\u0131 d\u0131\u015f\u0131nda ortak noktalar\u0131 olmad\u0131\u011f\u0131n\u0131 fark edemeyecek kadar me\u015fgul. Bir g\u00fcn Ralph bir dolab\u0131 a\u00e7\u0131nca hayat\u0131nda ilk defa g\u00f6zlerini a\u00e7mas\u0131na sebep olan bir \u015feyi ke\u015ffediyor ve evden ka\u00e7\u0131yor.  Evine yak\u0131n bir ormanda Miriam&#8217;la tan\u0131\u015f\u0131nca yeni bir ser\u00fcven ba\u015fl\u0131yor.  \u00d6nce i\u015flerinizi bitirin, sonra okumaya ba\u015flay\u0131n.Rachel Elliott&#8217;\u0131n 2016 Baileys Kad\u0131n Yazar \u00d6d\u00fclleri&#8217;ne aday olan bu roman\u0131n\u0131 elinizden b\u0131rakamayacaks\u0131n\u0131z! <\/p>\n","protected":false},"excerpt":{"rendered":"<p>Trajikomik bir hikaye. \u0130ki mutsuz insan. Yeni bir arkada\u015fl\u0131k. Miriam ak\u0131l sa\u011fl\u0131\u011f\u0131 bozuk annesi y\u00fcz\u00fcnden zor bir \u00e7ocukluk ya\u015fam\u0131\u015f ve o \u00f6ld\u00fc\u011f\u00fcnden beri, tam \u00fc\u00e7 y\u0131ld\u0131r<span class=\"excerpt-hellip\"> [\u2026]<\/span><\/p>\n","protected":false},"featured_media":0,"template":"","meta":{"_monsterinsights_skip_tracking":false,"_monsterinsights_sitenote_active":false,"_monsterinsights_sitenote_note":"","_monsterinsights_sitenote_category":0},"product_brand":[],"product_cat":[12291,12711],"product_tag":[],"class_list":{"0":"post-706637","1":"product","2":"type-product","3":"status-publish","5":"product_cat-edebiyat","6":"product_cat-roman-oyku","7":"pa_cilt-ciltsiz","8":"pa_tur-kitap","9":"pa_yayinevi-beyaz-baykus-yayinlari","10":"pa_yazar-rachel-elliott","12":"first","13":"instock","14":"sale","15":"shipping-taxable","16":"purchasable","17":"product-type-simple"},"_links":{"self":[{"href":"https:\/\/roveyayinevi.com.tr\/index.php\/wp-json\/wp\/v2\/product\/706637","targetHints":{"allow":["GET"]}}],"collection":[{"href":"https:\/\/roveyayinevi.com.tr\/index.php\/wp-json\/wp\/v2\/product"}],"about":[{"href":"https:\/\/roveyayinevi.com.tr\/index.php\/wp-json\/wp\/v2\/types\/product"}],"wp:attachment":[{"href":"https:\/\/roveyayinevi.com.tr\/index.php\/wp-json\/wp\/v2\/media?parent=706637"}],"wp:term":[{"taxonomy":"product_brand","embeddable":true,"href":"https:\/\/roveyayinevi.com.tr\/index.php\/wp-json\/wp\/v2\/product_brand?post=706637"},{"taxonomy":"product_cat","embeddable":true,"href":"https:\/\/roveyayinevi.com.tr\/index.php\/wp-json\/wp\/v2\/product_cat?post=706637"},{"taxonomy":"product_tag","embeddable":true,"href":"https:\/\/roveyayinevi.com.tr\/index.php\/wp-json\/wp\/v2\/product_tag?post=706637"}],"curies":[{"name":"wp","href":"https:\/\/api.w.org\/{rel}","templated":true}]}}